{"id":12679,"date":"2023-01-16T14:55:33","date_gmt":"2023-01-16T14:55:33","guid":{"rendered":"https:\/\/eventsmadeira.com\/event\/solidarity-carnival\/"},"modified":"2026-02-05T14:42:36","modified_gmt":"2026-02-05T14:42:36","slug":"solidarity-carnival","status":"publish","type":"event","link":"https:\/\/eventsmadeira.com\/en\/event\/solidarity-carnival\/","title":{"rendered":"Solidarity Carnival"},"content":{"rendered":"\n<p>Funchal downtown is once again the stage of another highly original and creative entertainment initiative: With contagious energy, hundreds of revellers from \u201cAssocia\u00e7\u00e3o de Desenvolvimento Comunit\u00e1rio do Funchal\u201d parade along Avenida Arriaga towards the Municipal Garden, where a show takes place.<br><\/p>\n\n\n\n<figure class=\"wp-block-image size-full is-resized\"><img loading=\"lazy\" decoding=\"async\" width=\"555\" height=\"790\" src=\"https:\/\/eventsmadeira.com\/oordypsa\/2023\/01\/Carnaval-Solidario-2026-1.jpg\" alt=\"\" class=\"wp-image-26755\" style=\"width:840px;height:auto\" srcset=\"https:\/\/eventsmadeira.com\/oordypsa\/2023\/01\/Carnaval-Solidario-2026-1.jpg 555w, https:\/\/eventsmadeira.com\/oordypsa\/2023\/01\/Carnaval-Solidario-2026-1-492x700.jpg 492w\" sizes=\"auto, (max-width: 555px) 100vw, 555px\" \/><\/figure>\n\n\n\n<p><\/p>\n\n\n<div class=\"wp-block-image\">\n<figure class=\"aligncenter size-full\"><img loading=\"lazy\" decoding=\"async\" width=\"700\" height=\"360\" src=\"https:\/\/eventsmadeira.com\/oordypsa\/2023\/01\/WhatsApp-Image-2023-01-16-at-14.34.06.jpeg\" alt=\"\" class=\"wp-image-12670\"\/><\/figure><\/div>","protected":false},"excerpt":{"rendered":"<p>Funchal downtown is once again the stage of another highly original and creative entertainment initiative: With contagious energy, hundreds of revellers from \u201cAssocia\u00e7\u00e3o de Desenvolvimento Comunit\u00e1rio do Funchal\u201d parade along Avenida Arriaga towards the Municipal Garden, where a show takes&#8230;<\/p>\n","protected":false},"author":2,"featured_media":12676,"comment_status":"closed","ping_status":"closed","template":"","meta":{"_coblocks_attr":"","_coblocks_dimensions":"","_coblocks_responsive_height":"","_coblocks_accordion_ie_support":"","footnotes":""},"eventcat":[236,247],"organizer":[],"event_tags":[254,294],"location":[295,275],"class_list":["post-12679","event","type-event","status-publish","has-post-thumbnail","hentry","eventcat-desfile","eventcat-parade","event_tags-carnaval","event_tags-carnival","location-funchal-en","location-funchal"],"yoast_head":"\n<title>Solidarity Carnival - Events Madeira<\/title>\n<meta name=\"robots\" content=\"index, follow, max-snippet:-1, max-image-preview:large, max-video-preview:-1\" \/>\n<link rel=\"canonical\" href=\"https:\/\/eventsmadeira.com\/en\/event\/solidarity-carnival\/\" \/>\n<meta property=\"og:locale\" content=\"en_US\" \/>\n<meta property=\"og:type\" content=\"article\" \/>\n<meta property=\"og:title\" content=\"Solidarity Carnival - Events Madeira\" \/>\n<meta property=\"og:description\" content=\"Funchal downtown is once again the stage of another highly original and creative entertainment initiative: With contagious energy, hundreds of revellers from \u201cAssocia\u00e7\u00e3o de Desenvolvimento Comunit\u00e1rio do Funchal\u201d parade along Avenida Arriaga towards the Municipal Garden, where a show takes...\" \/>\n<meta property=\"og:url\" content=\"https:\/\/eventsmadeira.com\/en\/event\/solidarity-carnival\/\" \/>\n<meta property=\"og:site_name\" content=\"Events Madeira\" \/>\n<meta property=\"article:modified_time\" content=\"2026-02-05T14:42:36+00:00\" \/>\n<meta property=\"og:image\" content=\"https:\/\/eventsmadeira.com\/oordypsa\/2023\/01\/Carnaval001\u00a9Henrique-S.jpg\" \/>\n\t<meta property=\"og:image:width\" content=\"1200\" \/>\n\t<meta property=\"og:image:height\" content=\"800\" \/>\n\t<meta property=\"og:image:type\" content=\"image\/jpeg\" \/>\n<meta name=\"twitter:card\" content=\"summary_large_image\" \/>\n<meta name=\"twitter:label1\" content=\"Est. reading time\" \/>\n\t<meta name=\"twitter:data1\" content=\"1 minute\" \/>\n<script type=\"application\/ld+json\" class=\"yoast-schema-graph\">{\"@context\":\"https:\/\/schema.org\",\"@graph\":[{\"@type\":\"WebPage\",\"@id\":\"https:\/\/eventsmadeira.com\/en\/event\/solidarity-carnival\/\",\"url\":\"https:\/\/eventsmadeira.com\/en\/event\/solidarity-carnival\/\",\"name\":\"Solidarity Carnival - Events Madeira\",\"isPartOf\":{\"@id\":\"https:\/\/eventsmadeira.com\/en\/#website\"},\"primaryImageOfPage\":{\"@id\":\"https:\/\/eventsmadeira.com\/en\/event\/solidarity-carnival\/#primaryimage\"},\"image\":{\"@id\":\"https:\/\/eventsmadeira.com\/en\/event\/solidarity-carnival\/#primaryimage\"},\"thumbnailUrl\":\"https:\/\/eventsmadeira.com\/oordypsa\/2023\/01\/Carnaval001\u00a9Henrique-S.jpg\",\"datePublished\":\"2023-01-16T14:55:33+00:00\",\"dateModified\":\"2026-02-05T14:42:36+00:00\",\"breadcrumb\":{\"@id\":\"https:\/\/eventsmadeira.com\/en\/event\/solidarity-carnival\/#breadcrumb\"},\"inLanguage\":\"en-US\",\"potentialAction\":[{\"@type\":\"ReadAction\",\"target\":[\"https:\/\/eventsmadeira.com\/en\/event\/solidarity-carnival\/\"]}]},{\"@type\":\"ImageObject\",\"inLanguage\":\"en-US\",\"@id\":\"https:\/\/eventsmadeira.com\/en\/event\/solidarity-carnival\/#primaryimage\",\"url\":\"https:\/\/eventsmadeira.com\/oordypsa\/2023\/01\/Carnaval001\u00a9Henrique-S.jpg\",\"contentUrl\":\"https:\/\/eventsmadeira.com\/oordypsa\/2023\/01\/Carnaval001\u00a9Henrique-S.jpg\",\"width\":1200,\"height\":800,\"caption\":\"solidarity-carnival\"},{\"@type\":\"BreadcrumbList\",\"@id\":\"https:\/\/eventsmadeira.com\/en\/event\/solidarity-carnival\/#breadcrumb\",\"itemListElement\":[{\"@type\":\"ListItem\",\"position\":1,\"name\":\"Home\",\"item\":\"https:\/\/eventsmadeira.com\/en\/\"},{\"@type\":\"ListItem\",\"position\":2,\"name\":\"Events\",\"item\":\"https:\/\/eventsmadeira.com\/en\/event\/\"},{\"@type\":\"ListItem\",\"position\":3,\"name\":\"Solidarity Carnival\"}]},{\"@type\":\"WebSite\",\"@id\":\"https:\/\/eventsmadeira.com\/en\/#website\",\"url\":\"https:\/\/eventsmadeira.com\/en\/\",\"name\":\"Events Madeira\",\"description\":\"\",\"potentialAction\":[{\"@type\":\"SearchAction\",\"target\":{\"@type\":\"EntryPoint\",\"urlTemplate\":\"https:\/\/eventsmadeira.com\/en\/?s={search_term_string}\"},\"query-input\":{\"@type\":\"PropertyValueSpecification\",\"valueRequired\":true,\"valueName\":\"search_term_string\"}}],\"inLanguage\":\"en-US\"}]}<\/script>\n","yoast_head_json":{"title":"Solidarity Carnival - Events Madeira","robots":{"index":"index","follow":"follow","max-snippet":"max-snippet:-1","max-image-preview":"max-image-preview:large","max-video-preview":"max-video-preview:-1"},"canonical":"https:\/\/eventsmadeira.com\/en\/event\/solidarity-carnival\/","og_locale":"en_US","og_type":"article","og_title":"Solidarity Carnival - Events Madeira","og_description":"Funchal downtown is once again the stage of another highly original and creative entertainment initiative: With contagious energy, hundreds of revellers from \u201cAssocia\u00e7\u00e3o de Desenvolvimento Comunit\u00e1rio do Funchal\u201d parade along Avenida Arriaga towards the Municipal Garden, where a show takes...","og_url":"https:\/\/eventsmadeira.com\/en\/event\/solidarity-carnival\/","og_site_name":"Events Madeira","article_modified_time":"2026-02-05T14:42:36+00:00","og_image":[{"width":1200,"height":800,"url":"https:\/\/eventsmadeira.com\/oordypsa\/2023\/01\/Carnaval001\u00a9Henrique-S.jpg","type":"image\/jpeg"}],"twitter_card":"summary_large_image","twitter_misc":{"Est. reading time":"1 minute"},"schema":{"@context":"https:\/\/schema.org","@graph":[{"@type":"WebPage","@id":"https:\/\/eventsmadeira.com\/en\/event\/solidarity-carnival\/","url":"https:\/\/eventsmadeira.com\/en\/event\/solidarity-carnival\/","name":"Solidarity Carnival - Events Madeira","isPartOf":{"@id":"https:\/\/eventsmadeira.com\/en\/#website"},"primaryImageOfPage":{"@id":"https:\/\/eventsmadeira.com\/en\/event\/solidarity-carnival\/#primaryimage"},"image":{"@id":"https:\/\/eventsmadeira.com\/en\/event\/solidarity-carnival\/#primaryimage"},"thumbnailUrl":"https:\/\/eventsmadeira.com\/oordypsa\/2023\/01\/Carnaval001\u00a9Henrique-S.jpg","datePublished":"2023-01-16T14:55:33+00:00","dateModified":"2026-02-05T14:42:36+00:00","breadcrumb":{"@id":"https:\/\/eventsmadeira.com\/en\/event\/solidarity-carnival\/#breadcrumb"},"inLanguage":"en-US","potentialAction":[{"@type":"ReadAction","target":["https:\/\/eventsmadeira.com\/en\/event\/solidarity-carnival\/"]}]},{"@type":"ImageObject","inLanguage":"en-US","@id":"https:\/\/eventsmadeira.com\/en\/event\/solidarity-carnival\/#primaryimage","url":"https:\/\/eventsmadeira.com\/oordypsa\/2023\/01\/Carnaval001\u00a9Henrique-S.jpg","contentUrl":"https:\/\/eventsmadeira.com\/oordypsa\/2023\/01\/Carnaval001\u00a9Henrique-S.jpg","width":1200,"height":800,"caption":"solidarity-carnival"},{"@type":"BreadcrumbList","@id":"https:\/\/eventsmadeira.com\/en\/event\/solidarity-carnival\/#breadcrumb","itemListElement":[{"@type":"ListItem","position":1,"name":"Home","item":"https:\/\/eventsmadeira.com\/en\/"},{"@type":"ListItem","position":2,"name":"Events","item":"https:\/\/eventsmadeira.com\/en\/event\/"},{"@type":"ListItem","position":3,"name":"Solidarity Carnival"}]},{"@type":"WebSite","@id":"https:\/\/eventsmadeira.com\/en\/#website","url":"https:\/\/eventsmadeira.com\/en\/","name":"Events Madeira","description":"","potentialAction":[{"@type":"SearchAction","target":{"@type":"EntryPoint","urlTemplate":"https:\/\/eventsmadeira.com\/en\/?s={search_term_string}"},"query-input":{"@type":"PropertyValueSpecification","valueRequired":true,"valueName":"search_term_string"}}],"inLanguage":"en-US"}]}},"_links":{"self":[{"href":"https:\/\/eventsmadeira.com\/en\/wp-json\/wp\/v2\/event\/12679","targetHints":{"allow":["GET"]}}],"collection":[{"href":"https:\/\/eventsmadeira.com\/en\/wp-json\/wp\/v2\/event"}],"about":[{"href":"https:\/\/eventsmadeira.com\/en\/wp-json\/wp\/v2\/types\/event"}],"author":[{"embeddable":true,"href":"https:\/\/eventsmadeira.com\/en\/wp-json\/wp\/v2\/users\/2"}],"replies":[{"embeddable":true,"href":"https:\/\/eventsmadeira.com\/en\/wp-json\/wp\/v2\/comments?post=12679"}],"version-history":[{"count":1,"href":"https:\/\/eventsmadeira.com\/en\/wp-json\/wp\/v2\/event\/12679\/revisions"}],"predecessor-version":[{"id":26760,"href":"https:\/\/eventsmadeira.com\/en\/wp-json\/wp\/v2\/event\/12679\/revisions\/26760"}],"wp:featuredmedia":[{"embeddable":true,"href":"https:\/\/eventsmadeira.com\/en\/wp-json\/wp\/v2\/media\/12676"}],"wp:attachment":[{"href":"https:\/\/eventsmadeira.com\/en\/wp-json\/wp\/v2\/media?parent=12679"}],"wp:term":[{"taxonomy":"eventcat","embeddable":true,"href":"https:\/\/eventsmadeira.com\/en\/wp-json\/wp\/v2\/eventcat?post=12679"},{"taxonomy":"organizer","embeddable":true,"href":"https:\/\/eventsmadeira.com\/en\/wp-json\/wp\/v2\/organizer?post=12679"},{"taxonomy":"event_tags","embeddable":true,"href":"https:\/\/eventsmadeira.com\/en\/wp-json\/wp\/v2\/event_tags?post=12679"},{"taxonomy":"location","embeddable":true,"href":"https:\/\/eventsmadeira.com\/en\/wp-json\/wp\/v2\/location?post=12679"}],"curies":[{"name":"wp","href":"https:\/\/api.w.org\/{rel}","templated":true}]}}

<p>Funchal downtown is once again the stage of another highly original and creative entertainment initiative: With contagious energy, hundreds of revellers from “Associação de Desenvolvimento Comunitário do Funchal” parade along Avenida Arriaga towards the Municipal Garden, where a show takes place.<br></p>



<figure class="wp-block-image size-full is-resized"><img loading="lazy" decoding="async" width="555" height="790" src="https://eventsmadeira.com/oordypsa/2023/01/Carnaval-Solidario-2026-1.jpg" alt="" class="wp-image-26755" style="width:840px;height:auto" srcset="https://eventsmadeira.com/oordypsa/2023/01/Carnaval-Solidario-2026-1.jpg 555w, https://eventsmadeira.com/oordypsa/2023/01/Carnaval-Solidario-2026-1-492x700.jpg 492w" sizes="auto, (max-width: 555px) 100vw, 555px" /></figure>



<p></p>


<div class="wp-block-image">
<figure class="aligncenter size-full"><img loading="lazy" decoding="async" width="700" height="360" src="https://eventsmadeira.com/oordypsa/2023/01/WhatsApp-Image-2023-01-16-at-14.34.06.jpeg" alt="" class="wp-image-12670"/></figure></div>

<p>Funchal downtown is once again the stage of another highly original and creative entertainment initiative: With contagious energy, hundreds of revellers from “Associação de Desenvolvimento Comunitário do Funchal” parade along Avenida Arriaga towards the Municipal Garden, where a show takes&#8230;</p>

<title>Solidarity Carnival - Events Madeira</title>
<meta name="robots" content="index, follow, max-snippet:-1, max-image-preview:large, max-video-preview:-1" />
<link rel="canonical" href="https://eventsmadeira.com/en/event/solidarity-carnival/" />
<meta property="og:locale" content="en_US" />
<meta property="og:type" content="article" />
<meta property="og:title" content="Solidarity Carnival - Events Madeira" />
<meta property="og:description" content="Funchal downtown is once again the stage of another highly original and creative entertainment initiative: With contagious energy, hundreds of revellers from “Associação de Desenvolvimento Comunitário do Funchal” parade along Avenida Arriaga towards the Municipal Garden, where a show takes..." />
<meta property="og:url" content="https://eventsmadeira.com/en/event/solidarity-carnival/" />
<meta property="og:site_name" content="Events Madeira" />
<meta property="article:modified_time" content="2026-02-05T14:42:36+00:00" />
<meta property="og:image" content="https://eventsmadeira.com/oordypsa/2023/01/Carnaval001©Henrique-S.jpg" />
	<meta property="og:image:width" content="1200" />
	<meta property="og:image:height" content="800" />
	<meta property="og:image:type" content="image/jpeg" />
<meta name="twitter:card" content="summary_large_image" />
<meta name="twitter:label1" content="Est. reading time" />
	<meta name="twitter:data1" content="1 minute" />
<script type="application/ld+json" class="yoast-schema-graph">{"@context":"https://schema.org","@graph":[{"@type":"WebPage","@id":"https://eventsmadeira.com/en/event/solidarity-carnival/","url":"https://eventsmadeira.com/en/event/solidarity-carnival/","name":"Solidarity Carnival - Events Madeira","isPartOf":{"@id":"https://eventsmadeira.com/en/#website"},"primaryImageOfPage":{"@id":"https://eventsmadeira.com/en/event/solidarity-carnival/#primaryimage"},"image":{"@id":"https://eventsmadeira.com/en/event/solidarity-carnival/#primaryimage"},"thumbnailUrl":"https://eventsmadeira.com/oordypsa/2023/01/Carnaval001©Henrique-S.jpg","datePublished":"2023-01-16T14:55:33+00:00","dateModified":"2026-02-05T14:42:36+00:00","breadcrumb":{"@id":"https://eventsmadeira.com/en/event/solidarity-carnival/#breadcrumb"},"inLanguage":"en-US","potentialAction":[{"@type":"ReadAction","target":["https://eventsmadeira.com/en/event/solidarity-carnival/"]}]},{"@type":"ImageObject","inLanguage":"en-US","@id":"https://eventsmadeira.com/en/event/solidarity-carnival/#primaryimage","url":"https://eventsmadeira.com/oordypsa/2023/01/Carnaval001©Henrique-S.jpg","contentUrl":"https://eventsmadeira.com/oordypsa/2023/01/Carnaval001©Henrique-S.jpg","width":1200,"height":800,"caption":"solidarity-carnival"},{"@type":"BreadcrumbList","@id":"https://eventsmadeira.com/en/event/solidarity-carnival/#breadcrumb","itemListElement":[{"@type":"ListItem","position":1,"name":"Home","item":"https://eventsmadeira.com/en/"},{"@type":"ListItem","position":2,"name":"Events","item":"https://eventsmadeira.com/en/event/"},{"@type":"ListItem","position":3,"name":"Solidarity Carnival"}]},{"@type":"WebSite","@id":"https://eventsmadeira.com/en/#website","url":"https://eventsmadeira.com/en/","name":"Events Madeira","description":"","potentialAction":[{"@type":"SearchAction","target":{"@type":"EntryPoint","urlTemplate":"https://eventsmadeira.com/en/?s={search_term_string}"},"query-input":{"@type":"PropertyValueSpecification","valueRequired":true,"valueName":"search_term_string"}}],"inLanguage":"en-US"}]}</script>

Funchal downtown is once again the stage of another highly original and creative entertainment initiative: With contagious energy, hundreds of revellers from “Associação de Desenvolvimento Comunitário do Funchal” parade along Avenida Arriaga towards the Municipal Garden, where a show takes...
