{"id":18128,"date":"2024-02-07T12:09:08","date_gmt":"2024-02-07T12:09:08","guid":{"rendered":"https:\/\/eventsmadeira.com\/event\/inaugural-concert-of-the-xxxvii-madeira-music-festival-ocm\/"},"modified":"2025-01-20T10:24:40","modified_gmt":"2025-01-20T10:24:40","slug":"xxxviii-madeira-music-festival-opening-concert-ocm","status":"publish","type":"event","link":"https:\/\/eventsmadeira.com\/en\/event\/xxxviii-madeira-music-festival-opening-concert-ocm\/","title":{"rendered":"XXXVIII Madeira Music Festival &#8211; Opening Concert with Maestro Shlomo Mintz | OCM"},"content":{"rendered":"\n<p>The Madeira Classical Orchestra presents the Inaugural Concert of the \u2018XXXVIII Madeira Music Festival\u2019 at the Madeira Congress Centre, on March 8th, at 6pm, featuring the exceptional conductor and soloist Shlomo Mintz.<br>This programme features his artistic prowess in the interpretation of Tchaikovsky&#8217;s 5 Pieces for Violin and Orchestra and, under his direction, Symphony No. 7 by the composer Dvor\u00e1k.<\/p>\n\n\n\n<p><strong>Programme: <\/strong><br><strong>Pior IIicht Tchaikovsky &#8211; <\/strong>&#8220;Pieces for Violin Solo and Orchestra&#8221;<strong><br>Anton\u00edn Dvo\u0159\u00e1k &#8211; <\/strong>&#8220;Symphony 7 in D Minor OP.70&#8221;<\/p>\n\n\n\n<p>+info: <a href=\"https:\/\/www.ocmadeira.pt\/en\/concerts\/next-events\/madeira-classic-orchestra\/162-madeira-classical-orchestra-shlomo-mintz.html\" target=\"_blank\" rel=\"noreferrer noopener\">Official Website<\/a><br><\/p>\n\n\n\n<figure class=\"wp-block-image size-large is-resized\"><img loading=\"lazy\" decoding=\"async\" width=\"723\" height=\"1024\" src=\"https:\/\/eventsmadeira.com\/oordypsa\/2024\/02\/Festival-de-Musica-da-Madeira-2025-8-marco-723x1024.jpg\" alt=\"\" class=\"wp-image-21825\" style=\"width:854px;height:auto\" srcset=\"https:\/\/eventsmadeira.com\/oordypsa\/2024\/02\/Festival-de-Musica-da-Madeira-2025-8-marco-723x1024.jpg 723w, https:\/\/eventsmadeira.com\/oordypsa\/2024\/02\/Festival-de-Musica-da-Madeira-2025-8-marco-494x700.jpg 494w, https:\/\/eventsmadeira.com\/oordypsa\/2024\/02\/Festival-de-Musica-da-Madeira-2025-8-marco-768x1088.jpg 768w, https:\/\/eventsmadeira.com\/oordypsa\/2024\/02\/Festival-de-Musica-da-Madeira-2025-8-marco.jpg 847w\" sizes=\"auto, (max-width: 723px) 100vw, 723px\" \/><\/figure>\n\n\n\n<p><\/p>\n\n\n\n<p><\/p>\n","protected":false},"excerpt":{"rendered":"<p>The Madeira Classical Orchestra presents the Inaugural Concert of the \u2018XXXVIII Madeira Music Festival\u2019 at the Madeira Congress Centre, on March 8th, at 6pm, featuring the exceptional conductor and soloist Shlomo Mintz.This programme features his artistic prowess in the interpretation&#8230;<\/p>\n","protected":false},"author":2,"featured_media":21829,"comment_status":"closed","ping_status":"closed","template":"","meta":{"_coblocks_attr":"","_coblocks_dimensions":"","_coblocks_responsive_height":"","_coblocks_accordion_ie_support":"","footnotes":""},"eventcat":[314,272],"organizer":[],"event_tags":[],"location":[295],"class_list":["post-18128","event","type-event","status-publish","has-post-thumbnail","hentry","eventcat-culture","eventcat-music-en","location-funchal-en"],"yoast_head":"\n<title>XXXVIII Madeira Music Festival - Opening Concert with Maestro Shlomo Mintz | OCM - Events Madeira<\/title>\n<meta name=\"robots\" content=\"index, follow, max-snippet:-1, max-image-preview:large, max-video-preview:-1\" \/>\n<link rel=\"canonical\" href=\"https:\/\/eventsmadeira.com\/en\/event\/xxxviii-madeira-music-festival-opening-concert-ocm\/\" \/>\n<meta property=\"og:locale\" content=\"en_US\" \/>\n<meta property=\"og:type\" content=\"article\" \/>\n<meta property=\"og:title\" content=\"XXXVIII Madeira Music Festival - Opening Concert with Maestro Shlomo Mintz | OCM - Events Madeira\" \/>\n<meta property=\"og:description\" content=\"The Madeira Classical Orchestra presents the Inaugural Concert of the \u2018XXXVIII Madeira Music Festival\u2019 at the Madeira Congress Centre, on March 8th, at 6pm, featuring the exceptional conductor and soloist Shlomo Mintz.This programme features his artistic prowess in the interpretation...\" \/>\n<meta property=\"og:url\" content=\"https:\/\/eventsmadeira.com\/en\/event\/xxxviii-madeira-music-festival-opening-concert-ocm\/\" \/>\n<meta property=\"og:site_name\" content=\"Events Madeira\" \/>\n<meta property=\"article:modified_time\" content=\"2025-01-20T10:24:40+00:00\" \/>\n<meta property=\"og:image\" content=\"https:\/\/eventsmadeira.com\/oordypsa\/2024\/02\/Shlomo-Mintz-1130x650-1.jpg\" \/>\n\t<meta property=\"og:image:width\" content=\"1130\" \/>\n\t<meta property=\"og:image:height\" content=\"650\" \/>\n\t<meta property=\"og:image:type\" content=\"image\/jpeg\" \/>\n<meta name=\"twitter:card\" content=\"summary_large_image\" \/>\n<meta name=\"twitter:label1\" content=\"Est. reading time\" \/>\n\t<meta name=\"twitter:data1\" content=\"1 minute\" \/>\n<script type=\"application\/ld+json\" class=\"yoast-schema-graph\">{\"@context\":\"https:\/\/schema.org\",\"@graph\":[{\"@type\":\"WebPage\",\"@id\":\"https:\/\/eventsmadeira.com\/en\/event\/xxxviii-madeira-music-festival-opening-concert-ocm\/\",\"url\":\"https:\/\/eventsmadeira.com\/en\/event\/xxxviii-madeira-music-festival-opening-concert-ocm\/\",\"name\":\"XXXVIII Madeira Music Festival - Opening Concert with Maestro Shlomo Mintz | OCM - Events Madeira\",\"isPartOf\":{\"@id\":\"https:\/\/eventsmadeira.com\/en\/#website\"},\"primaryImageOfPage\":{\"@id\":\"https:\/\/eventsmadeira.com\/en\/event\/xxxviii-madeira-music-festival-opening-concert-ocm\/#primaryimage\"},\"image\":{\"@id\":\"https:\/\/eventsmadeira.com\/en\/event\/xxxviii-madeira-music-festival-opening-concert-ocm\/#primaryimage\"},\"thumbnailUrl\":\"https:\/\/eventsmadeira.com\/oordypsa\/2024\/02\/Shlomo-Mintz-1130x650-1.jpg\",\"datePublished\":\"2024-02-07T12:09:08+00:00\",\"dateModified\":\"2025-01-20T10:24:40+00:00\",\"breadcrumb\":{\"@id\":\"https:\/\/eventsmadeira.com\/en\/event\/xxxviii-madeira-music-festival-opening-concert-ocm\/#breadcrumb\"},\"inLanguage\":\"en-US\",\"potentialAction\":[{\"@type\":\"ReadAction\",\"target\":[\"https:\/\/eventsmadeira.com\/en\/event\/xxxviii-madeira-music-festival-opening-concert-ocm\/\"]}]},{\"@type\":\"ImageObject\",\"inLanguage\":\"en-US\",\"@id\":\"https:\/\/eventsmadeira.com\/en\/event\/xxxviii-madeira-music-festival-opening-concert-ocm\/#primaryimage\",\"url\":\"https:\/\/eventsmadeira.com\/oordypsa\/2024\/02\/Shlomo-Mintz-1130x650-1.jpg\",\"contentUrl\":\"https:\/\/eventsmadeira.com\/oordypsa\/2024\/02\/Shlomo-Mintz-1130x650-1.jpg\",\"width\":1130,\"height\":650},{\"@type\":\"BreadcrumbList\",\"@id\":\"https:\/\/eventsmadeira.com\/en\/event\/xxxviii-madeira-music-festival-opening-concert-ocm\/#breadcrumb\",\"itemListElement\":[{\"@type\":\"ListItem\",\"position\":1,\"name\":\"Home\",\"item\":\"https:\/\/eventsmadeira.com\/en\/\"},{\"@type\":\"ListItem\",\"position\":2,\"name\":\"Events\",\"item\":\"https:\/\/eventsmadeira.com\/en\/event\/\"},{\"@type\":\"ListItem\",\"position\":3,\"name\":\"XXXVIII Madeira Music Festival &#8211; Opening Concert with Maestro Shlomo Mintz | OCM\"}]},{\"@type\":\"WebSite\",\"@id\":\"https:\/\/eventsmadeira.com\/en\/#website\",\"url\":\"https:\/\/eventsmadeira.com\/en\/\",\"name\":\"Events Madeira\",\"description\":\"\",\"potentialAction\":[{\"@type\":\"SearchAction\",\"target\":{\"@type\":\"EntryPoint\",\"urlTemplate\":\"https:\/\/eventsmadeira.com\/en\/?s={search_term_string}\"},\"query-input\":{\"@type\":\"PropertyValueSpecification\",\"valueRequired\":true,\"valueName\":\"search_term_string\"}}],\"inLanguage\":\"en-US\"}]}<\/script>\n","yoast_head_json":{"title":"XXXVIII Madeira Music Festival - Opening Concert with Maestro Shlomo Mintz | OCM - Events Madeira","robots":{"index":"index","follow":"follow","max-snippet":"max-snippet:-1","max-image-preview":"max-image-preview:large","max-video-preview":"max-video-preview:-1"},"canonical":"https:\/\/eventsmadeira.com\/en\/event\/xxxviii-madeira-music-festival-opening-concert-ocm\/","og_locale":"en_US","og_type":"article","og_title":"XXXVIII Madeira Music Festival - Opening Concert with Maestro Shlomo Mintz | OCM - Events Madeira","og_description":"The Madeira Classical Orchestra presents the Inaugural Concert of the \u2018XXXVIII Madeira Music Festival\u2019 at the Madeira Congress Centre, on March 8th, at 6pm, featuring the exceptional conductor and soloist Shlomo Mintz.This programme features his artistic prowess in the interpretation...","og_url":"https:\/\/eventsmadeira.com\/en\/event\/xxxviii-madeira-music-festival-opening-concert-ocm\/","og_site_name":"Events Madeira","article_modified_time":"2025-01-20T10:24:40+00:00","og_image":[{"width":1130,"height":650,"url":"https:\/\/eventsmadeira.com\/oordypsa\/2024\/02\/Shlomo-Mintz-1130x650-1.jpg","type":"image\/jpeg"}],"twitter_card":"summary_large_image","twitter_misc":{"Est. reading time":"1 minute"},"schema":{"@context":"https:\/\/schema.org","@graph":[{"@type":"WebPage","@id":"https:\/\/eventsmadeira.com\/en\/event\/xxxviii-madeira-music-festival-opening-concert-ocm\/","url":"https:\/\/eventsmadeira.com\/en\/event\/xxxviii-madeira-music-festival-opening-concert-ocm\/","name":"XXXVIII Madeira Music Festival - Opening Concert with Maestro Shlomo Mintz | OCM - Events Madeira","isPartOf":{"@id":"https:\/\/eventsmadeira.com\/en\/#website"},"primaryImageOfPage":{"@id":"https:\/\/eventsmadeira.com\/en\/event\/xxxviii-madeira-music-festival-opening-concert-ocm\/#primaryimage"},"image":{"@id":"https:\/\/eventsmadeira.com\/en\/event\/xxxviii-madeira-music-festival-opening-concert-ocm\/#primaryimage"},"thumbnailUrl":"https:\/\/eventsmadeira.com\/oordypsa\/2024\/02\/Shlomo-Mintz-1130x650-1.jpg","datePublished":"2024-02-07T12:09:08+00:00","dateModified":"2025-01-20T10:24:40+00:00","breadcrumb":{"@id":"https:\/\/eventsmadeira.com\/en\/event\/xxxviii-madeira-music-festival-opening-concert-ocm\/#breadcrumb"},"inLanguage":"en-US","potentialAction":[{"@type":"ReadAction","target":["https:\/\/eventsmadeira.com\/en\/event\/xxxviii-madeira-music-festival-opening-concert-ocm\/"]}]},{"@type":"ImageObject","inLanguage":"en-US","@id":"https:\/\/eventsmadeira.com\/en\/event\/xxxviii-madeira-music-festival-opening-concert-ocm\/#primaryimage","url":"https:\/\/eventsmadeira.com\/oordypsa\/2024\/02\/Shlomo-Mintz-1130x650-1.jpg","contentUrl":"https:\/\/eventsmadeira.com\/oordypsa\/2024\/02\/Shlomo-Mintz-1130x650-1.jpg","width":1130,"height":650},{"@type":"BreadcrumbList","@id":"https:\/\/eventsmadeira.com\/en\/event\/xxxviii-madeira-music-festival-opening-concert-ocm\/#breadcrumb","itemListElement":[{"@type":"ListItem","position":1,"name":"Home","item":"https:\/\/eventsmadeira.com\/en\/"},{"@type":"ListItem","position":2,"name":"Events","item":"https:\/\/eventsmadeira.com\/en\/event\/"},{"@type":"ListItem","position":3,"name":"XXXVIII Madeira Music Festival &#8211; Opening Concert with Maestro Shlomo Mintz | OCM"}]},{"@type":"WebSite","@id":"https:\/\/eventsmadeira.com\/en\/#website","url":"https:\/\/eventsmadeira.com\/en\/","name":"Events Madeira","description":"","potentialAction":[{"@type":"SearchAction","target":{"@type":"EntryPoint","urlTemplate":"https:\/\/eventsmadeira.com\/en\/?s={search_term_string}"},"query-input":{"@type":"PropertyValueSpecification","valueRequired":true,"valueName":"search_term_string"}}],"inLanguage":"en-US"}]}},"_links":{"self":[{"href":"https:\/\/eventsmadeira.com\/en\/wp-json\/wp\/v2\/event\/18128","targetHints":{"allow":["GET"]}}],"collection":[{"href":"https:\/\/eventsmadeira.com\/en\/wp-json\/wp\/v2\/event"}],"about":[{"href":"https:\/\/eventsmadeira.com\/en\/wp-json\/wp\/v2\/types\/event"}],"author":[{"embeddable":true,"href":"https:\/\/eventsmadeira.com\/en\/wp-json\/wp\/v2\/users\/2"}],"replies":[{"embeddable":true,"href":"https:\/\/eventsmadeira.com\/en\/wp-json\/wp\/v2\/comments?post=18128"}],"version-history":[{"count":0,"href":"https:\/\/eventsmadeira.com\/en\/wp-json\/wp\/v2\/event\/18128\/revisions"}],"wp:featuredmedia":[{"embeddable":true,"href":"https:\/\/eventsmadeira.com\/en\/wp-json\/wp\/v2\/media\/21829"}],"wp:attachment":[{"href":"https:\/\/eventsmadeira.com\/en\/wp-json\/wp\/v2\/media?parent=18128"}],"wp:term":[{"taxonomy":"eventcat","embeddable":true,"href":"https:\/\/eventsmadeira.com\/en\/wp-json\/wp\/v2\/eventcat?post=18128"},{"taxonomy":"organizer","embeddable":true,"href":"https:\/\/eventsmadeira.com\/en\/wp-json\/wp\/v2\/organizer?post=18128"},{"taxonomy":"event_tags","embeddable":true,"href":"https:\/\/eventsmadeira.com\/en\/wp-json\/wp\/v2\/event_tags?post=18128"},{"taxonomy":"location","embeddable":true,"href":"https:\/\/eventsmadeira.com\/en\/wp-json\/wp\/v2\/location?post=18128"}],"curies":[{"name":"wp","href":"https:\/\/api.w.org\/{rel}","templated":true}]}}

<p>The Madeira Classical Orchestra presents the Inaugural Concert of the ‘XXXVIII Madeira Music Festival’ at the Madeira Congress Centre, on March 8th, at 6pm, featuring the exceptional conductor and soloist Shlomo Mintz.<br>This programme features his artistic prowess in the interpretation of Tchaikovsky&#8217;s 5 Pieces for Violin and Orchestra and, under his direction, Symphony No. 7 by the composer Dvorák.</p>



<p><strong>Programme: </strong><br><strong>Pior IIicht Tchaikovsky &#8211; </strong>&#8220;Pieces for Violin Solo and Orchestra&#8221;<strong><br>Antonín Dvořák &#8211; </strong>&#8220;Symphony 7 in D Minor OP.70&#8221;</p>



<p>+info: <a href="https://www.ocmadeira.pt/en/concerts/next-events/madeira-classic-orchestra/162-madeira-classical-orchestra-shlomo-mintz.html" target="_blank" rel="noreferrer noopener">Official Website</a><br></p>



<figure class="wp-block-image size-large is-resized"><img loading="lazy" decoding="async" width="723" height="1024" src="https://eventsmadeira.com/oordypsa/2024/02/Festival-de-Musica-da-Madeira-2025-8-marco-723x1024.jpg" alt="" class="wp-image-21825" style="width:854px;height:auto" srcset="https://eventsmadeira.com/oordypsa/2024/02/Festival-de-Musica-da-Madeira-2025-8-marco-723x1024.jpg 723w, https://eventsmadeira.com/oordypsa/2024/02/Festival-de-Musica-da-Madeira-2025-8-marco-494x700.jpg 494w, https://eventsmadeira.com/oordypsa/2024/02/Festival-de-Musica-da-Madeira-2025-8-marco-768x1088.jpg 768w, https://eventsmadeira.com/oordypsa/2024/02/Festival-de-Musica-da-Madeira-2025-8-marco.jpg 847w" sizes="auto, (max-width: 723px) 100vw, 723px" /></figure>



<p></p>



<p></p>
