{"id":18150,"date":"2024-02-07T12:40:37","date_gmt":"2024-02-07T12:40:37","guid":{"rendered":"https:\/\/eventsmadeira.com\/event\/xxxvii-madeira-music-festival-piano-recital-for-4-hands-ocm\/"},"modified":"2025-01-15T14:19:52","modified_gmt":"2025-01-15T14:19:52","slug":"xxxvii-madeira-music-festival-piano-recital-for-4-hands-ocm","status":"publish","type":"event","link":"https:\/\/eventsmadeira.com\/en\/event\/xxxvii-madeira-music-festival-piano-recital-for-4-hands-ocm\/","title":{"rendered":"XXXVIII Madeira Music Festival | Piano and Jazz Recital with M\u00e1rio Laginha | OCM"},"content":{"rendered":"\n<p>On 28 March, at 9 p.m., the Madeira Classical Orchestra presents a Piano and Jazz Recital, at the Vila Gal\u00e9 Santa Cruz Hotel, with the renowned musician M\u00e1rio Laginha, under the direction of violinist Norberto Gomes.<\/p>\n\n\n\n<p><strong>Programme: <\/strong><br><strong>M\u00e1rio Laginha<\/strong>\u00a0-\u201cImproviso | M\u00e3os Abertas | No Segundo Dia | Retorno | Fado | Another Kine of Stride | Tanto Espa\u00e7o | Batuque\u201d<\/p>\n\n\n\n<p>+info: <a href=\"https:\/\/www.ocmadeira.pt\/en\/concerts\/next-events\/chamber-music\/171-jazz-piano-recital.html\" target=\"_blank\" rel=\"noreferrer noopener\">Official Website<\/a><br><\/p>\n\n\n\n<figure class=\"wp-block-image size-large is-resized\"><img loading=\"lazy\" decoding=\"async\" width=\"723\" height=\"1024\" src=\"https:\/\/eventsmadeira.com\/oordypsa\/2024\/02\/Festival-de-Musica-da-Madeira-2025-28-marco-723x1024.jpg\" alt=\"\" class=\"wp-image-22081\" style=\"width:846px;height:auto\" srcset=\"https:\/\/eventsmadeira.com\/oordypsa\/2024\/02\/Festival-de-Musica-da-Madeira-2025-28-marco-723x1024.jpg 723w, https:\/\/eventsmadeira.com\/oordypsa\/2024\/02\/Festival-de-Musica-da-Madeira-2025-28-marco-494x700.jpg 494w, https:\/\/eventsmadeira.com\/oordypsa\/2024\/02\/Festival-de-Musica-da-Madeira-2025-28-marco-768x1088.jpg 768w, https:\/\/eventsmadeira.com\/oordypsa\/2024\/02\/Festival-de-Musica-da-Madeira-2025-28-marco.jpg 847w\" sizes=\"auto, (max-width: 723px) 100vw, 723px\" \/><\/figure>\n","protected":false},"excerpt":{"rendered":"<p>On 28 March, at 9 p.m., the Madeira Classical Orchestra presents a Piano and Jazz Recital, at the Vila Gal\u00e9 Santa Cruz Hotel, with the renowned musician M\u00e1rio Laginha, under the direction of violinist Norberto Gomes. Programme: M\u00e1rio Laginha\u00a0-\u201cImproviso |&#8230;<\/p>\n","protected":false},"author":2,"featured_media":22083,"comment_status":"closed","ping_status":"closed","template":"","meta":{"_coblocks_attr":"","_coblocks_dimensions":"","_coblocks_responsive_height":"","_coblocks_accordion_ie_support":"","footnotes":""},"eventcat":[314,272],"organizer":[],"event_tags":[],"location":[316],"class_list":["post-18150","event","type-event","status-publish","has-post-thumbnail","hentry","eventcat-culture","eventcat-music-en","location-santa-cruz-en"],"yoast_head":"\n<title>XXXVIII Madeira Music Festival | Piano and Jazz Recital with M\u00e1rio Laginha | OCM - Events Madeira<\/title>\n<meta name=\"robots\" content=\"index, follow, max-snippet:-1, max-image-preview:large, max-video-preview:-1\" \/>\n<link rel=\"canonical\" href=\"https:\/\/eventsmadeira.com\/en\/event\/xxxvii-madeira-music-festival-piano-recital-for-4-hands-ocm\/\" \/>\n<meta property=\"og:locale\" content=\"en_US\" \/>\n<meta property=\"og:type\" content=\"article\" \/>\n<meta property=\"og:title\" content=\"XXXVIII Madeira Music Festival | Piano and Jazz Recital with M\u00e1rio Laginha | OCM - Events Madeira\" \/>\n<meta property=\"og:description\" content=\"On 28 March, at 9 p.m., the Madeira Classical Orchestra presents a Piano and Jazz Recital, at the Vila Gal\u00e9 Santa Cruz Hotel, with the renowned musician M\u00e1rio Laginha, under the direction of violinist Norberto Gomes. Programme: M\u00e1rio Laginha\u00a0-\u201cImproviso |...\" \/>\n<meta property=\"og:url\" content=\"https:\/\/eventsmadeira.com\/en\/event\/xxxvii-madeira-music-festival-piano-recital-for-4-hands-ocm\/\" \/>\n<meta property=\"og:site_name\" content=\"Events Madeira\" \/>\n<meta property=\"article:modified_time\" content=\"2025-01-15T14:19:52+00:00\" \/>\n<meta property=\"og:image\" content=\"https:\/\/eventsmadeira.com\/oordypsa\/2024\/02\/Mario-Laginha-1130x650-1.jpg\" \/>\n\t<meta property=\"og:image:width\" content=\"1130\" \/>\n\t<meta property=\"og:image:height\" content=\"650\" \/>\n\t<meta property=\"og:image:type\" content=\"image\/jpeg\" \/>\n<meta name=\"twitter:card\" content=\"summary_large_image\" \/>\n<meta name=\"twitter:label1\" content=\"Est. reading time\" \/>\n\t<meta name=\"twitter:data1\" content=\"1 minute\" \/>\n<script type=\"application\/ld+json\" class=\"yoast-schema-graph\">{\"@context\":\"https:\/\/schema.org\",\"@graph\":[{\"@type\":\"WebPage\",\"@id\":\"https:\/\/eventsmadeira.com\/en\/event\/xxxvii-madeira-music-festival-piano-recital-for-4-hands-ocm\/\",\"url\":\"https:\/\/eventsmadeira.com\/en\/event\/xxxvii-madeira-music-festival-piano-recital-for-4-hands-ocm\/\",\"name\":\"XXXVIII Madeira Music Festival | Piano and Jazz Recital with M\u00e1rio Laginha | OCM - Events Madeira\",\"isPartOf\":{\"@id\":\"https:\/\/eventsmadeira.com\/en\/#website\"},\"primaryImageOfPage\":{\"@id\":\"https:\/\/eventsmadeira.com\/en\/event\/xxxvii-madeira-music-festival-piano-recital-for-4-hands-ocm\/#primaryimage\"},\"image\":{\"@id\":\"https:\/\/eventsmadeira.com\/en\/event\/xxxvii-madeira-music-festival-piano-recital-for-4-hands-ocm\/#primaryimage\"},\"thumbnailUrl\":\"https:\/\/eventsmadeira.com\/oordypsa\/2024\/02\/Mario-Laginha-1130x650-1.jpg\",\"datePublished\":\"2024-02-07T12:40:37+00:00\",\"dateModified\":\"2025-01-15T14:19:52+00:00\",\"breadcrumb\":{\"@id\":\"https:\/\/eventsmadeira.com\/en\/event\/xxxvii-madeira-music-festival-piano-recital-for-4-hands-ocm\/#breadcrumb\"},\"inLanguage\":\"en-US\",\"potentialAction\":[{\"@type\":\"ReadAction\",\"target\":[\"https:\/\/eventsmadeira.com\/en\/event\/xxxvii-madeira-music-festival-piano-recital-for-4-hands-ocm\/\"]}]},{\"@type\":\"ImageObject\",\"inLanguage\":\"en-US\",\"@id\":\"https:\/\/eventsmadeira.com\/en\/event\/xxxvii-madeira-music-festival-piano-recital-for-4-hands-ocm\/#primaryimage\",\"url\":\"https:\/\/eventsmadeira.com\/oordypsa\/2024\/02\/Mario-Laginha-1130x650-1.jpg\",\"contentUrl\":\"https:\/\/eventsmadeira.com\/oordypsa\/2024\/02\/Mario-Laginha-1130x650-1.jpg\",\"width\":1130,\"height\":650},{\"@type\":\"BreadcrumbList\",\"@id\":\"https:\/\/eventsmadeira.com\/en\/event\/xxxvii-madeira-music-festival-piano-recital-for-4-hands-ocm\/#breadcrumb\",\"itemListElement\":[{\"@type\":\"ListItem\",\"position\":1,\"name\":\"Home\",\"item\":\"https:\/\/eventsmadeira.com\/en\/\"},{\"@type\":\"ListItem\",\"position\":2,\"name\":\"Events\",\"item\":\"https:\/\/eventsmadeira.com\/en\/event\/\"},{\"@type\":\"ListItem\",\"position\":3,\"name\":\"XXXVIII Madeira Music Festival | Piano and Jazz Recital with M\u00e1rio Laginha | OCM\"}]},{\"@type\":\"WebSite\",\"@id\":\"https:\/\/eventsmadeira.com\/en\/#website\",\"url\":\"https:\/\/eventsmadeira.com\/en\/\",\"name\":\"Events Madeira\",\"description\":\"\",\"potentialAction\":[{\"@type\":\"SearchAction\",\"target\":{\"@type\":\"EntryPoint\",\"urlTemplate\":\"https:\/\/eventsmadeira.com\/en\/?s={search_term_string}\"},\"query-input\":{\"@type\":\"PropertyValueSpecification\",\"valueRequired\":true,\"valueName\":\"search_term_string\"}}],\"inLanguage\":\"en-US\"}]}<\/script>\n","yoast_head_json":{"title":"XXXVIII Madeira Music Festival | Piano and Jazz Recital with M\u00e1rio Laginha | OCM - Events Madeira","robots":{"index":"index","follow":"follow","max-snippet":"max-snippet:-1","max-image-preview":"max-image-preview:large","max-video-preview":"max-video-preview:-1"},"canonical":"https:\/\/eventsmadeira.com\/en\/event\/xxxvii-madeira-music-festival-piano-recital-for-4-hands-ocm\/","og_locale":"en_US","og_type":"article","og_title":"XXXVIII Madeira Music Festival | Piano and Jazz Recital with M\u00e1rio Laginha | OCM - Events Madeira","og_description":"On 28 March, at 9 p.m., the Madeira Classical Orchestra presents a Piano and Jazz Recital, at the Vila Gal\u00e9 Santa Cruz Hotel, with the renowned musician M\u00e1rio Laginha, under the direction of violinist Norberto Gomes. Programme: M\u00e1rio Laginha\u00a0-\u201cImproviso |...","og_url":"https:\/\/eventsmadeira.com\/en\/event\/xxxvii-madeira-music-festival-piano-recital-for-4-hands-ocm\/","og_site_name":"Events Madeira","article_modified_time":"2025-01-15T14:19:52+00:00","og_image":[{"width":1130,"height":650,"url":"https:\/\/eventsmadeira.com\/oordypsa\/2024\/02\/Mario-Laginha-1130x650-1.jpg","type":"image\/jpeg"}],"twitter_card":"summary_large_image","twitter_misc":{"Est. reading time":"1 minute"},"schema":{"@context":"https:\/\/schema.org","@graph":[{"@type":"WebPage","@id":"https:\/\/eventsmadeira.com\/en\/event\/xxxvii-madeira-music-festival-piano-recital-for-4-hands-ocm\/","url":"https:\/\/eventsmadeira.com\/en\/event\/xxxvii-madeira-music-festival-piano-recital-for-4-hands-ocm\/","name":"XXXVIII Madeira Music Festival | Piano and Jazz Recital with M\u00e1rio Laginha | OCM - Events Madeira","isPartOf":{"@id":"https:\/\/eventsmadeira.com\/en\/#website"},"primaryImageOfPage":{"@id":"https:\/\/eventsmadeira.com\/en\/event\/xxxvii-madeira-music-festival-piano-recital-for-4-hands-ocm\/#primaryimage"},"image":{"@id":"https:\/\/eventsmadeira.com\/en\/event\/xxxvii-madeira-music-festival-piano-recital-for-4-hands-ocm\/#primaryimage"},"thumbnailUrl":"https:\/\/eventsmadeira.com\/oordypsa\/2024\/02\/Mario-Laginha-1130x650-1.jpg","datePublished":"2024-02-07T12:40:37+00:00","dateModified":"2025-01-15T14:19:52+00:00","breadcrumb":{"@id":"https:\/\/eventsmadeira.com\/en\/event\/xxxvii-madeira-music-festival-piano-recital-for-4-hands-ocm\/#breadcrumb"},"inLanguage":"en-US","potentialAction":[{"@type":"ReadAction","target":["https:\/\/eventsmadeira.com\/en\/event\/xxxvii-madeira-music-festival-piano-recital-for-4-hands-ocm\/"]}]},{"@type":"ImageObject","inLanguage":"en-US","@id":"https:\/\/eventsmadeira.com\/en\/event\/xxxvii-madeira-music-festival-piano-recital-for-4-hands-ocm\/#primaryimage","url":"https:\/\/eventsmadeira.com\/oordypsa\/2024\/02\/Mario-Laginha-1130x650-1.jpg","contentUrl":"https:\/\/eventsmadeira.com\/oordypsa\/2024\/02\/Mario-Laginha-1130x650-1.jpg","width":1130,"height":650},{"@type":"BreadcrumbList","@id":"https:\/\/eventsmadeira.com\/en\/event\/xxxvii-madeira-music-festival-piano-recital-for-4-hands-ocm\/#breadcrumb","itemListElement":[{"@type":"ListItem","position":1,"name":"Home","item":"https:\/\/eventsmadeira.com\/en\/"},{"@type":"ListItem","position":2,"name":"Events","item":"https:\/\/eventsmadeira.com\/en\/event\/"},{"@type":"ListItem","position":3,"name":"XXXVIII Madeira Music Festival | Piano and Jazz Recital with M\u00e1rio Laginha | OCM"}]},{"@type":"WebSite","@id":"https:\/\/eventsmadeira.com\/en\/#website","url":"https:\/\/eventsmadeira.com\/en\/","name":"Events Madeira","description":"","potentialAction":[{"@type":"SearchAction","target":{"@type":"EntryPoint","urlTemplate":"https:\/\/eventsmadeira.com\/en\/?s={search_term_string}"},"query-input":{"@type":"PropertyValueSpecification","valueRequired":true,"valueName":"search_term_string"}}],"inLanguage":"en-US"}]}},"_links":{"self":[{"href":"https:\/\/eventsmadeira.com\/en\/wp-json\/wp\/v2\/event\/18150","targetHints":{"allow":["GET"]}}],"collection":[{"href":"https:\/\/eventsmadeira.com\/en\/wp-json\/wp\/v2\/event"}],"about":[{"href":"https:\/\/eventsmadeira.com\/en\/wp-json\/wp\/v2\/types\/event"}],"author":[{"embeddable":true,"href":"https:\/\/eventsmadeira.com\/en\/wp-json\/wp\/v2\/users\/2"}],"replies":[{"embeddable":true,"href":"https:\/\/eventsmadeira.com\/en\/wp-json\/wp\/v2\/comments?post=18150"}],"version-history":[{"count":0,"href":"https:\/\/eventsmadeira.com\/en\/wp-json\/wp\/v2\/event\/18150\/revisions"}],"wp:featuredmedia":[{"embeddable":true,"href":"https:\/\/eventsmadeira.com\/en\/wp-json\/wp\/v2\/media\/22083"}],"wp:attachment":[{"href":"https:\/\/eventsmadeira.com\/en\/wp-json\/wp\/v2\/media?parent=18150"}],"wp:term":[{"taxonomy":"eventcat","embeddable":true,"href":"https:\/\/eventsmadeira.com\/en\/wp-json\/wp\/v2\/eventcat?post=18150"},{"taxonomy":"organizer","embeddable":true,"href":"https:\/\/eventsmadeira.com\/en\/wp-json\/wp\/v2\/organizer?post=18150"},{"taxonomy":"event_tags","embeddable":true,"href":"https:\/\/eventsmadeira.com\/en\/wp-json\/wp\/v2\/event_tags?post=18150"},{"taxonomy":"location","embeddable":true,"href":"https:\/\/eventsmadeira.com\/en\/wp-json\/wp\/v2\/location?post=18150"}],"curies":[{"name":"wp","href":"https:\/\/api.w.org\/{rel}","templated":true}]}}

XXXVIII Madeira Music Festival | Piano and Jazz Recital with Mário Laginha | OCM

<p>On 28 March, at 9 p.m., the Madeira Classical Orchestra presents a Piano and Jazz Recital, at the Vila Galé Santa Cruz Hotel, with the renowned musician Mário Laginha, under the direction of violinist Norberto Gomes.</p>



<p><strong>Programme: </strong><br><strong>Mário Laginha</strong> -“Improviso | Mãos Abertas | No Segundo Dia | Retorno | Fado | Another Kine of Stride | Tanto Espaço | Batuque”</p>



<p>+info: <a href="https://www.ocmadeira.pt/en/concerts/next-events/chamber-music/171-jazz-piano-recital.html" target="_blank" rel="noreferrer noopener">Official Website</a><br></p>



<figure class="wp-block-image size-large is-resized"><img loading="lazy" decoding="async" width="723" height="1024" src="https://eventsmadeira.com/oordypsa/2024/02/Festival-de-Musica-da-Madeira-2025-28-marco-723x1024.jpg" alt="" class="wp-image-22081" style="width:846px;height:auto" srcset="https://eventsmadeira.com/oordypsa/2024/02/Festival-de-Musica-da-Madeira-2025-28-marco-723x1024.jpg 723w, https://eventsmadeira.com/oordypsa/2024/02/Festival-de-Musica-da-Madeira-2025-28-marco-494x700.jpg 494w, https://eventsmadeira.com/oordypsa/2024/02/Festival-de-Musica-da-Madeira-2025-28-marco-768x1088.jpg 768w, https://eventsmadeira.com/oordypsa/2024/02/Festival-de-Musica-da-Madeira-2025-28-marco.jpg 847w" sizes="auto, (max-width: 723px) 100vw, 723px" /></figure>

<p>On 28 March, at 9 p.m., the Madeira Classical Orchestra presents a Piano and Jazz Recital, at the Vila Galé Santa Cruz Hotel, with the renowned musician Mário Laginha, under the direction of violinist Norberto Gomes. Programme: Mário Laginha -“Improviso |&#8230;</p>

<title>XXXVIII Madeira Music Festival | Piano and Jazz Recital with Mário Laginha | OCM - Events Madeira</title>
<meta name="robots" content="index, follow, max-snippet:-1, max-image-preview:large, max-video-preview:-1" />
<link rel="canonical" href="https://eventsmadeira.com/en/event/xxxvii-madeira-music-festival-piano-recital-for-4-hands-ocm/" />
<meta property="og:locale" content="en_US" />
<meta property="og:type" content="article" />
<meta property="og:title" content="XXXVIII Madeira Music Festival | Piano and Jazz Recital with Mário Laginha | OCM - Events Madeira" />
<meta property="og:description" content="On 28 March, at 9 p.m., the Madeira Classical Orchestra presents a Piano and Jazz Recital, at the Vila Galé Santa Cruz Hotel, with the renowned musician Mário Laginha, under the direction of violinist Norberto Gomes. Programme: Mário Laginha -“Improviso |..." />
<meta property="og:url" content="https://eventsmadeira.com/en/event/xxxvii-madeira-music-festival-piano-recital-for-4-hands-ocm/" />
<meta property="og:site_name" content="Events Madeira" />
<meta property="article:modified_time" content="2025-01-15T14:19:52+00:00" />
<meta property="og:image" content="https://eventsmadeira.com/oordypsa/2024/02/Mario-Laginha-1130x650-1.jpg" />
	<meta property="og:image:width" content="1130" />
	<meta property="og:image:height" content="650" />
	<meta property="og:image:type" content="image/jpeg" />
<meta name="twitter:card" content="summary_large_image" />
<meta name="twitter:label1" content="Est. reading time" />
	<meta name="twitter:data1" content="1 minute" />
<script type="application/ld+json" class="yoast-schema-graph">{"@context":"https://schema.org","@graph":[{"@type":"WebPage","@id":"https://eventsmadeira.com/en/event/xxxvii-madeira-music-festival-piano-recital-for-4-hands-ocm/","url":"https://eventsmadeira.com/en/event/xxxvii-madeira-music-festival-piano-recital-for-4-hands-ocm/","name":"XXXVIII Madeira Music Festival | Piano and Jazz Recital with Mário Laginha | OCM - Events Madeira","isPartOf":{"@id":"https://eventsmadeira.com/en/#website"},"primaryImageOfPage":{"@id":"https://eventsmadeira.com/en/event/xxxvii-madeira-music-festival-piano-recital-for-4-hands-ocm/#primaryimage"},"image":{"@id":"https://eventsmadeira.com/en/event/xxxvii-madeira-music-festival-piano-recital-for-4-hands-ocm/#primaryimage"},"thumbnailUrl":"https://eventsmadeira.com/oordypsa/2024/02/Mario-Laginha-1130x650-1.jpg","datePublished":"2024-02-07T12:40:37+00:00","dateModified":"2025-01-15T14:19:52+00:00","breadcrumb":{"@id":"https://eventsmadeira.com/en/event/xxxvii-madeira-music-festival-piano-recital-for-4-hands-ocm/#breadcrumb"},"inLanguage":"en-US","potentialAction":[{"@type":"ReadAction","target":["https://eventsmadeira.com/en/event/xxxvii-madeira-music-festival-piano-recital-for-4-hands-ocm/"]}]},{"@type":"ImageObject","inLanguage":"en-US","@id":"https://eventsmadeira.com/en/event/xxxvii-madeira-music-festival-piano-recital-for-4-hands-ocm/#primaryimage","url":"https://eventsmadeira.com/oordypsa/2024/02/Mario-Laginha-1130x650-1.jpg","contentUrl":"https://eventsmadeira.com/oordypsa/2024/02/Mario-Laginha-1130x650-1.jpg","width":1130,"height":650},{"@type":"BreadcrumbList","@id":"https://eventsmadeira.com/en/event/xxxvii-madeira-music-festival-piano-recital-for-4-hands-ocm/#breadcrumb","itemListElement":[{"@type":"ListItem","position":1,"name":"Home","item":"https://eventsmadeira.com/en/"},{"@type":"ListItem","position":2,"name":"Events","item":"https://eventsmadeira.com/en/event/"},{"@type":"ListItem","position":3,"name":"XXXVIII Madeira Music Festival | Piano and Jazz Recital with Mário Laginha | OCM"}]},{"@type":"WebSite","@id":"https://eventsmadeira.com/en/#website","url":"https://eventsmadeira.com/en/","name":"Events Madeira","description":"","potentialAction":[{"@type":"SearchAction","target":{"@type":"EntryPoint","urlTemplate":"https://eventsmadeira.com/en/?s={search_term_string}"},"query-input":{"@type":"PropertyValueSpecification","valueRequired":true,"valueName":"search_term_string"}}],"inLanguage":"en-US"}]}</script>

XXXVIII Madeira Music Festival | Piano and Jazz Recital with Mário Laginha | OCM - Events Madeira

On 28 March, at 9 p.m., the Madeira Classical Orchestra presents a Piano and Jazz Recital, at the Vila Galé Santa Cruz Hotel, with the renowned musician Mário Laginha, under the direction of violinist Norberto Gomes. Programme: Mário Laginha -“Improviso |...
