{"id":20539,"date":"2024-08-27T11:26:33","date_gmt":"2024-08-27T10:26:33","guid":{"rendered":"https:\/\/eventsmadeira.com\/event\/quintas-da-baixa\/"},"modified":"2024-08-29T10:08:26","modified_gmt":"2024-08-29T09:08:26","slug":"quintas-da-baixa","status":"publish","type":"event","link":"https:\/\/eventsmadeira.com\/en\/event\/quintas-da-baixa\/","title":{"rendered":"&#8220;Quintas da Baixa&#8221;"},"content":{"rendered":"\n<p>Quintas da Baixa&#8217; is an exclusive project of the Associa\u00e7\u00e3o de Desportos e Natureza &#8211; Ponta do Sol (ADN Ponta do Sol), in strategic partnership with Retoi\u00e7a &#8211; Associa\u00e7\u00e3o Cultural, Desportiva e Recreativa (Retoi\u00e7a &#8211; Cultural, Sporting and Recreational Association. This event aims to bring recreational and cultural dynamism to some of the summer evenings on Ponta do Sol beach. <\/p>\n\n<p>This project under the umbrella of ADN Ponta do Sol takes, place every Thursday, during the months of July and August, between 8.30pm and 10.30pm, in the bar \u2018A Baixa\u2019. <\/p>\n\n<p>The \u2018Quintas da Baixa\u2019 are \u2018 embodied\u2019 through musical concerts, inviting bands of the most diverse styles (Jazz; Bossa Nova; Blues; Pop-Pock; World Music; etc.). The shows are usually divided into two sets of 45 minutes, each separated by an interval of half an hour. These concerts are free entrance.  <\/p>\n\n<p>+ Info: <a href=\"https:\/\/www.retoica.com\/quintas-na-baixa\">Official Website<\/a><\/p>\n","protected":false},"excerpt":{"rendered":"<p>Quintas da Baixa&#8217; is an exclusive project of the Associa\u00e7\u00e3o de Desportos e Natureza &#8211; Ponta do Sol (ADN Ponta do Sol), in strategic partnership with Retoi\u00e7a &#8211; Associa\u00e7\u00e3o Cultural, Desportiva e Recreativa (Retoi\u00e7a &#8211; Cultural, Sporting and Recreational Association&#8230;.<\/p>\n","protected":false},"author":2,"featured_media":7511,"comment_status":"closed","ping_status":"closed","template":"","meta":{"_coblocks_attr":"","_coblocks_dimensions":"","_coblocks_responsive_height":"","_coblocks_accordion_ie_support":"","footnotes":""},"eventcat":[314,272],"organizer":[],"event_tags":[],"location":[289],"class_list":["post-20539","event","type-event","status-publish","has-post-thumbnail","hentry","eventcat-culture","eventcat-music-en","location-ponta-do-sol-en"],"yoast_head":"\n<title>&quot;Quintas da Baixa&quot; - Events Madeira<\/title>\n<meta name=\"robots\" content=\"index, follow, max-snippet:-1, max-image-preview:large, max-video-preview:-1\" \/>\n<link rel=\"canonical\" href=\"https:\/\/eventsmadeira.com\/en\/event\/quintas-da-baixa\/\" \/>\n<meta property=\"og:locale\" content=\"en_US\" \/>\n<meta property=\"og:type\" content=\"article\" \/>\n<meta property=\"og:title\" content=\"&quot;Quintas da Baixa&quot; - Events Madeira\" \/>\n<meta property=\"og:description\" content=\"Quintas da Baixa&#8217; is an exclusive project of the Associa\u00e7\u00e3o de Desportos e Natureza &#8211; Ponta do Sol (ADN Ponta do Sol), in strategic partnership with Retoi\u00e7a &#8211; Associa\u00e7\u00e3o Cultural, Desportiva e Recreativa (Retoi\u00e7a &#8211; Cultural, Sporting and Recreational Association....\" \/>\n<meta property=\"og:url\" content=\"https:\/\/eventsmadeira.com\/en\/event\/quintas-da-baixa\/\" \/>\n<meta property=\"og:site_name\" content=\"Events Madeira\" \/>\n<meta property=\"article:modified_time\" content=\"2024-08-29T09:08:26+00:00\" \/>\n<meta property=\"og:image\" content=\"https:\/\/eventsmadeira.com\/oordypsa\/2021\/06\/ponta-do-sol-festas-do-concelho-4.jpg\" \/>\n\t<meta property=\"og:image:width\" content=\"700\" \/>\n\t<meta property=\"og:image:height\" content=\"468\" \/>\n\t<meta property=\"og:image:type\" content=\"image\/jpeg\" \/>\n<meta name=\"twitter:card\" content=\"summary_large_image\" \/>\n<meta name=\"twitter:label1\" content=\"Est. reading time\" \/>\n\t<meta name=\"twitter:data1\" content=\"1 minute\" \/>\n<script type=\"application\/ld+json\" class=\"yoast-schema-graph\">{\"@context\":\"https:\/\/schema.org\",\"@graph\":[{\"@type\":\"WebPage\",\"@id\":\"https:\/\/eventsmadeira.com\/en\/event\/quintas-da-baixa\/\",\"url\":\"https:\/\/eventsmadeira.com\/en\/event\/quintas-da-baixa\/\",\"name\":\"\\\"Quintas da Baixa\\\" - Events Madeira\",\"isPartOf\":{\"@id\":\"https:\/\/eventsmadeira.com\/en\/#website\"},\"primaryImageOfPage\":{\"@id\":\"https:\/\/eventsmadeira.com\/en\/event\/quintas-da-baixa\/#primaryimage\"},\"image\":{\"@id\":\"https:\/\/eventsmadeira.com\/en\/event\/quintas-da-baixa\/#primaryimage\"},\"thumbnailUrl\":\"https:\/\/eventsmadeira.com\/oordypsa\/2021\/06\/ponta-do-sol-festas-do-concelho-4.jpg\",\"datePublished\":\"2024-08-27T10:26:33+00:00\",\"dateModified\":\"2024-08-29T09:08:26+00:00\",\"breadcrumb\":{\"@id\":\"https:\/\/eventsmadeira.com\/en\/event\/quintas-da-baixa\/#breadcrumb\"},\"inLanguage\":\"en-US\",\"potentialAction\":[{\"@type\":\"ReadAction\",\"target\":[\"https:\/\/eventsmadeira.com\/en\/event\/quintas-da-baixa\/\"]}]},{\"@type\":\"ImageObject\",\"inLanguage\":\"en-US\",\"@id\":\"https:\/\/eventsmadeira.com\/en\/event\/quintas-da-baixa\/#primaryimage\",\"url\":\"https:\/\/eventsmadeira.com\/oordypsa\/2021\/06\/ponta-do-sol-festas-do-concelho-4.jpg\",\"contentUrl\":\"https:\/\/eventsmadeira.com\/oordypsa\/2021\/06\/ponta-do-sol-festas-do-concelho-4.jpg\",\"width\":700,\"height\":468},{\"@type\":\"BreadcrumbList\",\"@id\":\"https:\/\/eventsmadeira.com\/en\/event\/quintas-da-baixa\/#breadcrumb\",\"itemListElement\":[{\"@type\":\"ListItem\",\"position\":1,\"name\":\"Home\",\"item\":\"https:\/\/eventsmadeira.com\/en\/\"},{\"@type\":\"ListItem\",\"position\":2,\"name\":\"Events\",\"item\":\"https:\/\/eventsmadeira.com\/en\/event\/\"},{\"@type\":\"ListItem\",\"position\":3,\"name\":\"&#8220;Quintas da Baixa&#8221;\"}]},{\"@type\":\"WebSite\",\"@id\":\"https:\/\/eventsmadeira.com\/en\/#website\",\"url\":\"https:\/\/eventsmadeira.com\/en\/\",\"name\":\"Events Madeira\",\"description\":\"\",\"potentialAction\":[{\"@type\":\"SearchAction\",\"target\":{\"@type\":\"EntryPoint\",\"urlTemplate\":\"https:\/\/eventsmadeira.com\/en\/?s={search_term_string}\"},\"query-input\":{\"@type\":\"PropertyValueSpecification\",\"valueRequired\":true,\"valueName\":\"search_term_string\"}}],\"inLanguage\":\"en-US\"}]}<\/script>\n","yoast_head_json":{"title":"\"Quintas da Baixa\" - Events Madeira","robots":{"index":"index","follow":"follow","max-snippet":"max-snippet:-1","max-image-preview":"max-image-preview:large","max-video-preview":"max-video-preview:-1"},"canonical":"https:\/\/eventsmadeira.com\/en\/event\/quintas-da-baixa\/","og_locale":"en_US","og_type":"article","og_title":"\"Quintas da Baixa\" - Events Madeira","og_description":"Quintas da Baixa&#8217; is an exclusive project of the Associa\u00e7\u00e3o de Desportos e Natureza &#8211; Ponta do Sol (ADN Ponta do Sol), in strategic partnership with Retoi\u00e7a &#8211; Associa\u00e7\u00e3o Cultural, Desportiva e Recreativa (Retoi\u00e7a &#8211; Cultural, Sporting and Recreational Association....","og_url":"https:\/\/eventsmadeira.com\/en\/event\/quintas-da-baixa\/","og_site_name":"Events Madeira","article_modified_time":"2024-08-29T09:08:26+00:00","og_image":[{"width":700,"height":468,"url":"https:\/\/eventsmadeira.com\/oordypsa\/2021\/06\/ponta-do-sol-festas-do-concelho-4.jpg","type":"image\/jpeg"}],"twitter_card":"summary_large_image","twitter_misc":{"Est. reading time":"1 minute"},"schema":{"@context":"https:\/\/schema.org","@graph":[{"@type":"WebPage","@id":"https:\/\/eventsmadeira.com\/en\/event\/quintas-da-baixa\/","url":"https:\/\/eventsmadeira.com\/en\/event\/quintas-da-baixa\/","name":"\"Quintas da Baixa\" - Events Madeira","isPartOf":{"@id":"https:\/\/eventsmadeira.com\/en\/#website"},"primaryImageOfPage":{"@id":"https:\/\/eventsmadeira.com\/en\/event\/quintas-da-baixa\/#primaryimage"},"image":{"@id":"https:\/\/eventsmadeira.com\/en\/event\/quintas-da-baixa\/#primaryimage"},"thumbnailUrl":"https:\/\/eventsmadeira.com\/oordypsa\/2021\/06\/ponta-do-sol-festas-do-concelho-4.jpg","datePublished":"2024-08-27T10:26:33+00:00","dateModified":"2024-08-29T09:08:26+00:00","breadcrumb":{"@id":"https:\/\/eventsmadeira.com\/en\/event\/quintas-da-baixa\/#breadcrumb"},"inLanguage":"en-US","potentialAction":[{"@type":"ReadAction","target":["https:\/\/eventsmadeira.com\/en\/event\/quintas-da-baixa\/"]}]},{"@type":"ImageObject","inLanguage":"en-US","@id":"https:\/\/eventsmadeira.com\/en\/event\/quintas-da-baixa\/#primaryimage","url":"https:\/\/eventsmadeira.com\/oordypsa\/2021\/06\/ponta-do-sol-festas-do-concelho-4.jpg","contentUrl":"https:\/\/eventsmadeira.com\/oordypsa\/2021\/06\/ponta-do-sol-festas-do-concelho-4.jpg","width":700,"height":468},{"@type":"BreadcrumbList","@id":"https:\/\/eventsmadeira.com\/en\/event\/quintas-da-baixa\/#breadcrumb","itemListElement":[{"@type":"ListItem","position":1,"name":"Home","item":"https:\/\/eventsmadeira.com\/en\/"},{"@type":"ListItem","position":2,"name":"Events","item":"https:\/\/eventsmadeira.com\/en\/event\/"},{"@type":"ListItem","position":3,"name":"&#8220;Quintas da Baixa&#8221;"}]},{"@type":"WebSite","@id":"https:\/\/eventsmadeira.com\/en\/#website","url":"https:\/\/eventsmadeira.com\/en\/","name":"Events Madeira","description":"","potentialAction":[{"@type":"SearchAction","target":{"@type":"EntryPoint","urlTemplate":"https:\/\/eventsmadeira.com\/en\/?s={search_term_string}"},"query-input":{"@type":"PropertyValueSpecification","valueRequired":true,"valueName":"search_term_string"}}],"inLanguage":"en-US"}]}},"_links":{"self":[{"href":"https:\/\/eventsmadeira.com\/en\/wp-json\/wp\/v2\/event\/20539","targetHints":{"allow":["GET"]}}],"collection":[{"href":"https:\/\/eventsmadeira.com\/en\/wp-json\/wp\/v2\/event"}],"about":[{"href":"https:\/\/eventsmadeira.com\/en\/wp-json\/wp\/v2\/types\/event"}],"author":[{"embeddable":true,"href":"https:\/\/eventsmadeira.com\/en\/wp-json\/wp\/v2\/users\/2"}],"replies":[{"embeddable":true,"href":"https:\/\/eventsmadeira.com\/en\/wp-json\/wp\/v2\/comments?post=20539"}],"version-history":[{"count":0,"href":"https:\/\/eventsmadeira.com\/en\/wp-json\/wp\/v2\/event\/20539\/revisions"}],"wp:featuredmedia":[{"embeddable":true,"href":"https:\/\/eventsmadeira.com\/en\/wp-json\/wp\/v2\/media\/7511"}],"wp:attachment":[{"href":"https:\/\/eventsmadeira.com\/en\/wp-json\/wp\/v2\/media?parent=20539"}],"wp:term":[{"taxonomy":"eventcat","embeddable":true,"href":"https:\/\/eventsmadeira.com\/en\/wp-json\/wp\/v2\/eventcat?post=20539"},{"taxonomy":"organizer","embeddable":true,"href":"https:\/\/eventsmadeira.com\/en\/wp-json\/wp\/v2\/organizer?post=20539"},{"taxonomy":"event_tags","embeddable":true,"href":"https:\/\/eventsmadeira.com\/en\/wp-json\/wp\/v2\/event_tags?post=20539"},{"taxonomy":"location","embeddable":true,"href":"https:\/\/eventsmadeira.com\/en\/wp-json\/wp\/v2\/location?post=20539"}],"curies":[{"name":"wp","href":"https:\/\/api.w.org\/{rel}","templated":true}]}}

<p>Quintas da Baixa&#8217; is an exclusive project of the Associação de Desportos e Natureza &#8211; Ponta do Sol (ADN Ponta do Sol), in strategic partnership with Retoiça &#8211; Associação Cultural, Desportiva e Recreativa (Retoiça &#8211; Cultural, Sporting and Recreational Association. This event aims to bring recreational and cultural dynamism to some of the summer evenings on Ponta do Sol beach. </p>

<p>This project under the umbrella of ADN Ponta do Sol takes, place every Thursday, during the months of July and August, between 8.30pm and 10.30pm, in the bar ‘A Baixa’. </p>

<p>The ‘Quintas da Baixa’ are ‘ embodied’ through musical concerts, inviting bands of the most diverse styles (Jazz; Bossa Nova; Blues; Pop-Pock; World Music; etc.). The shows are usually divided into two sets of 45 minutes, each separated by an interval of half an hour. These concerts are free entrance.  </p>

<p>+ Info: <a href="https://www.retoica.com/quintas-na-baixa">Official Website</a></p>

<p>Quintas da Baixa&#8217; is an exclusive project of the Associação de Desportos e Natureza &#8211; Ponta do Sol (ADN Ponta do Sol), in strategic partnership with Retoiça &#8211; Associação Cultural, Desportiva e Recreativa (Retoiça &#8211; Cultural, Sporting and Recreational Association&#8230;.</p>

<title>&quot;Quintas da Baixa&quot; - Events Madeira</title>
<meta name="robots" content="index, follow, max-snippet:-1, max-image-preview:large, max-video-preview:-1" />
<link rel="canonical" href="https://eventsmadeira.com/en/event/quintas-da-baixa/" />
<meta property="og:locale" content="en_US" />
<meta property="og:type" content="article" />
<meta property="og:title" content="&quot;Quintas da Baixa&quot; - Events Madeira" />
<meta property="og:description" content="Quintas da Baixa&#8217; is an exclusive project of the Associação de Desportos e Natureza &#8211; Ponta do Sol (ADN Ponta do Sol), in strategic partnership with Retoiça &#8211; Associação Cultural, Desportiva e Recreativa (Retoiça &#8211; Cultural, Sporting and Recreational Association...." />
<meta property="og:url" content="https://eventsmadeira.com/en/event/quintas-da-baixa/" />
<meta property="og:site_name" content="Events Madeira" />
<meta property="article:modified_time" content="2024-08-29T09:08:26+00:00" />
<meta property="og:image" content="https://eventsmadeira.com/oordypsa/2021/06/ponta-do-sol-festas-do-concelho-4.jpg" />
	<meta property="og:image:width" content="700" />
	<meta property="og:image:height" content="468" />
	<meta property="og:image:type" content="image/jpeg" />
<meta name="twitter:card" content="summary_large_image" />
<meta name="twitter:label1" content="Est. reading time" />
	<meta name="twitter:data1" content="1 minute" />
<script type="application/ld+json" class="yoast-schema-graph">{"@context":"https://schema.org","@graph":[{"@type":"WebPage","@id":"https://eventsmadeira.com/en/event/quintas-da-baixa/","url":"https://eventsmadeira.com/en/event/quintas-da-baixa/","name":"\"Quintas da Baixa\" - Events Madeira","isPartOf":{"@id":"https://eventsmadeira.com/en/#website"},"primaryImageOfPage":{"@id":"https://eventsmadeira.com/en/event/quintas-da-baixa/#primaryimage"},"image":{"@id":"https://eventsmadeira.com/en/event/quintas-da-baixa/#primaryimage"},"thumbnailUrl":"https://eventsmadeira.com/oordypsa/2021/06/ponta-do-sol-festas-do-concelho-4.jpg","datePublished":"2024-08-27T10:26:33+00:00","dateModified":"2024-08-29T09:08:26+00:00","breadcrumb":{"@id":"https://eventsmadeira.com/en/event/quintas-da-baixa/#breadcrumb"},"inLanguage":"en-US","potentialAction":[{"@type":"ReadAction","target":["https://eventsmadeira.com/en/event/quintas-da-baixa/"]}]},{"@type":"ImageObject","inLanguage":"en-US","@id":"https://eventsmadeira.com/en/event/quintas-da-baixa/#primaryimage","url":"https://eventsmadeira.com/oordypsa/2021/06/ponta-do-sol-festas-do-concelho-4.jpg","contentUrl":"https://eventsmadeira.com/oordypsa/2021/06/ponta-do-sol-festas-do-concelho-4.jpg","width":700,"height":468},{"@type":"BreadcrumbList","@id":"https://eventsmadeira.com/en/event/quintas-da-baixa/#breadcrumb","itemListElement":[{"@type":"ListItem","position":1,"name":"Home","item":"https://eventsmadeira.com/en/"},{"@type":"ListItem","position":2,"name":"Events","item":"https://eventsmadeira.com/en/event/"},{"@type":"ListItem","position":3,"name":"&#8220;Quintas da Baixa&#8221;"}]},{"@type":"WebSite","@id":"https://eventsmadeira.com/en/#website","url":"https://eventsmadeira.com/en/","name":"Events Madeira","description":"","potentialAction":[{"@type":"SearchAction","target":{"@type":"EntryPoint","urlTemplate":"https://eventsmadeira.com/en/?s={search_term_string}"},"query-input":{"@type":"PropertyValueSpecification","valueRequired":true,"valueName":"search_term_string"}}],"inLanguage":"en-US"}]}</script>

Quintas da Baixa&#8217; is an exclusive project of the Associação de Desportos e Natureza &#8211; Ponta do Sol (ADN Ponta do Sol), in strategic partnership with Retoiça &#8211; Associação Cultural, Desportiva e Recreativa (Retoiça &#8211; Cultural, Sporting and Recreational Association....
