{"id":20597,"date":"2024-08-28T14:37:19","date_gmt":"2024-08-28T13:37:19","guid":{"rendered":"https:\/\/eventsmadeira.com\/event\/festibrava-2024\/"},"modified":"2024-08-28T14:37:20","modified_gmt":"2024-08-28T13:37:20","slug":"festibrava-2024","status":"publish","type":"event","link":"https:\/\/eventsmadeira.com\/en\/event\/festibrava-2024\/","title":{"rendered":"Festibrava 2024"},"content":{"rendered":"\n<p>This coming Sunday, September 1st, the seafront of Ribeira Brava will once again be the venue for another edition of the FESTIBRAVA Folklore Festival. <br\/><br\/><br\/>This year&#8217;s event, which has been held since 2001, will feature five folklore groups: the Casa do Povo da Ribeira Brava Folklore Group, the Santo Ant\u00f3nio Cultural Centre Folklore Group, the Casa do Povo de Campan\u00e1rio Folklore Group, the Arruda dos Vinhos Pruning and Harvest Folklore Group and the S\u00e3o Louren\u00e7o da Montaria Ethnographic Group.<br\/><br\/><br\/>The festival&#8217;s programme, promises to be full of music, dance and entertainment, and begins at 17:30 with an opening parade in which all five groups will parade from Ribeira Brava&#8217;s Casa do Povo to the center stage. Later there will be individual performances by each group starting at 18:00. <br\/><br\/>FESTIBRAVA is a cultural event, full of dreams and tradition, and is organised by the Casa do Povo da Ribeira Brava, in collaboration with Ribeira Brava Town Hall.<\/p>\n\n<p><br\/>+ Info: <a href=\"https:\/\/www.facebook.com\/photo\/?fbid=490930477057158&amp;set=a.146162134867329&amp;locale=pt_PT\" target=\"_blank\" rel=\"noreferrer noopener\">Official Website<\/a> <\/p>\n\n<figure class=\"wp-block-image size-full is-resized\"><img loading=\"lazy\" decoding=\"async\" width=\"563\" height=\"563\" src=\"https:\/\/eventsmadeira.com\/oordypsa\/2024\/08\/Festibrava-2024.jpg\" alt=\"\" class=\"wp-image-20594\" style=\"width:812px;height:auto\" srcset=\"https:\/\/eventsmadeira.com\/oordypsa\/2024\/08\/Festibrava-2024.jpg 563w, https:\/\/eventsmadeira.com\/oordypsa\/2024\/08\/Festibrava-2024-150x150.jpg 150w, https:\/\/eventsmadeira.com\/oordypsa\/2024\/08\/Festibrava-2024-350x350.jpg 350w, https:\/\/eventsmadeira.com\/oordypsa\/2024\/08\/Festibrava-2024-85x85.jpg 85w\" sizes=\"auto, (max-width: 563px) 100vw, 563px\" \/><\/figure>\n\n<p><\/p>\n\n<p><\/p>\n\n<p><\/p>\n","protected":false},"excerpt":{"rendered":"<p>This coming Sunday, September 1st, the seafront of Ribeira Brava will once again be the venue for another edition of the FESTIBRAVA Folklore Festival. This year&#8217;s event, which has been held since 2001, will feature five folklore groups: the Casa&#8230;<\/p>\n","protected":false},"author":2,"featured_media":0,"comment_status":"closed","ping_status":"closed","template":"","meta":{"_coblocks_attr":"","_coblocks_dimensions":"","_coblocks_responsive_height":"","_coblocks_accordion_ie_support":"","footnotes":""},"eventcat":[314,272],"organizer":[],"event_tags":[],"location":[288],"class_list":["post-20597","event","type-event","status-publish","hentry","eventcat-culture","eventcat-music-en","location-ribeira-brava-en"],"yoast_head":"\n<title>Festibrava 2024 - Events Madeira<\/title>\n<meta name=\"robots\" content=\"index, follow, max-snippet:-1, max-image-preview:large, max-video-preview:-1\" \/>\n<link rel=\"canonical\" href=\"https:\/\/eventsmadeira.com\/en\/event\/festibrava-2024\/\" \/>\n<meta property=\"og:locale\" content=\"en_US\" \/>\n<meta property=\"og:type\" content=\"article\" \/>\n<meta property=\"og:title\" content=\"Festibrava 2024 - Events Madeira\" \/>\n<meta property=\"og:description\" content=\"This coming Sunday, September 1st, the seafront of Ribeira Brava will once again be the venue for another edition of the FESTIBRAVA Folklore Festival. This year&#8217;s event, which has been held since 2001, will feature five folklore groups: the Casa...\" \/>\n<meta property=\"og:url\" content=\"https:\/\/eventsmadeira.com\/en\/event\/festibrava-2024\/\" \/>\n<meta property=\"og:site_name\" content=\"Events Madeira\" \/>\n<meta property=\"article:modified_time\" content=\"2024-08-28T13:37:20+00:00\" \/>\n<meta property=\"og:image\" content=\"https:\/\/eventsmadeira.com\/oordypsa\/2023\/05\/Festa-do-Vinho-Madeir-2023-2-\u00a9Francisco-Correia.jpg\" \/>\n\t<meta property=\"og:image:width\" content=\"1200\" \/>\n\t<meta property=\"og:image:height\" content=\"675\" \/>\n\t<meta property=\"og:image:type\" content=\"image\/jpeg\" \/>\n<meta name=\"twitter:card\" content=\"summary_large_image\" \/>\n<meta name=\"twitter:label1\" content=\"Est. reading time\" \/>\n\t<meta name=\"twitter:data1\" content=\"1 minute\" \/>\n<script type=\"application\/ld+json\" class=\"yoast-schema-graph\">{\"@context\":\"https:\/\/schema.org\",\"@graph\":[{\"@type\":\"WebPage\",\"@id\":\"https:\/\/eventsmadeira.com\/en\/event\/festibrava-2024\/\",\"url\":\"https:\/\/eventsmadeira.com\/en\/event\/festibrava-2024\/\",\"name\":\"Festibrava 2024 - Events Madeira\",\"isPartOf\":{\"@id\":\"https:\/\/eventsmadeira.com\/en\/#website\"},\"primaryImageOfPage\":{\"@id\":\"https:\/\/eventsmadeira.com\/en\/event\/festibrava-2024\/#primaryimage\"},\"image\":{\"@id\":\"https:\/\/eventsmadeira.com\/en\/event\/festibrava-2024\/#primaryimage\"},\"thumbnailUrl\":\"https:\/\/eventsmadeira.com\/oordypsa\/2024\/08\/Festibrava-2024.jpg\",\"datePublished\":\"2024-08-28T13:37:19+00:00\",\"dateModified\":\"2024-08-28T13:37:20+00:00\",\"breadcrumb\":{\"@id\":\"https:\/\/eventsmadeira.com\/en\/event\/festibrava-2024\/#breadcrumb\"},\"inLanguage\":\"en-US\",\"potentialAction\":[{\"@type\":\"ReadAction\",\"target\":[\"https:\/\/eventsmadeira.com\/en\/event\/festibrava-2024\/\"]}]},{\"@type\":\"ImageObject\",\"inLanguage\":\"en-US\",\"@id\":\"https:\/\/eventsmadeira.com\/en\/event\/festibrava-2024\/#primaryimage\",\"url\":\"https:\/\/eventsmadeira.com\/oordypsa\/2024\/08\/Festibrava-2024.jpg\",\"contentUrl\":\"https:\/\/eventsmadeira.com\/oordypsa\/2024\/08\/Festibrava-2024.jpg\"},{\"@type\":\"BreadcrumbList\",\"@id\":\"https:\/\/eventsmadeira.com\/en\/event\/festibrava-2024\/#breadcrumb\",\"itemListElement\":[{\"@type\":\"ListItem\",\"position\":1,\"name\":\"Home\",\"item\":\"https:\/\/eventsmadeira.com\/en\/\"},{\"@type\":\"ListItem\",\"position\":2,\"name\":\"Events\",\"item\":\"https:\/\/eventsmadeira.com\/en\/event\/\"},{\"@type\":\"ListItem\",\"position\":3,\"name\":\"Festibrava 2024\"}]},{\"@type\":\"WebSite\",\"@id\":\"https:\/\/eventsmadeira.com\/en\/#website\",\"url\":\"https:\/\/eventsmadeira.com\/en\/\",\"name\":\"Events Madeira\",\"description\":\"\",\"potentialAction\":[{\"@type\":\"SearchAction\",\"target\":{\"@type\":\"EntryPoint\",\"urlTemplate\":\"https:\/\/eventsmadeira.com\/en\/?s={search_term_string}\"},\"query-input\":{\"@type\":\"PropertyValueSpecification\",\"valueRequired\":true,\"valueName\":\"search_term_string\"}}],\"inLanguage\":\"en-US\"}]}<\/script>\n","yoast_head_json":{"title":"Festibrava 2024 - Events Madeira","robots":{"index":"index","follow":"follow","max-snippet":"max-snippet:-1","max-image-preview":"max-image-preview:large","max-video-preview":"max-video-preview:-1"},"canonical":"https:\/\/eventsmadeira.com\/en\/event\/festibrava-2024\/","og_locale":"en_US","og_type":"article","og_title":"Festibrava 2024 - Events Madeira","og_description":"This coming Sunday, September 1st, the seafront of Ribeira Brava will once again be the venue for another edition of the FESTIBRAVA Folklore Festival. This year&#8217;s event, which has been held since 2001, will feature five folklore groups: the Casa...","og_url":"https:\/\/eventsmadeira.com\/en\/event\/festibrava-2024\/","og_site_name":"Events Madeira","article_modified_time":"2024-08-28T13:37:20+00:00","og_image":[{"width":1200,"height":675,"url":"https:\/\/eventsmadeira.com\/oordypsa\/2023\/05\/Festa-do-Vinho-Madeir-2023-2-\u00a9Francisco-Correia.jpg","type":"image\/jpeg"}],"twitter_card":"summary_large_image","twitter_misc":{"Est. reading time":"1 minute"},"schema":{"@context":"https:\/\/schema.org","@graph":[{"@type":"WebPage","@id":"https:\/\/eventsmadeira.com\/en\/event\/festibrava-2024\/","url":"https:\/\/eventsmadeira.com\/en\/event\/festibrava-2024\/","name":"Festibrava 2024 - Events Madeira","isPartOf":{"@id":"https:\/\/eventsmadeira.com\/en\/#website"},"primaryImageOfPage":{"@id":"https:\/\/eventsmadeira.com\/en\/event\/festibrava-2024\/#primaryimage"},"image":{"@id":"https:\/\/eventsmadeira.com\/en\/event\/festibrava-2024\/#primaryimage"},"thumbnailUrl":"https:\/\/eventsmadeira.com\/oordypsa\/2024\/08\/Festibrava-2024.jpg","datePublished":"2024-08-28T13:37:19+00:00","dateModified":"2024-08-28T13:37:20+00:00","breadcrumb":{"@id":"https:\/\/eventsmadeira.com\/en\/event\/festibrava-2024\/#breadcrumb"},"inLanguage":"en-US","potentialAction":[{"@type":"ReadAction","target":["https:\/\/eventsmadeira.com\/en\/event\/festibrava-2024\/"]}]},{"@type":"ImageObject","inLanguage":"en-US","@id":"https:\/\/eventsmadeira.com\/en\/event\/festibrava-2024\/#primaryimage","url":"https:\/\/eventsmadeira.com\/oordypsa\/2024\/08\/Festibrava-2024.jpg","contentUrl":"https:\/\/eventsmadeira.com\/oordypsa\/2024\/08\/Festibrava-2024.jpg"},{"@type":"BreadcrumbList","@id":"https:\/\/eventsmadeira.com\/en\/event\/festibrava-2024\/#breadcrumb","itemListElement":[{"@type":"ListItem","position":1,"name":"Home","item":"https:\/\/eventsmadeira.com\/en\/"},{"@type":"ListItem","position":2,"name":"Events","item":"https:\/\/eventsmadeira.com\/en\/event\/"},{"@type":"ListItem","position":3,"name":"Festibrava 2024"}]},{"@type":"WebSite","@id":"https:\/\/eventsmadeira.com\/en\/#website","url":"https:\/\/eventsmadeira.com\/en\/","name":"Events Madeira","description":"","potentialAction":[{"@type":"SearchAction","target":{"@type":"EntryPoint","urlTemplate":"https:\/\/eventsmadeira.com\/en\/?s={search_term_string}"},"query-input":{"@type":"PropertyValueSpecification","valueRequired":true,"valueName":"search_term_string"}}],"inLanguage":"en-US"}]}},"_links":{"self":[{"href":"https:\/\/eventsmadeira.com\/en\/wp-json\/wp\/v2\/event\/20597","targetHints":{"allow":["GET"]}}],"collection":[{"href":"https:\/\/eventsmadeira.com\/en\/wp-json\/wp\/v2\/event"}],"about":[{"href":"https:\/\/eventsmadeira.com\/en\/wp-json\/wp\/v2\/types\/event"}],"author":[{"embeddable":true,"href":"https:\/\/eventsmadeira.com\/en\/wp-json\/wp\/v2\/users\/2"}],"replies":[{"embeddable":true,"href":"https:\/\/eventsmadeira.com\/en\/wp-json\/wp\/v2\/comments?post=20597"}],"version-history":[{"count":0,"href":"https:\/\/eventsmadeira.com\/en\/wp-json\/wp\/v2\/event\/20597\/revisions"}],"wp:attachment":[{"href":"https:\/\/eventsmadeira.com\/en\/wp-json\/wp\/v2\/media?parent=20597"}],"wp:term":[{"taxonomy":"eventcat","embeddable":true,"href":"https:\/\/eventsmadeira.com\/en\/wp-json\/wp\/v2\/eventcat?post=20597"},{"taxonomy":"organizer","embeddable":true,"href":"https:\/\/eventsmadeira.com\/en\/wp-json\/wp\/v2\/organizer?post=20597"},{"taxonomy":"event_tags","embeddable":true,"href":"https:\/\/eventsmadeira.com\/en\/wp-json\/wp\/v2\/event_tags?post=20597"},{"taxonomy":"location","embeddable":true,"href":"https:\/\/eventsmadeira.com\/en\/wp-json\/wp\/v2\/location?post=20597"}],"curies":[{"name":"wp","href":"https:\/\/api.w.org\/{rel}","templated":true}]}}

<p>This coming Sunday, September 1st, the seafront of Ribeira Brava will once again be the venue for another edition of the FESTIBRAVA Folklore Festival. <br/><br/><br/>This year&#8217;s event, which has been held since 2001, will feature five folklore groups: the Casa do Povo da Ribeira Brava Folklore Group, the Santo António Cultural Centre Folklore Group, the Casa do Povo de Campanário Folklore Group, the Arruda dos Vinhos Pruning and Harvest Folklore Group and the São Lourenço da Montaria Ethnographic Group.<br/><br/><br/>The festival&#8217;s programme, promises to be full of music, dance and entertainment, and begins at 17:30 with an opening parade in which all five groups will parade from Ribeira Brava&#8217;s Casa do Povo to the center stage. Later there will be individual performances by each group starting at 18:00. <br/><br/>FESTIBRAVA is a cultural event, full of dreams and tradition, and is organised by the Casa do Povo da Ribeira Brava, in collaboration with Ribeira Brava Town Hall.</p>

<p><br/>+ Info: <a href="https://www.facebook.com/photo/?fbid=490930477057158&amp;set=a.146162134867329&amp;locale=pt_PT" target="_blank" rel="noreferrer noopener">Official Website</a> </p>

<figure class="wp-block-image size-full is-resized"><img loading="lazy" decoding="async" width="563" height="563" src="https://eventsmadeira.com/oordypsa/2024/08/Festibrava-2024.jpg" alt="" class="wp-image-20594" style="width:812px;height:auto" srcset="https://eventsmadeira.com/oordypsa/2024/08/Festibrava-2024.jpg 563w, https://eventsmadeira.com/oordypsa/2024/08/Festibrava-2024-150x150.jpg 150w, https://eventsmadeira.com/oordypsa/2024/08/Festibrava-2024-350x350.jpg 350w, https://eventsmadeira.com/oordypsa/2024/08/Festibrava-2024-85x85.jpg 85w" sizes="auto, (max-width: 563px) 100vw, 563px" /></figure>

<p></p>

<p></p>

<p></p>
