{"id":24742,"date":"2025-08-19T16:14:05","date_gmt":"2025-08-19T15:14:05","guid":{"rendered":"https:\/\/eventsmadeira.com\/event\/international-funchal-folk-festival-arraial-do-mundo\/"},"modified":"2025-08-19T16:14:06","modified_gmt":"2025-08-19T15:14:06","slug":"international-funchal-folk-festival-arraial-do-mundo","status":"publish","type":"event","link":"https:\/\/eventsmadeira.com\/en\/event\/international-funchal-folk-festival-arraial-do-mundo\/","title":{"rendered":"International Funchal Folk Festival &#8211; Arraial do Mundo"},"content":{"rendered":"\n<p>From August 18 to 22, Funchal hosts another edition of the International Folklore Festival Funchal Folk &#8211; Arraial do Mundo.<\/p>\n\n<p>The Monteverde Folklore Group is organising the event, which will feature the participation of various folklore groups from Austria, Algeria, Croatia, Mexico, and Romania. With their colors, rhythms, and melodies, these groups promise unique shows of tradition and folklore, in a wealth of unique cultural experiences.<\/p>\n\n<p>The participating groups will perform in the courtyard of Imaculado Cora\u00e7\u00e3o de Maria church, on August,18th,19th and 21st. These performances are integrated in the Imaculado Cora\u00e7\u00e3o de Maria festivities.<\/p>\n\n<p>On the morning of the 20th, some of the streets in the downtown area between Largo do Munic\u00edpio to the Baltazar Dias Municipal Theater will be the center stage of a street parade by the groups participating in the event. On the last day of the festival, 22 August, the performances will take place at Cais 8 at 9 p.m. <\/p>\n\n<p>+ info: <a href=\"https:\/\/www.facebook.com\/profile.php?id=61550493723994\" target=\"_blank\" rel=\"noreferrer noopener\">Facebook <\/a> <br\/><br\/><\/p>\n\n<figure class=\"wp-block-image size-large is-resized\"><img loading=\"lazy\" decoding=\"async\" width=\"819\" height=\"1024\" src=\"https:\/\/eventsmadeira.com\/oordypsa\/2025\/08\/Festival-Internacional-Funchal-Folk-2025-819x1024.jpg\" alt=\"\" class=\"wp-image-24734\" style=\"width:840px;height:auto\" srcset=\"https:\/\/eventsmadeira.com\/oordypsa\/2025\/08\/Festival-Internacional-Funchal-Folk-2025-819x1024.jpg 819w, https:\/\/eventsmadeira.com\/oordypsa\/2025\/08\/Festival-Internacional-Funchal-Folk-2025-560x700.jpg 560w, https:\/\/eventsmadeira.com\/oordypsa\/2025\/08\/Festival-Internacional-Funchal-Folk-2025-768x960.jpg 768w, https:\/\/eventsmadeira.com\/oordypsa\/2025\/08\/Festival-Internacional-Funchal-Folk-2025.jpg 960w\" sizes=\"auto, (max-width: 819px) 100vw, 819px\" \/><\/figure>\n\n<p><\/p>\n","protected":false},"excerpt":{"rendered":"<p>From August 18 to 22, Funchal hosts another edition of the International Folklore Festival Funchal Folk &#8211; Arraial do Mundo. The Monteverde Folklore Group is organising the event, which will feature the participation of various folklore groups from Austria, Algeria,&#8230;<\/p>\n","protected":false},"author":2,"featured_media":24737,"comment_status":"closed","ping_status":"closed","template":"","meta":{"_coblocks_attr":"","_coblocks_dimensions":"","_coblocks_responsive_height":"","_coblocks_accordion_ie_support":"","footnotes":""},"eventcat":[314,272],"organizer":[],"event_tags":[],"location":[295],"class_list":["post-24742","event","type-event","status-publish","has-post-thumbnail","hentry","eventcat-culture","eventcat-music-en","location-funchal-en"],"yoast_head":"\n<title>International Funchal Folk Festival - Arraial do Mundo - Events Madeira<\/title>\n<meta name=\"robots\" content=\"index, follow, max-snippet:-1, max-image-preview:large, max-video-preview:-1\" \/>\n<link rel=\"canonical\" href=\"https:\/\/eventsmadeira.com\/en\/event\/international-funchal-folk-festival-arraial-do-mundo\/\" \/>\n<meta property=\"og:locale\" content=\"en_US\" \/>\n<meta property=\"og:type\" content=\"article\" \/>\n<meta property=\"og:title\" content=\"International Funchal Folk Festival - Arraial do Mundo - Events Madeira\" \/>\n<meta property=\"og:description\" content=\"From August 18 to 22, Funchal hosts another edition of the International Folklore Festival Funchal Folk &#8211; Arraial do Mundo. The Monteverde Folklore Group is organising the event, which will feature the participation of various folklore groups from Austria, Algeria,...\" \/>\n<meta property=\"og:url\" content=\"https:\/\/eventsmadeira.com\/en\/event\/international-funchal-folk-festival-arraial-do-mundo\/\" \/>\n<meta property=\"og:site_name\" content=\"Events Madeira\" \/>\n<meta property=\"article:modified_time\" content=\"2025-08-19T15:14:06+00:00\" \/>\n<meta property=\"og:image\" content=\"https:\/\/eventsmadeira.com\/oordypsa\/2025\/08\/Festival-Internacional-Funchal-Folk-2025-foto-1130x650-1.jpg\" \/>\n\t<meta property=\"og:image:width\" content=\"1130\" \/>\n\t<meta property=\"og:image:height\" content=\"650\" \/>\n\t<meta property=\"og:image:type\" content=\"image\/jpeg\" \/>\n<meta name=\"twitter:card\" content=\"summary_large_image\" \/>\n<meta name=\"twitter:label1\" content=\"Est. reading time\" \/>\n\t<meta name=\"twitter:data1\" content=\"1 minute\" \/>\n<script type=\"application\/ld+json\" class=\"yoast-schema-graph\">{\"@context\":\"https:\/\/schema.org\",\"@graph\":[{\"@type\":\"WebPage\",\"@id\":\"https:\/\/eventsmadeira.com\/en\/event\/international-funchal-folk-festival-arraial-do-mundo\/\",\"url\":\"https:\/\/eventsmadeira.com\/en\/event\/international-funchal-folk-festival-arraial-do-mundo\/\",\"name\":\"International Funchal Folk Festival - Arraial do Mundo - Events Madeira\",\"isPartOf\":{\"@id\":\"https:\/\/eventsmadeira.com\/en\/#website\"},\"primaryImageOfPage\":{\"@id\":\"https:\/\/eventsmadeira.com\/en\/event\/international-funchal-folk-festival-arraial-do-mundo\/#primaryimage\"},\"image\":{\"@id\":\"https:\/\/eventsmadeira.com\/en\/event\/international-funchal-folk-festival-arraial-do-mundo\/#primaryimage\"},\"thumbnailUrl\":\"https:\/\/eventsmadeira.com\/oordypsa\/2025\/08\/Festival-Internacional-Funchal-Folk-2025-foto-1130x650-1.jpg\",\"datePublished\":\"2025-08-19T15:14:05+00:00\",\"dateModified\":\"2025-08-19T15:14:06+00:00\",\"breadcrumb\":{\"@id\":\"https:\/\/eventsmadeira.com\/en\/event\/international-funchal-folk-festival-arraial-do-mundo\/#breadcrumb\"},\"inLanguage\":\"en-US\",\"potentialAction\":[{\"@type\":\"ReadAction\",\"target\":[\"https:\/\/eventsmadeira.com\/en\/event\/international-funchal-folk-festival-arraial-do-mundo\/\"]}]},{\"@type\":\"ImageObject\",\"inLanguage\":\"en-US\",\"@id\":\"https:\/\/eventsmadeira.com\/en\/event\/international-funchal-folk-festival-arraial-do-mundo\/#primaryimage\",\"url\":\"https:\/\/eventsmadeira.com\/oordypsa\/2025\/08\/Festival-Internacional-Funchal-Folk-2025-foto-1130x650-1.jpg\",\"contentUrl\":\"https:\/\/eventsmadeira.com\/oordypsa\/2025\/08\/Festival-Internacional-Funchal-Folk-2025-foto-1130x650-1.jpg\",\"width\":1130,\"height\":650},{\"@type\":\"BreadcrumbList\",\"@id\":\"https:\/\/eventsmadeira.com\/en\/event\/international-funchal-folk-festival-arraial-do-mundo\/#breadcrumb\",\"itemListElement\":[{\"@type\":\"ListItem\",\"position\":1,\"name\":\"Home\",\"item\":\"https:\/\/eventsmadeira.com\/en\/\"},{\"@type\":\"ListItem\",\"position\":2,\"name\":\"Events\",\"item\":\"https:\/\/eventsmadeira.com\/en\/event\/\"},{\"@type\":\"ListItem\",\"position\":3,\"name\":\"International Funchal Folk Festival &#8211; Arraial do Mundo\"}]},{\"@type\":\"WebSite\",\"@id\":\"https:\/\/eventsmadeira.com\/en\/#website\",\"url\":\"https:\/\/eventsmadeira.com\/en\/\",\"name\":\"Events Madeira\",\"description\":\"\",\"potentialAction\":[{\"@type\":\"SearchAction\",\"target\":{\"@type\":\"EntryPoint\",\"urlTemplate\":\"https:\/\/eventsmadeira.com\/en\/?s={search_term_string}\"},\"query-input\":{\"@type\":\"PropertyValueSpecification\",\"valueRequired\":true,\"valueName\":\"search_term_string\"}}],\"inLanguage\":\"en-US\"}]}<\/script>\n","yoast_head_json":{"title":"International Funchal Folk Festival - Arraial do Mundo - Events Madeira","robots":{"index":"index","follow":"follow","max-snippet":"max-snippet:-1","max-image-preview":"max-image-preview:large","max-video-preview":"max-video-preview:-1"},"canonical":"https:\/\/eventsmadeira.com\/en\/event\/international-funchal-folk-festival-arraial-do-mundo\/","og_locale":"en_US","og_type":"article","og_title":"International Funchal Folk Festival - Arraial do Mundo - Events Madeira","og_description":"From August 18 to 22, Funchal hosts another edition of the International Folklore Festival Funchal Folk &#8211; Arraial do Mundo. The Monteverde Folklore Group is organising the event, which will feature the participation of various folklore groups from Austria, Algeria,...","og_url":"https:\/\/eventsmadeira.com\/en\/event\/international-funchal-folk-festival-arraial-do-mundo\/","og_site_name":"Events Madeira","article_modified_time":"2025-08-19T15:14:06+00:00","og_image":[{"width":1130,"height":650,"url":"https:\/\/eventsmadeira.com\/oordypsa\/2025\/08\/Festival-Internacional-Funchal-Folk-2025-foto-1130x650-1.jpg","type":"image\/jpeg"}],"twitter_card":"summary_large_image","twitter_misc":{"Est. reading time":"1 minute"},"schema":{"@context":"https:\/\/schema.org","@graph":[{"@type":"WebPage","@id":"https:\/\/eventsmadeira.com\/en\/event\/international-funchal-folk-festival-arraial-do-mundo\/","url":"https:\/\/eventsmadeira.com\/en\/event\/international-funchal-folk-festival-arraial-do-mundo\/","name":"International Funchal Folk Festival - Arraial do Mundo - Events Madeira","isPartOf":{"@id":"https:\/\/eventsmadeira.com\/en\/#website"},"primaryImageOfPage":{"@id":"https:\/\/eventsmadeira.com\/en\/event\/international-funchal-folk-festival-arraial-do-mundo\/#primaryimage"},"image":{"@id":"https:\/\/eventsmadeira.com\/en\/event\/international-funchal-folk-festival-arraial-do-mundo\/#primaryimage"},"thumbnailUrl":"https:\/\/eventsmadeira.com\/oordypsa\/2025\/08\/Festival-Internacional-Funchal-Folk-2025-foto-1130x650-1.jpg","datePublished":"2025-08-19T15:14:05+00:00","dateModified":"2025-08-19T15:14:06+00:00","breadcrumb":{"@id":"https:\/\/eventsmadeira.com\/en\/event\/international-funchal-folk-festival-arraial-do-mundo\/#breadcrumb"},"inLanguage":"en-US","potentialAction":[{"@type":"ReadAction","target":["https:\/\/eventsmadeira.com\/en\/event\/international-funchal-folk-festival-arraial-do-mundo\/"]}]},{"@type":"ImageObject","inLanguage":"en-US","@id":"https:\/\/eventsmadeira.com\/en\/event\/international-funchal-folk-festival-arraial-do-mundo\/#primaryimage","url":"https:\/\/eventsmadeira.com\/oordypsa\/2025\/08\/Festival-Internacional-Funchal-Folk-2025-foto-1130x650-1.jpg","contentUrl":"https:\/\/eventsmadeira.com\/oordypsa\/2025\/08\/Festival-Internacional-Funchal-Folk-2025-foto-1130x650-1.jpg","width":1130,"height":650},{"@type":"BreadcrumbList","@id":"https:\/\/eventsmadeira.com\/en\/event\/international-funchal-folk-festival-arraial-do-mundo\/#breadcrumb","itemListElement":[{"@type":"ListItem","position":1,"name":"Home","item":"https:\/\/eventsmadeira.com\/en\/"},{"@type":"ListItem","position":2,"name":"Events","item":"https:\/\/eventsmadeira.com\/en\/event\/"},{"@type":"ListItem","position":3,"name":"International Funchal Folk Festival &#8211; Arraial do Mundo"}]},{"@type":"WebSite","@id":"https:\/\/eventsmadeira.com\/en\/#website","url":"https:\/\/eventsmadeira.com\/en\/","name":"Events Madeira","description":"","potentialAction":[{"@type":"SearchAction","target":{"@type":"EntryPoint","urlTemplate":"https:\/\/eventsmadeira.com\/en\/?s={search_term_string}"},"query-input":{"@type":"PropertyValueSpecification","valueRequired":true,"valueName":"search_term_string"}}],"inLanguage":"en-US"}]}},"_links":{"self":[{"href":"https:\/\/eventsmadeira.com\/en\/wp-json\/wp\/v2\/event\/24742","targetHints":{"allow":["GET"]}}],"collection":[{"href":"https:\/\/eventsmadeira.com\/en\/wp-json\/wp\/v2\/event"}],"about":[{"href":"https:\/\/eventsmadeira.com\/en\/wp-json\/wp\/v2\/types\/event"}],"author":[{"embeddable":true,"href":"https:\/\/eventsmadeira.com\/en\/wp-json\/wp\/v2\/users\/2"}],"replies":[{"embeddable":true,"href":"https:\/\/eventsmadeira.com\/en\/wp-json\/wp\/v2\/comments?post=24742"}],"version-history":[{"count":0,"href":"https:\/\/eventsmadeira.com\/en\/wp-json\/wp\/v2\/event\/24742\/revisions"}],"wp:featuredmedia":[{"embeddable":true,"href":"https:\/\/eventsmadeira.com\/en\/wp-json\/wp\/v2\/media\/24737"}],"wp:attachment":[{"href":"https:\/\/eventsmadeira.com\/en\/wp-json\/wp\/v2\/media?parent=24742"}],"wp:term":[{"taxonomy":"eventcat","embeddable":true,"href":"https:\/\/eventsmadeira.com\/en\/wp-json\/wp\/v2\/eventcat?post=24742"},{"taxonomy":"organizer","embeddable":true,"href":"https:\/\/eventsmadeira.com\/en\/wp-json\/wp\/v2\/organizer?post=24742"},{"taxonomy":"event_tags","embeddable":true,"href":"https:\/\/eventsmadeira.com\/en\/wp-json\/wp\/v2\/event_tags?post=24742"},{"taxonomy":"location","embeddable":true,"href":"https:\/\/eventsmadeira.com\/en\/wp-json\/wp\/v2\/location?post=24742"}],"curies":[{"name":"wp","href":"https:\/\/api.w.org\/{rel}","templated":true}]}}

<p>From August 18 to 22, Funchal hosts another edition of the International Folklore Festival Funchal Folk &#8211; Arraial do Mundo.</p>

<p>The Monteverde Folklore Group is organising the event, which will feature the participation of various folklore groups from Austria, Algeria, Croatia, Mexico, and Romania. With their colors, rhythms, and melodies, these groups promise unique shows of tradition and folklore, in a wealth of unique cultural experiences.</p>

<p>The participating groups will perform in the courtyard of Imaculado Coração de Maria church, on August,18th,19th and 21st. These performances are integrated in the Imaculado Coração de Maria festivities.</p>

<p>On the morning of the 20th, some of the streets in the downtown area between Largo do Município to the Baltazar Dias Municipal Theater will be the center stage of a street parade by the groups participating in the event. On the last day of the festival, 22 August, the performances will take place at Cais 8 at 9 p.m. </p>

<p>+ info: <a href="https://www.facebook.com/profile.php?id=61550493723994" target="_blank" rel="noreferrer noopener">Facebook </a> <br/><br/></p>

<figure class="wp-block-image size-large is-resized"><img loading="lazy" decoding="async" width="819" height="1024" src="https://eventsmadeira.com/oordypsa/2025/08/Festival-Internacional-Funchal-Folk-2025-819x1024.jpg" alt="" class="wp-image-24734" style="width:840px;height:auto" srcset="https://eventsmadeira.com/oordypsa/2025/08/Festival-Internacional-Funchal-Folk-2025-819x1024.jpg 819w, https://eventsmadeira.com/oordypsa/2025/08/Festival-Internacional-Funchal-Folk-2025-560x700.jpg 560w, https://eventsmadeira.com/oordypsa/2025/08/Festival-Internacional-Funchal-Folk-2025-768x960.jpg 768w, https://eventsmadeira.com/oordypsa/2025/08/Festival-Internacional-Funchal-Folk-2025.jpg 960w" sizes="auto, (max-width: 819px) 100vw, 819px" /></figure>

<p></p>
