{"id":27423,"date":"2026-04-08T14:18:25","date_gmt":"2026-04-08T13:18:25","guid":{"rendered":"https:\/\/eventsmadeira.com\/event\/pereiros-em-flor-concert\/"},"modified":"2026-04-08T14:18:26","modified_gmt":"2026-04-08T13:18:26","slug":"pereiros-em-flor-concert","status":"publish","type":"event","link":"https:\/\/eventsmadeira.com\/en\/event\/pereiros-em-flor-concert\/","title":{"rendered":"Pereiros em Flor Concert"},"content":{"rendered":"\n<p>ABM Madeira presents the concert \u201cPereiros em Flor\u201d on April 17 at 8:00 PM at the Casa do Povo of S\u00e3o Roque do Faial \u2013 Santana.<br\/><\/p>\n\n<p>The concert will feature the participation of the Tuna de Bandolins of Casa do Povo of S\u00e3o Roque do Faial and special guests, including the Bandolin Orchestra of Casa do Povo of S\u00e3o Roque do Faial, the Bandolin Orchestra of Casa do Povo da Camacha, and the Tuna de C\u00e2mara de Machico.<br\/><\/p>\n\n<p>Come and enjoy an evening of music and emotion, celebrating the culture and traditions of the Autonomous Region of Madeira. A unique musical experience for all ages!<br\/> <\/p>\n\n<p>Free admission.<br\/><br\/>+ info: <a href=\"https:\/\/www.facebook.com\/bandolinsmadeira\/photos\" target=\"_blank\" rel=\"noreferrer noopener\">Facebook<\/a><br\/><\/p>\n\n<figure class=\"wp-block-image size-large is-resized\"><img loading=\"lazy\" decoding=\"async\" width=\"724\" height=\"1024\" src=\"https:\/\/eventsmadeira.com\/oordypsa\/2026\/04\/Concerto-Pereiros-em-Flor-1-724x1024.jpg\" alt=\"\" class=\"wp-image-27418\" style=\"width:831px;height:auto\" srcset=\"https:\/\/eventsmadeira.com\/oordypsa\/2026\/04\/Concerto-Pereiros-em-Flor-1-724x1024.jpg 724w, https:\/\/eventsmadeira.com\/oordypsa\/2026\/04\/Concerto-Pereiros-em-Flor-1-495x700.jpg 495w, https:\/\/eventsmadeira.com\/oordypsa\/2026\/04\/Concerto-Pereiros-em-Flor-1-768x1086.jpg 768w, https:\/\/eventsmadeira.com\/oordypsa\/2026\/04\/Concerto-Pereiros-em-Flor-1-1086x1536.jpg 1086w, https:\/\/eventsmadeira.com\/oordypsa\/2026\/04\/Concerto-Pereiros-em-Flor-1-1448x2048.jpg 1448w, https:\/\/eventsmadeira.com\/oordypsa\/2026\/04\/Concerto-Pereiros-em-Flor-1.jpg 1587w\" sizes=\"auto, (max-width: 724px) 100vw, 724px\" \/><\/figure>\n","protected":false},"excerpt":{"rendered":"<p>ABM Madeira presents the concert \u201cPereiros em Flor\u201d on April 17 at 8:00 PM at the Casa do Povo of S\u00e3o Roque do Faial \u2013 Santana. The concert will feature the participation of the Tuna de Bandolins of Casa do&#8230;<\/p>\n","protected":false},"author":2,"featured_media":27468,"comment_status":"closed","ping_status":"closed","template":"","meta":{"_coblocks_attr":"","_coblocks_dimensions":"","_coblocks_responsive_height":"","_coblocks_accordion_ie_support":"","footnotes":""},"eventcat":[314,272],"organizer":[],"event_tags":[],"location":[291],"class_list":["post-27423","event","type-event","status-publish","has-post-thumbnail","hentry","eventcat-culture","eventcat-music-en","location-santana-en"],"yoast_head":"\n<title>Pereiros em Flor Concert - Events Madeira<\/title>\n<meta name=\"robots\" content=\"index, follow, max-snippet:-1, max-image-preview:large, max-video-preview:-1\" \/>\n<link rel=\"canonical\" href=\"https:\/\/eventsmadeira.com\/en\/event\/pereiros-em-flor-concert\/\" \/>\n<meta property=\"og:locale\" content=\"en_US\" \/>\n<meta property=\"og:type\" content=\"article\" \/>\n<meta property=\"og:title\" content=\"Pereiros em Flor Concert - Events Madeira\" \/>\n<meta property=\"og:description\" content=\"ABM Madeira presents the concert \u201cPereiros em Flor\u201d on April 17 at 8:00 PM at the Casa do Povo of S\u00e3o Roque do Faial \u2013 Santana. The concert will feature the participation of the Tuna de Bandolins of Casa do...\" \/>\n<meta property=\"og:url\" content=\"https:\/\/eventsmadeira.com\/en\/event\/pereiros-em-flor-concert\/\" \/>\n<meta property=\"og:site_name\" content=\"Events Madeira\" \/>\n<meta property=\"article:modified_time\" content=\"2026-04-08T13:18:26+00:00\" \/>\n<meta property=\"og:image\" content=\"https:\/\/eventsmadeira.com\/oordypsa\/2026\/04\/ABM-1130x650-1.jpg\" \/>\n\t<meta property=\"og:image:width\" content=\"1130\" \/>\n\t<meta property=\"og:image:height\" content=\"650\" \/>\n\t<meta property=\"og:image:type\" content=\"image\/jpeg\" \/>\n<meta name=\"twitter:card\" content=\"summary_large_image\" \/>\n<meta name=\"twitter:label1\" content=\"Est. reading time\" \/>\n\t<meta name=\"twitter:data1\" content=\"1 minute\" \/>\n<script type=\"application\/ld+json\" class=\"yoast-schema-graph\">{\"@context\":\"https:\/\/schema.org\",\"@graph\":[{\"@type\":\"WebPage\",\"@id\":\"https:\/\/eventsmadeira.com\/en\/event\/pereiros-em-flor-concert\/\",\"url\":\"https:\/\/eventsmadeira.com\/en\/event\/pereiros-em-flor-concert\/\",\"name\":\"Pereiros em Flor Concert - Events Madeira\",\"isPartOf\":{\"@id\":\"https:\/\/eventsmadeira.com\/en\/#website\"},\"primaryImageOfPage\":{\"@id\":\"https:\/\/eventsmadeira.com\/en\/event\/pereiros-em-flor-concert\/#primaryimage\"},\"image\":{\"@id\":\"https:\/\/eventsmadeira.com\/en\/event\/pereiros-em-flor-concert\/#primaryimage\"},\"thumbnailUrl\":\"https:\/\/eventsmadeira.com\/oordypsa\/2026\/04\/Pereiros-em-Flor-ABM-1.jpg\",\"datePublished\":\"2026-04-08T13:18:25+00:00\",\"dateModified\":\"2026-04-08T13:18:26+00:00\",\"breadcrumb\":{\"@id\":\"https:\/\/eventsmadeira.com\/en\/event\/pereiros-em-flor-concert\/#breadcrumb\"},\"inLanguage\":\"en-US\",\"potentialAction\":[{\"@type\":\"ReadAction\",\"target\":[\"https:\/\/eventsmadeira.com\/en\/event\/pereiros-em-flor-concert\/\"]}]},{\"@type\":\"ImageObject\",\"inLanguage\":\"en-US\",\"@id\":\"https:\/\/eventsmadeira.com\/en\/event\/pereiros-em-flor-concert\/#primaryimage\",\"url\":\"https:\/\/eventsmadeira.com\/oordypsa\/2026\/04\/Pereiros-em-Flor-ABM-1.jpg\",\"contentUrl\":\"https:\/\/eventsmadeira.com\/oordypsa\/2026\/04\/Pereiros-em-Flor-ABM-1.jpg\",\"width\":1130,\"height\":650},{\"@type\":\"BreadcrumbList\",\"@id\":\"https:\/\/eventsmadeira.com\/en\/event\/pereiros-em-flor-concert\/#breadcrumb\",\"itemListElement\":[{\"@type\":\"ListItem\",\"position\":1,\"name\":\"Home\",\"item\":\"https:\/\/eventsmadeira.com\/en\/\"},{\"@type\":\"ListItem\",\"position\":2,\"name\":\"Events\",\"item\":\"https:\/\/eventsmadeira.com\/en\/event\/\"},{\"@type\":\"ListItem\",\"position\":3,\"name\":\"Pereiros em Flor Concert\"}]},{\"@type\":\"WebSite\",\"@id\":\"https:\/\/eventsmadeira.com\/en\/#website\",\"url\":\"https:\/\/eventsmadeira.com\/en\/\",\"name\":\"Events Madeira\",\"description\":\"\",\"potentialAction\":[{\"@type\":\"SearchAction\",\"target\":{\"@type\":\"EntryPoint\",\"urlTemplate\":\"https:\/\/eventsmadeira.com\/en\/?s={search_term_string}\"},\"query-input\":{\"@type\":\"PropertyValueSpecification\",\"valueRequired\":true,\"valueName\":\"search_term_string\"}}],\"inLanguage\":\"en-US\"}]}<\/script>\n","yoast_head_json":{"title":"Pereiros em Flor Concert - Events Madeira","robots":{"index":"index","follow":"follow","max-snippet":"max-snippet:-1","max-image-preview":"max-image-preview:large","max-video-preview":"max-video-preview:-1"},"canonical":"https:\/\/eventsmadeira.com\/en\/event\/pereiros-em-flor-concert\/","og_locale":"en_US","og_type":"article","og_title":"Pereiros em Flor Concert - Events Madeira","og_description":"ABM Madeira presents the concert \u201cPereiros em Flor\u201d on April 17 at 8:00 PM at the Casa do Povo of S\u00e3o Roque do Faial \u2013 Santana. The concert will feature the participation of the Tuna de Bandolins of Casa do...","og_url":"https:\/\/eventsmadeira.com\/en\/event\/pereiros-em-flor-concert\/","og_site_name":"Events Madeira","article_modified_time":"2026-04-08T13:18:26+00:00","og_image":[{"width":1130,"height":650,"url":"https:\/\/eventsmadeira.com\/oordypsa\/2026\/04\/ABM-1130x650-1.jpg","type":"image\/jpeg"}],"twitter_card":"summary_large_image","twitter_misc":{"Est. reading time":"1 minute"},"schema":{"@context":"https:\/\/schema.org","@graph":[{"@type":"WebPage","@id":"https:\/\/eventsmadeira.com\/en\/event\/pereiros-em-flor-concert\/","url":"https:\/\/eventsmadeira.com\/en\/event\/pereiros-em-flor-concert\/","name":"Pereiros em Flor Concert - Events Madeira","isPartOf":{"@id":"https:\/\/eventsmadeira.com\/en\/#website"},"primaryImageOfPage":{"@id":"https:\/\/eventsmadeira.com\/en\/event\/pereiros-em-flor-concert\/#primaryimage"},"image":{"@id":"https:\/\/eventsmadeira.com\/en\/event\/pereiros-em-flor-concert\/#primaryimage"},"thumbnailUrl":"https:\/\/eventsmadeira.com\/oordypsa\/2026\/04\/Pereiros-em-Flor-ABM-1.jpg","datePublished":"2026-04-08T13:18:25+00:00","dateModified":"2026-04-08T13:18:26+00:00","breadcrumb":{"@id":"https:\/\/eventsmadeira.com\/en\/event\/pereiros-em-flor-concert\/#breadcrumb"},"inLanguage":"en-US","potentialAction":[{"@type":"ReadAction","target":["https:\/\/eventsmadeira.com\/en\/event\/pereiros-em-flor-concert\/"]}]},{"@type":"ImageObject","inLanguage":"en-US","@id":"https:\/\/eventsmadeira.com\/en\/event\/pereiros-em-flor-concert\/#primaryimage","url":"https:\/\/eventsmadeira.com\/oordypsa\/2026\/04\/Pereiros-em-Flor-ABM-1.jpg","contentUrl":"https:\/\/eventsmadeira.com\/oordypsa\/2026\/04\/Pereiros-em-Flor-ABM-1.jpg","width":1130,"height":650},{"@type":"BreadcrumbList","@id":"https:\/\/eventsmadeira.com\/en\/event\/pereiros-em-flor-concert\/#breadcrumb","itemListElement":[{"@type":"ListItem","position":1,"name":"Home","item":"https:\/\/eventsmadeira.com\/en\/"},{"@type":"ListItem","position":2,"name":"Events","item":"https:\/\/eventsmadeira.com\/en\/event\/"},{"@type":"ListItem","position":3,"name":"Pereiros em Flor Concert"}]},{"@type":"WebSite","@id":"https:\/\/eventsmadeira.com\/en\/#website","url":"https:\/\/eventsmadeira.com\/en\/","name":"Events Madeira","description":"","potentialAction":[{"@type":"SearchAction","target":{"@type":"EntryPoint","urlTemplate":"https:\/\/eventsmadeira.com\/en\/?s={search_term_string}"},"query-input":{"@type":"PropertyValueSpecification","valueRequired":true,"valueName":"search_term_string"}}],"inLanguage":"en-US"}]}},"_links":{"self":[{"href":"https:\/\/eventsmadeira.com\/en\/wp-json\/wp\/v2\/event\/27423","targetHints":{"allow":["GET"]}}],"collection":[{"href":"https:\/\/eventsmadeira.com\/en\/wp-json\/wp\/v2\/event"}],"about":[{"href":"https:\/\/eventsmadeira.com\/en\/wp-json\/wp\/v2\/types\/event"}],"author":[{"embeddable":true,"href":"https:\/\/eventsmadeira.com\/en\/wp-json\/wp\/v2\/users\/2"}],"replies":[{"embeddable":true,"href":"https:\/\/eventsmadeira.com\/en\/wp-json\/wp\/v2\/comments?post=27423"}],"version-history":[{"count":1,"href":"https:\/\/eventsmadeira.com\/en\/wp-json\/wp\/v2\/event\/27423\/revisions"}],"predecessor-version":[{"id":27425,"href":"https:\/\/eventsmadeira.com\/en\/wp-json\/wp\/v2\/event\/27423\/revisions\/27425"}],"wp:featuredmedia":[{"embeddable":true,"href":"https:\/\/eventsmadeira.com\/en\/wp-json\/wp\/v2\/media\/27468"}],"wp:attachment":[{"href":"https:\/\/eventsmadeira.com\/en\/wp-json\/wp\/v2\/media?parent=27423"}],"wp:term":[{"taxonomy":"eventcat","embeddable":true,"href":"https:\/\/eventsmadeira.com\/en\/wp-json\/wp\/v2\/eventcat?post=27423"},{"taxonomy":"organizer","embeddable":true,"href":"https:\/\/eventsmadeira.com\/en\/wp-json\/wp\/v2\/organizer?post=27423"},{"taxonomy":"event_tags","embeddable":true,"href":"https:\/\/eventsmadeira.com\/en\/wp-json\/wp\/v2\/event_tags?post=27423"},{"taxonomy":"location","embeddable":true,"href":"https:\/\/eventsmadeira.com\/en\/wp-json\/wp\/v2\/location?post=27423"}],"curies":[{"name":"wp","href":"https:\/\/api.w.org\/{rel}","templated":true}]}}

<p>ABM Madeira presents the concert “Pereiros em Flor” on April 17 at 8:00 PM at the Casa do Povo of São Roque do Faial – Santana.<br/></p>

<p>The concert will feature the participation of the Tuna de Bandolins of Casa do Povo of São Roque do Faial and special guests, including the Bandolin Orchestra of Casa do Povo of São Roque do Faial, the Bandolin Orchestra of Casa do Povo da Camacha, and the Tuna de Câmara de Machico.<br/></p>

<p>Come and enjoy an evening of music and emotion, celebrating the culture and traditions of the Autonomous Region of Madeira. A unique musical experience for all ages!<br/> </p>

<p>Free admission.<br/><br/>+ info: <a href="https://www.facebook.com/bandolinsmadeira/photos" target="_blank" rel="noreferrer noopener">Facebook</a><br/></p>

<figure class="wp-block-image size-large is-resized"><img loading="lazy" decoding="async" width="724" height="1024" src="https://eventsmadeira.com/oordypsa/2026/04/Concerto-Pereiros-em-Flor-1-724x1024.jpg" alt="" class="wp-image-27418" style="width:831px;height:auto" srcset="https://eventsmadeira.com/oordypsa/2026/04/Concerto-Pereiros-em-Flor-1-724x1024.jpg 724w, https://eventsmadeira.com/oordypsa/2026/04/Concerto-Pereiros-em-Flor-1-495x700.jpg 495w, https://eventsmadeira.com/oordypsa/2026/04/Concerto-Pereiros-em-Flor-1-768x1086.jpg 768w, https://eventsmadeira.com/oordypsa/2026/04/Concerto-Pereiros-em-Flor-1-1086x1536.jpg 1086w, https://eventsmadeira.com/oordypsa/2026/04/Concerto-Pereiros-em-Flor-1-1448x2048.jpg 1448w, https://eventsmadeira.com/oordypsa/2026/04/Concerto-Pereiros-em-Flor-1.jpg 1587w" sizes="auto, (max-width: 724px) 100vw, 724px" /></figure>

<p>ABM Madeira presents the concert “Pereiros em Flor” on April 17 at 8:00 PM at the Casa do Povo of São Roque do Faial – Santana. The concert will feature the participation of the Tuna de Bandolins of Casa do&#8230;</p>

<title>Pereiros em Flor Concert - Events Madeira</title>
<meta name="robots" content="index, follow, max-snippet:-1, max-image-preview:large, max-video-preview:-1" />
<link rel="canonical" href="https://eventsmadeira.com/en/event/pereiros-em-flor-concert/" />
<meta property="og:locale" content="en_US" />
<meta property="og:type" content="article" />
<meta property="og:title" content="Pereiros em Flor Concert - Events Madeira" />
<meta property="og:description" content="ABM Madeira presents the concert “Pereiros em Flor” on April 17 at 8:00 PM at the Casa do Povo of São Roque do Faial – Santana. The concert will feature the participation of the Tuna de Bandolins of Casa do..." />
<meta property="og:url" content="https://eventsmadeira.com/en/event/pereiros-em-flor-concert/" />
<meta property="og:site_name" content="Events Madeira" />
<meta property="article:modified_time" content="2026-04-08T13:18:26+00:00" />
<meta property="og:image" content="https://eventsmadeira.com/oordypsa/2026/04/ABM-1130x650-1.jpg" />
	<meta property="og:image:width" content="1130" />
	<meta property="og:image:height" content="650" />
	<meta property="og:image:type" content="image/jpeg" />
<meta name="twitter:card" content="summary_large_image" />
<meta name="twitter:label1" content="Est. reading time" />
	<meta name="twitter:data1" content="1 minute" />
<script type="application/ld+json" class="yoast-schema-graph">{"@context":"https://schema.org","@graph":[{"@type":"WebPage","@id":"https://eventsmadeira.com/en/event/pereiros-em-flor-concert/","url":"https://eventsmadeira.com/en/event/pereiros-em-flor-concert/","name":"Pereiros em Flor Concert - Events Madeira","isPartOf":{"@id":"https://eventsmadeira.com/en/#website"},"primaryImageOfPage":{"@id":"https://eventsmadeira.com/en/event/pereiros-em-flor-concert/#primaryimage"},"image":{"@id":"https://eventsmadeira.com/en/event/pereiros-em-flor-concert/#primaryimage"},"thumbnailUrl":"https://eventsmadeira.com/oordypsa/2026/04/Pereiros-em-Flor-ABM-1.jpg","datePublished":"2026-04-08T13:18:25+00:00","dateModified":"2026-04-08T13:18:26+00:00","breadcrumb":{"@id":"https://eventsmadeira.com/en/event/pereiros-em-flor-concert/#breadcrumb"},"inLanguage":"en-US","potentialAction":[{"@type":"ReadAction","target":["https://eventsmadeira.com/en/event/pereiros-em-flor-concert/"]}]},{"@type":"ImageObject","inLanguage":"en-US","@id":"https://eventsmadeira.com/en/event/pereiros-em-flor-concert/#primaryimage","url":"https://eventsmadeira.com/oordypsa/2026/04/Pereiros-em-Flor-ABM-1.jpg","contentUrl":"https://eventsmadeira.com/oordypsa/2026/04/Pereiros-em-Flor-ABM-1.jpg","width":1130,"height":650},{"@type":"BreadcrumbList","@id":"https://eventsmadeira.com/en/event/pereiros-em-flor-concert/#breadcrumb","itemListElement":[{"@type":"ListItem","position":1,"name":"Home","item":"https://eventsmadeira.com/en/"},{"@type":"ListItem","position":2,"name":"Events","item":"https://eventsmadeira.com/en/event/"},{"@type":"ListItem","position":3,"name":"Pereiros em Flor Concert"}]},{"@type":"WebSite","@id":"https://eventsmadeira.com/en/#website","url":"https://eventsmadeira.com/en/","name":"Events Madeira","description":"","potentialAction":[{"@type":"SearchAction","target":{"@type":"EntryPoint","urlTemplate":"https://eventsmadeira.com/en/?s={search_term_string}"},"query-input":{"@type":"PropertyValueSpecification","valueRequired":true,"valueName":"search_term_string"}}],"inLanguage":"en-US"}]}</script>

ABM Madeira presents the concert “Pereiros em Flor” on April 17 at 8:00 PM at the Casa do Povo of São Roque do Faial – Santana. The concert will feature the participation of the Tuna de Bandolins of Casa do...
