{"id":29438,"date":"2026-09-04T15:24:15","date_gmt":"2026-09-04T14:24:15","guid":{"rendered":"https:\/\/eventsmadeira.com\/event\/lumen-giant-puppets-show\/"},"modified":"2026-09-04T15:24:15","modified_gmt":"2026-09-04T14:24:15","slug":"lumen-giant-puppets-show","status":"publish","type":"event","link":"https:\/\/eventsmadeira.com\/en\/event\/lumen-giant-puppets-show\/","title":{"rendered":"L\u00famen \u2013 Giant Puppets Show"},"content":{"rendered":"\n<p>On 19 September, Funchal welcomes L\u00famen, a unique show featuring five-metre-tall giant puppets, music, light and movement. The performance involves around 50 participants from the local community, as well as several sports, recreational and musical organisations, in an experience that brings together art, music and movement.<br\/>Following a tour of Portugal and Spain, L\u00famen makes its debut in Funchal, transforming the city\u2019s streets into a large open-air stage. The show begins at 9:30 pm at Campo da Barca, before continuing as a procession along Rua Jo\u00e3o de Deus and Rua do Bom Jesus, ending at Pra\u00e7a do Munic\u00edpio.   <\/p>\n\n<p>Join the procession and experience this spectacular celebration of light, music and giant puppets!<br\/><br\/>+ info: <a href=\"https:\/\/www.facebook.com\/camaramunicipaldofunchal\" target=\"_blank\" rel=\"noreferrer noopener\">Facebook<\/a><\/p>\n","protected":false},"excerpt":{"rendered":"<p>On 19 September, Funchal welcomes L\u00famen, a unique show featuring five-metre-tall giant puppets, music, light and movement. The performance involves around 50 participants from the local community, as well as several sports, recreational and musical organisations, in an experience that&#8230;<\/p>\n","protected":false},"author":2,"featured_media":29437,"comment_status":"closed","ping_status":"closed","template":"","meta":{"_coblocks_attr":"","_coblocks_dimensions":"","_coblocks_responsive_height":"","_coblocks_accordion_ie_support":"","footnotes":""},"eventcat":[314,272],"organizer":[],"event_tags":[],"location":[295],"class_list":["post-29438","event","type-event","status-publish","has-post-thumbnail","hentry","eventcat-culture","eventcat-music-en","location-funchal-en"],"yoast_head":"\n<title>L\u00famen \u2013 Giant Puppets Show - Events Madeira<\/title>\n<meta name=\"robots\" content=\"index, follow, max-snippet:-1, max-image-preview:large, max-video-preview:-1\" \/>\n<link rel=\"canonical\" href=\"https:\/\/eventsmadeira.com\/en\/event\/lumen-giant-puppets-show\/\" \/>\n<meta property=\"og:locale\" content=\"en_US\" \/>\n<meta property=\"og:type\" content=\"article\" \/>\n<meta property=\"og:title\" content=\"L\u00famen \u2013 Giant Puppets Show - Events Madeira\" \/>\n<meta property=\"og:description\" content=\"On 19 September, Funchal welcomes L\u00famen, a unique show featuring five-metre-tall giant puppets, music, light and movement. The performance involves around 50 participants from the local community, as well as several sports, recreational and musical organisations, in an experience that...\" \/>\n<meta property=\"og:url\" content=\"https:\/\/eventsmadeira.com\/en\/event\/lumen-giant-puppets-show\/\" \/>\n<meta property=\"og:site_name\" content=\"Events Madeira\" \/>\n<meta property=\"og:image\" content=\"https:\/\/eventsmadeira.com\/oordypsa\/2026\/09\/Lumie-1920x1080-pxs-1.jpg\" \/>\n\t<meta property=\"og:image:width\" content=\"1920\" \/>\n\t<meta property=\"og:image:height\" content=\"1080\" \/>\n\t<meta property=\"og:image:type\" content=\"image\/jpeg\" \/>\n<meta name=\"twitter:card\" content=\"summary_large_image\" \/>\n<meta name=\"twitter:label1\" content=\"Est. reading time\" \/>\n\t<meta name=\"twitter:data1\" content=\"1 minute\" \/>\n<script type=\"application\/ld+json\" class=\"yoast-schema-graph\">{\"@context\":\"https:\/\/schema.org\",\"@graph\":[{\"@type\":\"WebPage\",\"@id\":\"https:\/\/eventsmadeira.com\/en\/event\/lumen-giant-puppets-show\/\",\"url\":\"https:\/\/eventsmadeira.com\/en\/event\/lumen-giant-puppets-show\/\",\"name\":\"L\u00famen \u2013 Giant Puppets Show - Events Madeira\",\"isPartOf\":{\"@id\":\"https:\/\/eventsmadeira.com\/en\/#website\"},\"primaryImageOfPage\":{\"@id\":\"https:\/\/eventsmadeira.com\/en\/event\/lumen-giant-puppets-show\/#primaryimage\"},\"image\":{\"@id\":\"https:\/\/eventsmadeira.com\/en\/event\/lumen-giant-puppets-show\/#primaryimage\"},\"thumbnailUrl\":\"https:\/\/eventsmadeira.com\/oordypsa\/2026\/09\/Lumie-1920x1080-pxs-1.jpg\",\"datePublished\":\"2026-09-04T14:24:15+00:00\",\"breadcrumb\":{\"@id\":\"https:\/\/eventsmadeira.com\/en\/event\/lumen-giant-puppets-show\/#breadcrumb\"},\"inLanguage\":\"en-US\",\"potentialAction\":[{\"@type\":\"ReadAction\",\"target\":[\"https:\/\/eventsmadeira.com\/en\/event\/lumen-giant-puppets-show\/\"]}]},{\"@type\":\"ImageObject\",\"inLanguage\":\"en-US\",\"@id\":\"https:\/\/eventsmadeira.com\/en\/event\/lumen-giant-puppets-show\/#primaryimage\",\"url\":\"https:\/\/eventsmadeira.com\/oordypsa\/2026\/09\/Lumie-1920x1080-pxs-1.jpg\",\"contentUrl\":\"https:\/\/eventsmadeira.com\/oordypsa\/2026\/09\/Lumie-1920x1080-pxs-1.jpg\",\"width\":1920,\"height\":1080},{\"@type\":\"BreadcrumbList\",\"@id\":\"https:\/\/eventsmadeira.com\/en\/event\/lumen-giant-puppets-show\/#breadcrumb\",\"itemListElement\":[{\"@type\":\"ListItem\",\"position\":1,\"name\":\"Home\",\"item\":\"https:\/\/eventsmadeira.com\/en\/\"},{\"@type\":\"ListItem\",\"position\":2,\"name\":\"Events\",\"item\":\"https:\/\/eventsmadeira.com\/en\/event\/\"},{\"@type\":\"ListItem\",\"position\":3,\"name\":\"L\u00famen \u2013 Giant Puppets Show\"}]},{\"@type\":\"WebSite\",\"@id\":\"https:\/\/eventsmadeira.com\/en\/#website\",\"url\":\"https:\/\/eventsmadeira.com\/en\/\",\"name\":\"Events Madeira\",\"description\":\"\",\"potentialAction\":[{\"@type\":\"SearchAction\",\"target\":{\"@type\":\"EntryPoint\",\"urlTemplate\":\"https:\/\/eventsmadeira.com\/en\/?s={search_term_string}\"},\"query-input\":{\"@type\":\"PropertyValueSpecification\",\"valueRequired\":true,\"valueName\":\"search_term_string\"}}],\"inLanguage\":\"en-US\"}]}<\/script>\n","yoast_head_json":{"title":"L\u00famen \u2013 Giant Puppets Show - Events Madeira","robots":{"index":"index","follow":"follow","max-snippet":"max-snippet:-1","max-image-preview":"max-image-preview:large","max-video-preview":"max-video-preview:-1"},"canonical":"https:\/\/eventsmadeira.com\/en\/event\/lumen-giant-puppets-show\/","og_locale":"en_US","og_type":"article","og_title":"L\u00famen \u2013 Giant Puppets Show - Events Madeira","og_description":"On 19 September, Funchal welcomes L\u00famen, a unique show featuring five-metre-tall giant puppets, music, light and movement. The performance involves around 50 participants from the local community, as well as several sports, recreational and musical organisations, in an experience that...","og_url":"https:\/\/eventsmadeira.com\/en\/event\/lumen-giant-puppets-show\/","og_site_name":"Events Madeira","og_image":[{"width":1920,"height":1080,"url":"https:\/\/eventsmadeira.com\/oordypsa\/2026\/09\/Lumie-1920x1080-pxs-1.jpg","type":"image\/jpeg"}],"twitter_card":"summary_large_image","twitter_misc":{"Est. reading time":"1 minute"},"schema":{"@context":"https:\/\/schema.org","@graph":[{"@type":"WebPage","@id":"https:\/\/eventsmadeira.com\/en\/event\/lumen-giant-puppets-show\/","url":"https:\/\/eventsmadeira.com\/en\/event\/lumen-giant-puppets-show\/","name":"L\u00famen \u2013 Giant Puppets Show - Events Madeira","isPartOf":{"@id":"https:\/\/eventsmadeira.com\/en\/#website"},"primaryImageOfPage":{"@id":"https:\/\/eventsmadeira.com\/en\/event\/lumen-giant-puppets-show\/#primaryimage"},"image":{"@id":"https:\/\/eventsmadeira.com\/en\/event\/lumen-giant-puppets-show\/#primaryimage"},"thumbnailUrl":"https:\/\/eventsmadeira.com\/oordypsa\/2026\/09\/Lumie-1920x1080-pxs-1.jpg","datePublished":"2026-09-04T14:24:15+00:00","breadcrumb":{"@id":"https:\/\/eventsmadeira.com\/en\/event\/lumen-giant-puppets-show\/#breadcrumb"},"inLanguage":"en-US","potentialAction":[{"@type":"ReadAction","target":["https:\/\/eventsmadeira.com\/en\/event\/lumen-giant-puppets-show\/"]}]},{"@type":"ImageObject","inLanguage":"en-US","@id":"https:\/\/eventsmadeira.com\/en\/event\/lumen-giant-puppets-show\/#primaryimage","url":"https:\/\/eventsmadeira.com\/oordypsa\/2026\/09\/Lumie-1920x1080-pxs-1.jpg","contentUrl":"https:\/\/eventsmadeira.com\/oordypsa\/2026\/09\/Lumie-1920x1080-pxs-1.jpg","width":1920,"height":1080},{"@type":"BreadcrumbList","@id":"https:\/\/eventsmadeira.com\/en\/event\/lumen-giant-puppets-show\/#breadcrumb","itemListElement":[{"@type":"ListItem","position":1,"name":"Home","item":"https:\/\/eventsmadeira.com\/en\/"},{"@type":"ListItem","position":2,"name":"Events","item":"https:\/\/eventsmadeira.com\/en\/event\/"},{"@type":"ListItem","position":3,"name":"L\u00famen \u2013 Giant Puppets Show"}]},{"@type":"WebSite","@id":"https:\/\/eventsmadeira.com\/en\/#website","url":"https:\/\/eventsmadeira.com\/en\/","name":"Events Madeira","description":"","potentialAction":[{"@type":"SearchAction","target":{"@type":"EntryPoint","urlTemplate":"https:\/\/eventsmadeira.com\/en\/?s={search_term_string}"},"query-input":{"@type":"PropertyValueSpecification","valueRequired":true,"valueName":"search_term_string"}}],"inLanguage":"en-US"}]}},"_links":{"self":[{"href":"https:\/\/eventsmadeira.com\/en\/wp-json\/wp\/v2\/event\/29438","targetHints":{"allow":["GET"]}}],"collection":[{"href":"https:\/\/eventsmadeira.com\/en\/wp-json\/wp\/v2\/event"}],"about":[{"href":"https:\/\/eventsmadeira.com\/en\/wp-json\/wp\/v2\/types\/event"}],"author":[{"embeddable":true,"href":"https:\/\/eventsmadeira.com\/en\/wp-json\/wp\/v2\/users\/2"}],"replies":[{"embeddable":true,"href":"https:\/\/eventsmadeira.com\/en\/wp-json\/wp\/v2\/comments?post=29438"}],"version-history":[{"count":1,"href":"https:\/\/eventsmadeira.com\/en\/wp-json\/wp\/v2\/event\/29438\/revisions"}],"predecessor-version":[{"id":29439,"href":"https:\/\/eventsmadeira.com\/en\/wp-json\/wp\/v2\/event\/29438\/revisions\/29439"}],"wp:featuredmedia":[{"embeddable":true,"href":"https:\/\/eventsmadeira.com\/en\/wp-json\/wp\/v2\/media\/29437"}],"wp:attachment":[{"href":"https:\/\/eventsmadeira.com\/en\/wp-json\/wp\/v2\/media?parent=29438"}],"wp:term":[{"taxonomy":"eventcat","embeddable":true,"href":"https:\/\/eventsmadeira.com\/en\/wp-json\/wp\/v2\/eventcat?post=29438"},{"taxonomy":"organizer","embeddable":true,"href":"https:\/\/eventsmadeira.com\/en\/wp-json\/wp\/v2\/organizer?post=29438"},{"taxonomy":"event_tags","embeddable":true,"href":"https:\/\/eventsmadeira.com\/en\/wp-json\/wp\/v2\/event_tags?post=29438"},{"taxonomy":"location","embeddable":true,"href":"https:\/\/eventsmadeira.com\/en\/wp-json\/wp\/v2\/location?post=29438"}],"curies":[{"name":"wp","href":"https:\/\/api.w.org\/{rel}","templated":true}]}}

Lúmen – Giant Puppets Show

<p>On 19 September, Funchal welcomes Lúmen, a unique show featuring five-metre-tall giant puppets, music, light and movement. The performance involves around 50 participants from the local community, as well as several sports, recreational and musical organisations, in an experience that brings together art, music and movement.<br/>Following a tour of Portugal and Spain, Lúmen makes its debut in Funchal, transforming the city’s streets into a large open-air stage. The show begins at 9:30 pm at Campo da Barca, before continuing as a procession along Rua João de Deus and Rua do Bom Jesus, ending at Praça do Município.   </p>

<p>Join the procession and experience this spectacular celebration of light, music and giant puppets!<br/><br/>+ info: <a href="https://www.facebook.com/camaramunicipaldofunchal" target="_blank" rel="noreferrer noopener">Facebook</a></p>

<p>On 19 September, Funchal welcomes Lúmen, a unique show featuring five-metre-tall giant puppets, music, light and movement. The performance involves around 50 participants from the local community, as well as several sports, recreational and musical organisations, in an experience that&#8230;</p>

<title>Lúmen – Giant Puppets Show - Events Madeira</title>
<meta name="robots" content="index, follow, max-snippet:-1, max-image-preview:large, max-video-preview:-1" />
<link rel="canonical" href="https://eventsmadeira.com/en/event/lumen-giant-puppets-show/" />
<meta property="og:locale" content="en_US" />
<meta property="og:type" content="article" />
<meta property="og:title" content="Lúmen – Giant Puppets Show - Events Madeira" />
<meta property="og:description" content="On 19 September, Funchal welcomes Lúmen, a unique show featuring five-metre-tall giant puppets, music, light and movement. The performance involves around 50 participants from the local community, as well as several sports, recreational and musical organisations, in an experience that..." />
<meta property="og:url" content="https://eventsmadeira.com/en/event/lumen-giant-puppets-show/" />
<meta property="og:site_name" content="Events Madeira" />
<meta property="og:image" content="https://eventsmadeira.com/oordypsa/2026/09/Lumie-1920x1080-pxs-1.jpg" />
	<meta property="og:image:width" content="1920" />
	<meta property="og:image:height" content="1080" />
	<meta property="og:image:type" content="image/jpeg" />
<meta name="twitter:card" content="summary_large_image" />
<meta name="twitter:label1" content="Est. reading time" />
	<meta name="twitter:data1" content="1 minute" />
<script type="application/ld+json" class="yoast-schema-graph">{"@context":"https://schema.org","@graph":[{"@type":"WebPage","@id":"https://eventsmadeira.com/en/event/lumen-giant-puppets-show/","url":"https://eventsmadeira.com/en/event/lumen-giant-puppets-show/","name":"Lúmen – Giant Puppets Show - Events Madeira","isPartOf":{"@id":"https://eventsmadeira.com/en/#website"},"primaryImageOfPage":{"@id":"https://eventsmadeira.com/en/event/lumen-giant-puppets-show/#primaryimage"},"image":{"@id":"https://eventsmadeira.com/en/event/lumen-giant-puppets-show/#primaryimage"},"thumbnailUrl":"https://eventsmadeira.com/oordypsa/2026/09/Lumie-1920x1080-pxs-1.jpg","datePublished":"2026-09-04T14:24:15+00:00","breadcrumb":{"@id":"https://eventsmadeira.com/en/event/lumen-giant-puppets-show/#breadcrumb"},"inLanguage":"en-US","potentialAction":[{"@type":"ReadAction","target":["https://eventsmadeira.com/en/event/lumen-giant-puppets-show/"]}]},{"@type":"ImageObject","inLanguage":"en-US","@id":"https://eventsmadeira.com/en/event/lumen-giant-puppets-show/#primaryimage","url":"https://eventsmadeira.com/oordypsa/2026/09/Lumie-1920x1080-pxs-1.jpg","contentUrl":"https://eventsmadeira.com/oordypsa/2026/09/Lumie-1920x1080-pxs-1.jpg","width":1920,"height":1080},{"@type":"BreadcrumbList","@id":"https://eventsmadeira.com/en/event/lumen-giant-puppets-show/#breadcrumb","itemListElement":[{"@type":"ListItem","position":1,"name":"Home","item":"https://eventsmadeira.com/en/"},{"@type":"ListItem","position":2,"name":"Events","item":"https://eventsmadeira.com/en/event/"},{"@type":"ListItem","position":3,"name":"Lúmen – Giant Puppets Show"}]},{"@type":"WebSite","@id":"https://eventsmadeira.com/en/#website","url":"https://eventsmadeira.com/en/","name":"Events Madeira","description":"","potentialAction":[{"@type":"SearchAction","target":{"@type":"EntryPoint","urlTemplate":"https://eventsmadeira.com/en/?s={search_term_string}"},"query-input":{"@type":"PropertyValueSpecification","valueRequired":true,"valueName":"search_term_string"}}],"inLanguage":"en-US"}]}</script>

Lúmen – Giant Puppets Show - Events Madeira

On 19 September, Funchal welcomes Lúmen, a unique show featuring five-metre-tall giant puppets, music, light and movement. The performance involves around 50 participants from the local community, as well as several sports, recreational and musical organisations, in an experience that...
