{"id":3885,"date":"2020-08-29T19:46:33","date_gmt":"2020-08-29T18:46:33","guid":{"rendered":"https:\/\/eventsmadeira.com\/?post_type=event&#038;p=3885"},"modified":"2021-09-28T17:42:54","modified_gmt":"2021-09-28T16:42:54","slug":"made-in-madeira-concert","status":"publish","type":"event","link":"https:\/\/eventsmadeira.com\/en\/event\/made-in-madeira-concert\/","title":{"rendered":"\u201cMade in Madeira\u201d Concert"},"content":{"rendered":"\n<p>In a tribute to the World Tourism Day celebrations, this show features with the participation of 6 vocalists accompanied by their band and backing vocals, who will interpret themes by renowned Madeiran artists, namely, Max, S\u00e9rgio Borges, Jo\u00e3o Paulo Band, V\u00e2nia Gon\u00e7alves, Gabriel Cardoso, Vitor Sardinha, among others.<\/p>\n","protected":false},"excerpt":{"rendered":"<p>In a tribute to the World Tourism Day celebrations, this show features with the participation of 6 vocalists accompanied by their band and backing vocals, who will interpret themes by renowned Madeiran artists, namely, Max, S\u00e9rgio Borges, Jo\u00e3o Paulo Band,&#8230;<\/p>\n","protected":false},"author":2,"featured_media":3581,"comment_status":"closed","ping_status":"closed","template":"","meta":{"_coblocks_attr":"","_coblocks_dimensions":"","_coblocks_responsive_height":"","_coblocks_accordion_ie_support":"","footnotes":""},"eventcat":[],"organizer":[],"event_tags":[],"location":[],"class_list":["post-3885","event","type-event","status-publish","has-post-thumbnail","hentry"],"yoast_head":"\n<title>\u201cMade in Madeira\u201d Concert - Events Madeira<\/title>\n<meta name=\"robots\" content=\"index, follow, max-snippet:-1, max-image-preview:large, max-video-preview:-1\" \/>\n<link rel=\"canonical\" href=\"https:\/\/eventsmadeira.com\/en\/event\/made-in-madeira-concert\/\" \/>\n<meta property=\"og:locale\" content=\"en_US\" \/>\n<meta property=\"og:type\" content=\"article\" \/>\n<meta property=\"og:title\" content=\"\u201cMade in Madeira\u201d Concert - Events Madeira\" \/>\n<meta property=\"og:description\" content=\"In a tribute to the World Tourism Day celebrations, this show features with the participation of 6 vocalists accompanied by their band and backing vocals, who will interpret themes by renowned Madeiran artists, namely, Max, S\u00e9rgio Borges, Jo\u00e3o Paulo Band,...\" \/>\n<meta property=\"og:url\" content=\"https:\/\/eventsmadeira.com\/en\/event\/made-in-madeira-concert\/\" \/>\n<meta property=\"og:site_name\" content=\"Events Madeira\" \/>\n<meta property=\"article:modified_time\" content=\"2021-09-28T16:42:54+00:00\" \/>\n<meta property=\"og:image\" content=\"https:\/\/eventsmadeira.com\/oordypsa\/2020\/08\/concert.jpg\" \/>\n\t<meta property=\"og:image:width\" content=\"1000\" \/>\n\t<meta property=\"og:image:height\" content=\"732\" \/>\n\t<meta property=\"og:image:type\" content=\"image\/jpeg\" \/>\n<meta name=\"twitter:card\" content=\"summary_large_image\" \/>\n<script type=\"application\/ld+json\" class=\"yoast-schema-graph\">{\"@context\":\"https:\/\/schema.org\",\"@graph\":[{\"@type\":\"WebPage\",\"@id\":\"https:\/\/eventsmadeira.com\/en\/event\/made-in-madeira-concert\/\",\"url\":\"https:\/\/eventsmadeira.com\/en\/event\/made-in-madeira-concert\/\",\"name\":\"\u201cMade in Madeira\u201d Concert - Events Madeira\",\"isPartOf\":{\"@id\":\"https:\/\/eventsmadeira.com\/en\/#website\"},\"primaryImageOfPage\":{\"@id\":\"https:\/\/eventsmadeira.com\/en\/event\/made-in-madeira-concert\/#primaryimage\"},\"image\":{\"@id\":\"https:\/\/eventsmadeira.com\/en\/event\/made-in-madeira-concert\/#primaryimage\"},\"thumbnailUrl\":\"https:\/\/eventsmadeira.com\/oordypsa\/2020\/08\/concert.jpg\",\"datePublished\":\"2020-08-29T18:46:33+00:00\",\"dateModified\":\"2021-09-28T16:42:54+00:00\",\"breadcrumb\":{\"@id\":\"https:\/\/eventsmadeira.com\/en\/event\/made-in-madeira-concert\/#breadcrumb\"},\"inLanguage\":\"en-US\",\"potentialAction\":[{\"@type\":\"ReadAction\",\"target\":[\"https:\/\/eventsmadeira.com\/en\/event\/made-in-madeira-concert\/\"]}]},{\"@type\":\"ImageObject\",\"inLanguage\":\"en-US\",\"@id\":\"https:\/\/eventsmadeira.com\/en\/event\/made-in-madeira-concert\/#primaryimage\",\"url\":\"https:\/\/eventsmadeira.com\/oordypsa\/2020\/08\/concert.jpg\",\"contentUrl\":\"https:\/\/eventsmadeira.com\/oordypsa\/2020\/08\/concert.jpg\",\"width\":1000,\"height\":732},{\"@type\":\"BreadcrumbList\",\"@id\":\"https:\/\/eventsmadeira.com\/en\/event\/made-in-madeira-concert\/#breadcrumb\",\"itemListElement\":[{\"@type\":\"ListItem\",\"position\":1,\"name\":\"Home\",\"item\":\"https:\/\/eventsmadeira.com\/en\/\"},{\"@type\":\"ListItem\",\"position\":2,\"name\":\"Events\",\"item\":\"https:\/\/eventsmadeira.com\/en\/event\/\"},{\"@type\":\"ListItem\",\"position\":3,\"name\":\"\u201cMade in Madeira\u201d Concert\"}]},{\"@type\":\"WebSite\",\"@id\":\"https:\/\/eventsmadeira.com\/en\/#website\",\"url\":\"https:\/\/eventsmadeira.com\/en\/\",\"name\":\"Events Madeira\",\"description\":\"\",\"potentialAction\":[{\"@type\":\"SearchAction\",\"target\":{\"@type\":\"EntryPoint\",\"urlTemplate\":\"https:\/\/eventsmadeira.com\/en\/?s={search_term_string}\"},\"query-input\":{\"@type\":\"PropertyValueSpecification\",\"valueRequired\":true,\"valueName\":\"search_term_string\"}}],\"inLanguage\":\"en-US\"}]}<\/script>\n","yoast_head_json":{"title":"\u201cMade in Madeira\u201d Concert - Events Madeira","robots":{"index":"index","follow":"follow","max-snippet":"max-snippet:-1","max-image-preview":"max-image-preview:large","max-video-preview":"max-video-preview:-1"},"canonical":"https:\/\/eventsmadeira.com\/en\/event\/made-in-madeira-concert\/","og_locale":"en_US","og_type":"article","og_title":"\u201cMade in Madeira\u201d Concert - Events Madeira","og_description":"In a tribute to the World Tourism Day celebrations, this show features with the participation of 6 vocalists accompanied by their band and backing vocals, who will interpret themes by renowned Madeiran artists, namely, Max, S\u00e9rgio Borges, Jo\u00e3o Paulo Band,...","og_url":"https:\/\/eventsmadeira.com\/en\/event\/made-in-madeira-concert\/","og_site_name":"Events Madeira","article_modified_time":"2021-09-28T16:42:54+00:00","og_image":[{"width":1000,"height":732,"url":"https:\/\/eventsmadeira.com\/oordypsa\/2020\/08\/concert.jpg","type":"image\/jpeg"}],"twitter_card":"summary_large_image","schema":{"@context":"https:\/\/schema.org","@graph":[{"@type":"WebPage","@id":"https:\/\/eventsmadeira.com\/en\/event\/made-in-madeira-concert\/","url":"https:\/\/eventsmadeira.com\/en\/event\/made-in-madeira-concert\/","name":"\u201cMade in Madeira\u201d Concert - Events Madeira","isPartOf":{"@id":"https:\/\/eventsmadeira.com\/en\/#website"},"primaryImageOfPage":{"@id":"https:\/\/eventsmadeira.com\/en\/event\/made-in-madeira-concert\/#primaryimage"},"image":{"@id":"https:\/\/eventsmadeira.com\/en\/event\/made-in-madeira-concert\/#primaryimage"},"thumbnailUrl":"https:\/\/eventsmadeira.com\/oordypsa\/2020\/08\/concert.jpg","datePublished":"2020-08-29T18:46:33+00:00","dateModified":"2021-09-28T16:42:54+00:00","breadcrumb":{"@id":"https:\/\/eventsmadeira.com\/en\/event\/made-in-madeira-concert\/#breadcrumb"},"inLanguage":"en-US","potentialAction":[{"@type":"ReadAction","target":["https:\/\/eventsmadeira.com\/en\/event\/made-in-madeira-concert\/"]}]},{"@type":"ImageObject","inLanguage":"en-US","@id":"https:\/\/eventsmadeira.com\/en\/event\/made-in-madeira-concert\/#primaryimage","url":"https:\/\/eventsmadeira.com\/oordypsa\/2020\/08\/concert.jpg","contentUrl":"https:\/\/eventsmadeira.com\/oordypsa\/2020\/08\/concert.jpg","width":1000,"height":732},{"@type":"BreadcrumbList","@id":"https:\/\/eventsmadeira.com\/en\/event\/made-in-madeira-concert\/#breadcrumb","itemListElement":[{"@type":"ListItem","position":1,"name":"Home","item":"https:\/\/eventsmadeira.com\/en\/"},{"@type":"ListItem","position":2,"name":"Events","item":"https:\/\/eventsmadeira.com\/en\/event\/"},{"@type":"ListItem","position":3,"name":"\u201cMade in Madeira\u201d Concert"}]},{"@type":"WebSite","@id":"https:\/\/eventsmadeira.com\/en\/#website","url":"https:\/\/eventsmadeira.com\/en\/","name":"Events Madeira","description":"","potentialAction":[{"@type":"SearchAction","target":{"@type":"EntryPoint","urlTemplate":"https:\/\/eventsmadeira.com\/en\/?s={search_term_string}"},"query-input":{"@type":"PropertyValueSpecification","valueRequired":true,"valueName":"search_term_string"}}],"inLanguage":"en-US"}]}},"_links":{"self":[{"href":"https:\/\/eventsmadeira.com\/en\/wp-json\/wp\/v2\/event\/3885","targetHints":{"allow":["GET"]}}],"collection":[{"href":"https:\/\/eventsmadeira.com\/en\/wp-json\/wp\/v2\/event"}],"about":[{"href":"https:\/\/eventsmadeira.com\/en\/wp-json\/wp\/v2\/types\/event"}],"author":[{"embeddable":true,"href":"https:\/\/eventsmadeira.com\/en\/wp-json\/wp\/v2\/users\/2"}],"replies":[{"embeddable":true,"href":"https:\/\/eventsmadeira.com\/en\/wp-json\/wp\/v2\/comments?post=3885"}],"version-history":[{"count":0,"href":"https:\/\/eventsmadeira.com\/en\/wp-json\/wp\/v2\/event\/3885\/revisions"}],"wp:featuredmedia":[{"embeddable":true,"href":"https:\/\/eventsmadeira.com\/en\/wp-json\/wp\/v2\/media\/3581"}],"wp:attachment":[{"href":"https:\/\/eventsmadeira.com\/en\/wp-json\/wp\/v2\/media?parent=3885"}],"wp:term":[{"taxonomy":"eventcat","embeddable":true,"href":"https:\/\/eventsmadeira.com\/en\/wp-json\/wp\/v2\/eventcat?post=3885"},{"taxonomy":"organizer","embeddable":true,"href":"https:\/\/eventsmadeira.com\/en\/wp-json\/wp\/v2\/organizer?post=3885"},{"taxonomy":"event_tags","embeddable":true,"href":"https:\/\/eventsmadeira.com\/en\/wp-json\/wp\/v2\/event_tags?post=3885"},{"taxonomy":"location","embeddable":true,"href":"https:\/\/eventsmadeira.com\/en\/wp-json\/wp\/v2\/location?post=3885"}],"curies":[{"name":"wp","href":"https:\/\/api.w.org\/{rel}","templated":true}]}}

<p>In a tribute to the World Tourism Day celebrations, this show features with the participation of 6 vocalists accompanied by their band and backing vocals, who will interpret themes by renowned Madeiran artists, namely, Max, Sérgio Borges, João Paulo Band, Vânia Gonçalves, Gabriel Cardoso, Vitor Sardinha, among others.</p>

<p>In a tribute to the World Tourism Day celebrations, this show features with the participation of 6 vocalists accompanied by their band and backing vocals, who will interpret themes by renowned Madeiran artists, namely, Max, Sérgio Borges, João Paulo Band,&#8230;</p>

<title>“Made in Madeira” Concert - Events Madeira</title>
<meta name="robots" content="index, follow, max-snippet:-1, max-image-preview:large, max-video-preview:-1" />
<link rel="canonical" href="https://eventsmadeira.com/en/event/made-in-madeira-concert/" />
<meta property="og:locale" content="en_US" />
<meta property="og:type" content="article" />
<meta property="og:title" content="“Made in Madeira” Concert - Events Madeira" />
<meta property="og:description" content="In a tribute to the World Tourism Day celebrations, this show features with the participation of 6 vocalists accompanied by their band and backing vocals, who will interpret themes by renowned Madeiran artists, namely, Max, Sérgio Borges, João Paulo Band,..." />
<meta property="og:url" content="https://eventsmadeira.com/en/event/made-in-madeira-concert/" />
<meta property="og:site_name" content="Events Madeira" />
<meta property="article:modified_time" content="2021-09-28T16:42:54+00:00" />
<meta property="og:image" content="https://eventsmadeira.com/oordypsa/2020/08/concert.jpg" />
	<meta property="og:image:width" content="1000" />
	<meta property="og:image:height" content="732" />
	<meta property="og:image:type" content="image/jpeg" />
<meta name="twitter:card" content="summary_large_image" />
<script type="application/ld+json" class="yoast-schema-graph">{"@context":"https://schema.org","@graph":[{"@type":"WebPage","@id":"https://eventsmadeira.com/en/event/made-in-madeira-concert/","url":"https://eventsmadeira.com/en/event/made-in-madeira-concert/","name":"“Made in Madeira” Concert - Events Madeira","isPartOf":{"@id":"https://eventsmadeira.com/en/#website"},"primaryImageOfPage":{"@id":"https://eventsmadeira.com/en/event/made-in-madeira-concert/#primaryimage"},"image":{"@id":"https://eventsmadeira.com/en/event/made-in-madeira-concert/#primaryimage"},"thumbnailUrl":"https://eventsmadeira.com/oordypsa/2020/08/concert.jpg","datePublished":"2020-08-29T18:46:33+00:00","dateModified":"2021-09-28T16:42:54+00:00","breadcrumb":{"@id":"https://eventsmadeira.com/en/event/made-in-madeira-concert/#breadcrumb"},"inLanguage":"en-US","potentialAction":[{"@type":"ReadAction","target":["https://eventsmadeira.com/en/event/made-in-madeira-concert/"]}]},{"@type":"ImageObject","inLanguage":"en-US","@id":"https://eventsmadeira.com/en/event/made-in-madeira-concert/#primaryimage","url":"https://eventsmadeira.com/oordypsa/2020/08/concert.jpg","contentUrl":"https://eventsmadeira.com/oordypsa/2020/08/concert.jpg","width":1000,"height":732},{"@type":"BreadcrumbList","@id":"https://eventsmadeira.com/en/event/made-in-madeira-concert/#breadcrumb","itemListElement":[{"@type":"ListItem","position":1,"name":"Home","item":"https://eventsmadeira.com/en/"},{"@type":"ListItem","position":2,"name":"Events","item":"https://eventsmadeira.com/en/event/"},{"@type":"ListItem","position":3,"name":"“Made in Madeira” Concert"}]},{"@type":"WebSite","@id":"https://eventsmadeira.com/en/#website","url":"https://eventsmadeira.com/en/","name":"Events Madeira","description":"","potentialAction":[{"@type":"SearchAction","target":{"@type":"EntryPoint","urlTemplate":"https://eventsmadeira.com/en/?s={search_term_string}"},"query-input":{"@type":"PropertyValueSpecification","valueRequired":true,"valueName":"search_term_string"}}],"inLanguage":"en-US"}]}</script>

In a tribute to the World Tourism Day celebrations, this show features with the participation of 6 vocalists accompanied by their band and backing vocals, who will interpret themes by renowned Madeiran artists, namely, Max, Sérgio Borges, João Paulo Band,...
