{"id":5652,"date":"2020-12-20T21:07:23","date_gmt":"2020-12-20T21:07:23","guid":{"rendered":"https:\/\/eventsmadeira.com\/event\/small-christmas-market-sao-vicente\/"},"modified":"2021-09-27T10:50:36","modified_gmt":"2021-09-27T09:50:36","slug":"small-christmas-market-sao-vicente","status":"publish","type":"event","link":"https:\/\/eventsmadeira.com\/en\/event\/small-christmas-market-sao-vicente\/","title":{"rendered":"Small Christmas Market &#8211; S\u00e3o Vicente"},"content":{"rendered":"\n<p>The S\u00e3o Vicente City Council ensured the Christmas Market. Those interested can visit the S\u00edtio do Calhau, in S\u00e3o Vicente, where they will find several stands with regional products for sale.<br\/>The Christmas Market appears as an alternative to the traditional Market Night, which, due to the constraints caused by the pandemic, this year does not take place. <br\/>On this weekend of 19 and 20 December, you will find agricultural products and handicrafts from local producers, who in this way have the possibility to sell their products and the population has one last opportunity to finalize Christmas shopping with products fresh and local.<\/p>\n","protected":false},"excerpt":{"rendered":"<p>The S\u00e3o Vicente City Council ensured the Christmas Market. Those interested can visit the S\u00edtio do Calhau, in S\u00e3o Vicente, where they will find several stands with regional products for sale.The Christmas Market appears as an alternative to the traditional&#8230;<\/p>\n","protected":false},"author":2,"featured_media":5650,"comment_status":"closed","ping_status":"closed","template":"","meta":{"_coblocks_attr":"","_coblocks_dimensions":"","_coblocks_responsive_height":"","_coblocks_accordion_ie_support":"","footnotes":""},"eventcat":[273],"organizer":[],"event_tags":[274],"location":[296],"class_list":["post-5652","event","type-event","status-publish","has-post-thumbnail","hentry","eventcat-christmas","event_tags-christmas-and-new-year","location-sao-vicente-en"],"yoast_head":"\n<title>Small Christmas Market - S\u00e3o Vicente - Events Madeira<\/title>\n<meta name=\"robots\" content=\"index, follow, max-snippet:-1, max-image-preview:large, max-video-preview:-1\" \/>\n<link rel=\"canonical\" href=\"https:\/\/eventsmadeira.com\/en\/event\/small-christmas-market-sao-vicente\/\" \/>\n<meta property=\"og:locale\" content=\"en_US\" \/>\n<meta property=\"og:type\" content=\"article\" \/>\n<meta property=\"og:title\" content=\"Small Christmas Market - S\u00e3o Vicente - Events Madeira\" \/>\n<meta property=\"og:description\" content=\"The S\u00e3o Vicente City Council ensured the Christmas Market. Those interested can visit the S\u00edtio do Calhau, in S\u00e3o Vicente, where they will find several stands with regional products for sale.The Christmas Market appears as an alternative to the traditional...\" \/>\n<meta property=\"og:url\" content=\"https:\/\/eventsmadeira.com\/en\/event\/small-christmas-market-sao-vicente\/\" \/>\n<meta property=\"og:site_name\" content=\"Events Madeira\" \/>\n<meta property=\"article:modified_time\" content=\"2021-09-27T09:50:36+00:00\" \/>\n<meta property=\"og:image\" content=\"https:\/\/eventsmadeira.com\/oordypsa\/2020\/12\/mercadinho-natal-sao-vicente.jpg\" \/>\n\t<meta property=\"og:image:width\" content=\"800\" \/>\n\t<meta property=\"og:image:height\" content=\"566\" \/>\n\t<meta property=\"og:image:type\" content=\"image\/jpeg\" \/>\n<meta name=\"twitter:card\" content=\"summary_large_image\" \/>\n<meta name=\"twitter:label1\" content=\"Est. reading time\" \/>\n\t<meta name=\"twitter:data1\" content=\"1 minute\" \/>\n<script type=\"application\/ld+json\" class=\"yoast-schema-graph\">{\"@context\":\"https:\/\/schema.org\",\"@graph\":[{\"@type\":\"WebPage\",\"@id\":\"https:\/\/eventsmadeira.com\/en\/event\/small-christmas-market-sao-vicente\/\",\"url\":\"https:\/\/eventsmadeira.com\/en\/event\/small-christmas-market-sao-vicente\/\",\"name\":\"Small Christmas Market - S\u00e3o Vicente - Events Madeira\",\"isPartOf\":{\"@id\":\"https:\/\/eventsmadeira.com\/en\/#website\"},\"primaryImageOfPage\":{\"@id\":\"https:\/\/eventsmadeira.com\/en\/event\/small-christmas-market-sao-vicente\/#primaryimage\"},\"image\":{\"@id\":\"https:\/\/eventsmadeira.com\/en\/event\/small-christmas-market-sao-vicente\/#primaryimage\"},\"thumbnailUrl\":\"https:\/\/eventsmadeira.com\/oordypsa\/2020\/12\/mercadinho-natal-sao-vicente.jpg\",\"datePublished\":\"2020-12-20T21:07:23+00:00\",\"dateModified\":\"2021-09-27T09:50:36+00:00\",\"breadcrumb\":{\"@id\":\"https:\/\/eventsmadeira.com\/en\/event\/small-christmas-market-sao-vicente\/#breadcrumb\"},\"inLanguage\":\"en-US\",\"potentialAction\":[{\"@type\":\"ReadAction\",\"target\":[\"https:\/\/eventsmadeira.com\/en\/event\/small-christmas-market-sao-vicente\/\"]}]},{\"@type\":\"ImageObject\",\"inLanguage\":\"en-US\",\"@id\":\"https:\/\/eventsmadeira.com\/en\/event\/small-christmas-market-sao-vicente\/#primaryimage\",\"url\":\"https:\/\/eventsmadeira.com\/oordypsa\/2020\/12\/mercadinho-natal-sao-vicente.jpg\",\"contentUrl\":\"https:\/\/eventsmadeira.com\/oordypsa\/2020\/12\/mercadinho-natal-sao-vicente.jpg\",\"width\":800,\"height\":566},{\"@type\":\"BreadcrumbList\",\"@id\":\"https:\/\/eventsmadeira.com\/en\/event\/small-christmas-market-sao-vicente\/#breadcrumb\",\"itemListElement\":[{\"@type\":\"ListItem\",\"position\":1,\"name\":\"Home\",\"item\":\"https:\/\/eventsmadeira.com\/en\/\"},{\"@type\":\"ListItem\",\"position\":2,\"name\":\"Events\",\"item\":\"https:\/\/eventsmadeira.com\/en\/event\/\"},{\"@type\":\"ListItem\",\"position\":3,\"name\":\"Small Christmas Market &#8211; S\u00e3o Vicente\"}]},{\"@type\":\"WebSite\",\"@id\":\"https:\/\/eventsmadeira.com\/en\/#website\",\"url\":\"https:\/\/eventsmadeira.com\/en\/\",\"name\":\"Events Madeira\",\"description\":\"\",\"potentialAction\":[{\"@type\":\"SearchAction\",\"target\":{\"@type\":\"EntryPoint\",\"urlTemplate\":\"https:\/\/eventsmadeira.com\/en\/?s={search_term_string}\"},\"query-input\":{\"@type\":\"PropertyValueSpecification\",\"valueRequired\":true,\"valueName\":\"search_term_string\"}}],\"inLanguage\":\"en-US\"}]}<\/script>\n","yoast_head_json":{"title":"Small Christmas Market - S\u00e3o Vicente - Events Madeira","robots":{"index":"index","follow":"follow","max-snippet":"max-snippet:-1","max-image-preview":"max-image-preview:large","max-video-preview":"max-video-preview:-1"},"canonical":"https:\/\/eventsmadeira.com\/en\/event\/small-christmas-market-sao-vicente\/","og_locale":"en_US","og_type":"article","og_title":"Small Christmas Market - S\u00e3o Vicente - Events Madeira","og_description":"The S\u00e3o Vicente City Council ensured the Christmas Market. Those interested can visit the S\u00edtio do Calhau, in S\u00e3o Vicente, where they will find several stands with regional products for sale.The Christmas Market appears as an alternative to the traditional...","og_url":"https:\/\/eventsmadeira.com\/en\/event\/small-christmas-market-sao-vicente\/","og_site_name":"Events Madeira","article_modified_time":"2021-09-27T09:50:36+00:00","og_image":[{"width":800,"height":566,"url":"https:\/\/eventsmadeira.com\/oordypsa\/2020\/12\/mercadinho-natal-sao-vicente.jpg","type":"image\/jpeg"}],"twitter_card":"summary_large_image","twitter_misc":{"Est. reading time":"1 minute"},"schema":{"@context":"https:\/\/schema.org","@graph":[{"@type":"WebPage","@id":"https:\/\/eventsmadeira.com\/en\/event\/small-christmas-market-sao-vicente\/","url":"https:\/\/eventsmadeira.com\/en\/event\/small-christmas-market-sao-vicente\/","name":"Small Christmas Market - S\u00e3o Vicente - Events Madeira","isPartOf":{"@id":"https:\/\/eventsmadeira.com\/en\/#website"},"primaryImageOfPage":{"@id":"https:\/\/eventsmadeira.com\/en\/event\/small-christmas-market-sao-vicente\/#primaryimage"},"image":{"@id":"https:\/\/eventsmadeira.com\/en\/event\/small-christmas-market-sao-vicente\/#primaryimage"},"thumbnailUrl":"https:\/\/eventsmadeira.com\/oordypsa\/2020\/12\/mercadinho-natal-sao-vicente.jpg","datePublished":"2020-12-20T21:07:23+00:00","dateModified":"2021-09-27T09:50:36+00:00","breadcrumb":{"@id":"https:\/\/eventsmadeira.com\/en\/event\/small-christmas-market-sao-vicente\/#breadcrumb"},"inLanguage":"en-US","potentialAction":[{"@type":"ReadAction","target":["https:\/\/eventsmadeira.com\/en\/event\/small-christmas-market-sao-vicente\/"]}]},{"@type":"ImageObject","inLanguage":"en-US","@id":"https:\/\/eventsmadeira.com\/en\/event\/small-christmas-market-sao-vicente\/#primaryimage","url":"https:\/\/eventsmadeira.com\/oordypsa\/2020\/12\/mercadinho-natal-sao-vicente.jpg","contentUrl":"https:\/\/eventsmadeira.com\/oordypsa\/2020\/12\/mercadinho-natal-sao-vicente.jpg","width":800,"height":566},{"@type":"BreadcrumbList","@id":"https:\/\/eventsmadeira.com\/en\/event\/small-christmas-market-sao-vicente\/#breadcrumb","itemListElement":[{"@type":"ListItem","position":1,"name":"Home","item":"https:\/\/eventsmadeira.com\/en\/"},{"@type":"ListItem","position":2,"name":"Events","item":"https:\/\/eventsmadeira.com\/en\/event\/"},{"@type":"ListItem","position":3,"name":"Small Christmas Market &#8211; S\u00e3o Vicente"}]},{"@type":"WebSite","@id":"https:\/\/eventsmadeira.com\/en\/#website","url":"https:\/\/eventsmadeira.com\/en\/","name":"Events Madeira","description":"","potentialAction":[{"@type":"SearchAction","target":{"@type":"EntryPoint","urlTemplate":"https:\/\/eventsmadeira.com\/en\/?s={search_term_string}"},"query-input":{"@type":"PropertyValueSpecification","valueRequired":true,"valueName":"search_term_string"}}],"inLanguage":"en-US"}]}},"_links":{"self":[{"href":"https:\/\/eventsmadeira.com\/en\/wp-json\/wp\/v2\/event\/5652","targetHints":{"allow":["GET"]}}],"collection":[{"href":"https:\/\/eventsmadeira.com\/en\/wp-json\/wp\/v2\/event"}],"about":[{"href":"https:\/\/eventsmadeira.com\/en\/wp-json\/wp\/v2\/types\/event"}],"author":[{"embeddable":true,"href":"https:\/\/eventsmadeira.com\/en\/wp-json\/wp\/v2\/users\/2"}],"replies":[{"embeddable":true,"href":"https:\/\/eventsmadeira.com\/en\/wp-json\/wp\/v2\/comments?post=5652"}],"version-history":[{"count":0,"href":"https:\/\/eventsmadeira.com\/en\/wp-json\/wp\/v2\/event\/5652\/revisions"}],"wp:featuredmedia":[{"embeddable":true,"href":"https:\/\/eventsmadeira.com\/en\/wp-json\/wp\/v2\/media\/5650"}],"wp:attachment":[{"href":"https:\/\/eventsmadeira.com\/en\/wp-json\/wp\/v2\/media?parent=5652"}],"wp:term":[{"taxonomy":"eventcat","embeddable":true,"href":"https:\/\/eventsmadeira.com\/en\/wp-json\/wp\/v2\/eventcat?post=5652"},{"taxonomy":"organizer","embeddable":true,"href":"https:\/\/eventsmadeira.com\/en\/wp-json\/wp\/v2\/organizer?post=5652"},{"taxonomy":"event_tags","embeddable":true,"href":"https:\/\/eventsmadeira.com\/en\/wp-json\/wp\/v2\/event_tags?post=5652"},{"taxonomy":"location","embeddable":true,"href":"https:\/\/eventsmadeira.com\/en\/wp-json\/wp\/v2\/location?post=5652"}],"curies":[{"name":"wp","href":"https:\/\/api.w.org\/{rel}","templated":true}]}}

Small Christmas Market &#8211; São Vicente

<p>The São Vicente City Council ensured the Christmas Market. Those interested can visit the Sítio do Calhau, in São Vicente, where they will find several stands with regional products for sale.<br/>The Christmas Market appears as an alternative to the traditional Market Night, which, due to the constraints caused by the pandemic, this year does not take place. <br/>On this weekend of 19 and 20 December, you will find agricultural products and handicrafts from local producers, who in this way have the possibility to sell their products and the population has one last opportunity to finalize Christmas shopping with products fresh and local.</p>

<p>The São Vicente City Council ensured the Christmas Market. Those interested can visit the Sítio do Calhau, in São Vicente, where they will find several stands with regional products for sale.The Christmas Market appears as an alternative to the traditional&#8230;</p>

<title>Small Christmas Market - São Vicente - Events Madeira</title>
<meta name="robots" content="index, follow, max-snippet:-1, max-image-preview:large, max-video-preview:-1" />
<link rel="canonical" href="https://eventsmadeira.com/en/event/small-christmas-market-sao-vicente/" />
<meta property="og:locale" content="en_US" />
<meta property="og:type" content="article" />
<meta property="og:title" content="Small Christmas Market - São Vicente - Events Madeira" />
<meta property="og:description" content="The São Vicente City Council ensured the Christmas Market. Those interested can visit the Sítio do Calhau, in São Vicente, where they will find several stands with regional products for sale.The Christmas Market appears as an alternative to the traditional..." />
<meta property="og:url" content="https://eventsmadeira.com/en/event/small-christmas-market-sao-vicente/" />
<meta property="og:site_name" content="Events Madeira" />
<meta property="article:modified_time" content="2021-09-27T09:50:36+00:00" />
<meta property="og:image" content="https://eventsmadeira.com/oordypsa/2020/12/mercadinho-natal-sao-vicente.jpg" />
	<meta property="og:image:width" content="800" />
	<meta property="og:image:height" content="566" />
	<meta property="og:image:type" content="image/jpeg" />
<meta name="twitter:card" content="summary_large_image" />
<meta name="twitter:label1" content="Est. reading time" />
	<meta name="twitter:data1" content="1 minute" />
<script type="application/ld+json" class="yoast-schema-graph">{"@context":"https://schema.org","@graph":[{"@type":"WebPage","@id":"https://eventsmadeira.com/en/event/small-christmas-market-sao-vicente/","url":"https://eventsmadeira.com/en/event/small-christmas-market-sao-vicente/","name":"Small Christmas Market - São Vicente - Events Madeira","isPartOf":{"@id":"https://eventsmadeira.com/en/#website"},"primaryImageOfPage":{"@id":"https://eventsmadeira.com/en/event/small-christmas-market-sao-vicente/#primaryimage"},"image":{"@id":"https://eventsmadeira.com/en/event/small-christmas-market-sao-vicente/#primaryimage"},"thumbnailUrl":"https://eventsmadeira.com/oordypsa/2020/12/mercadinho-natal-sao-vicente.jpg","datePublished":"2020-12-20T21:07:23+00:00","dateModified":"2021-09-27T09:50:36+00:00","breadcrumb":{"@id":"https://eventsmadeira.com/en/event/small-christmas-market-sao-vicente/#breadcrumb"},"inLanguage":"en-US","potentialAction":[{"@type":"ReadAction","target":["https://eventsmadeira.com/en/event/small-christmas-market-sao-vicente/"]}]},{"@type":"ImageObject","inLanguage":"en-US","@id":"https://eventsmadeira.com/en/event/small-christmas-market-sao-vicente/#primaryimage","url":"https://eventsmadeira.com/oordypsa/2020/12/mercadinho-natal-sao-vicente.jpg","contentUrl":"https://eventsmadeira.com/oordypsa/2020/12/mercadinho-natal-sao-vicente.jpg","width":800,"height":566},{"@type":"BreadcrumbList","@id":"https://eventsmadeira.com/en/event/small-christmas-market-sao-vicente/#breadcrumb","itemListElement":[{"@type":"ListItem","position":1,"name":"Home","item":"https://eventsmadeira.com/en/"},{"@type":"ListItem","position":2,"name":"Events","item":"https://eventsmadeira.com/en/event/"},{"@type":"ListItem","position":3,"name":"Small Christmas Market &#8211; São Vicente"}]},{"@type":"WebSite","@id":"https://eventsmadeira.com/en/#website","url":"https://eventsmadeira.com/en/","name":"Events Madeira","description":"","potentialAction":[{"@type":"SearchAction","target":{"@type":"EntryPoint","urlTemplate":"https://eventsmadeira.com/en/?s={search_term_string}"},"query-input":{"@type":"PropertyValueSpecification","valueRequired":true,"valueName":"search_term_string"}}],"inLanguage":"en-US"}]}</script>

Small Christmas Market - São Vicente - Events Madeira

The São Vicente City Council ensured the Christmas Market. Those interested can visit the Sítio do Calhau, in São Vicente, where they will find several stands with regional products for sale.The Christmas Market appears as an alternative to the traditional...
