{"id":5194,"date":"2020-12-10T21:09:11","date_gmt":"2020-12-10T21:09:11","guid":{"rendered":"https:\/\/eventsmadeira.com\/venue\/colegio-church\/"},"modified":"2021-09-27T10:53:34","modified_gmt":"2021-09-27T09:53:34","slug":"colegio-church","status":"publish","type":"venue","link":"https:\/\/eventsmadeira.com\/en\/venue\/colegio-church\/","title":{"rendered":"Col\u00e9gio Church"},"content":{"rendered":"\n<p>The church of S\u00e3o Jo\u00e3o Evangelista do Col\u00e9gio do Funchal is one of the most beautiful monuments of the 17th century. Its construction marks the transition from international mannerism to Portuguese Baroque.<br\/>Located in the parish of S\u00e3o Pedro, it presents itself as one of the most beautiful Portuguese temples of its time and one of the richest churches on the island of Madeira.<br\/>This beautiful work by the Jesuits presents a gilded carving from the 17th century, considered as one of the most valuable pieces of 17th century Portuguese carving. It also displays tiles and paintings from the 17th and 18th centuries.<\/p>\n","protected":false},"excerpt":{"rendered":"<p>The church of S\u00e3o Jo\u00e3o Evangelista do Col\u00e9gio do Funchal is one of the most beautiful monuments of the 17th century. Its construction marks the transition from international mannerism to Portuguese Baroque.Located in the parish of S\u00e3o Pedro, it presents&#8230;<\/p>\n","protected":false},"author":2,"featured_media":5192,"comment_status":"closed","ping_status":"closed","template":"","meta":{"_coblocks_attr":"","_coblocks_dimensions":"","_coblocks_responsive_height":"","_coblocks_accordion_ie_support":"","footnotes":""},"venuecat":[304],"venue_tags":[],"location":[295],"class_list":["post-5194","venue","type-venue","status-publish","has-post-thumbnail","hentry","venuecat-church","location-funchal-en"],"yoast_head":"\n<title>Col\u00e9gio Church - Events Madeira<\/title>\n<meta name=\"robots\" content=\"index, follow, max-snippet:-1, max-image-preview:large, max-video-preview:-1\" \/>\n<link rel=\"canonical\" href=\"https:\/\/eventsmadeira.com\/en\/venue\/colegio-church\/\" \/>\n<meta property=\"og:locale\" content=\"en_US\" \/>\n<meta property=\"og:type\" content=\"article\" \/>\n<meta property=\"og:title\" content=\"Col\u00e9gio Church - Events Madeira\" \/>\n<meta property=\"og:description\" content=\"The church of S\u00e3o Jo\u00e3o Evangelista do Col\u00e9gio do Funchal is one of the most beautiful monuments of the 17th century. Its construction marks the transition from international mannerism to Portuguese Baroque.Located in the parish of S\u00e3o Pedro, it presents...\" \/>\n<meta property=\"og:url\" content=\"https:\/\/eventsmadeira.com\/en\/venue\/colegio-church\/\" \/>\n<meta property=\"og:site_name\" content=\"Events Madeira\" \/>\n<meta property=\"article:modified_time\" content=\"2021-09-27T09:53:34+00:00\" \/>\n<meta property=\"og:image\" content=\"https:\/\/eventsmadeira.com\/oordypsa\/2020\/12\/igreja-colegio2-1.jpg\" \/>\n\t<meta property=\"og:image:width\" content=\"800\" \/>\n\t<meta property=\"og:image:height\" content=\"572\" \/>\n\t<meta property=\"og:image:type\" content=\"image\/jpeg\" \/>\n<meta name=\"twitter:card\" content=\"summary_large_image\" \/>\n<meta name=\"twitter:label1\" content=\"Est. reading time\" \/>\n\t<meta name=\"twitter:data1\" content=\"1 minute\" \/>\n<script type=\"application\/ld+json\" class=\"yoast-schema-graph\">{\"@context\":\"https:\/\/schema.org\",\"@graph\":[{\"@type\":\"WebPage\",\"@id\":\"https:\/\/eventsmadeira.com\/en\/venue\/colegio-church\/\",\"url\":\"https:\/\/eventsmadeira.com\/en\/venue\/colegio-church\/\",\"name\":\"Col\u00e9gio Church - Events Madeira\",\"isPartOf\":{\"@id\":\"https:\/\/eventsmadeira.com\/en\/#website\"},\"primaryImageOfPage\":{\"@id\":\"https:\/\/eventsmadeira.com\/en\/venue\/colegio-church\/#primaryimage\"},\"image\":{\"@id\":\"https:\/\/eventsmadeira.com\/en\/venue\/colegio-church\/#primaryimage\"},\"thumbnailUrl\":\"https:\/\/eventsmadeira.com\/oordypsa\/2020\/12\/igreja-colegio2-1.jpg\",\"datePublished\":\"2020-12-10T21:09:11+00:00\",\"dateModified\":\"2021-09-27T09:53:34+00:00\",\"breadcrumb\":{\"@id\":\"https:\/\/eventsmadeira.com\/en\/venue\/colegio-church\/#breadcrumb\"},\"inLanguage\":\"en-US\",\"potentialAction\":[{\"@type\":\"ReadAction\",\"target\":[\"https:\/\/eventsmadeira.com\/en\/venue\/colegio-church\/\"]}]},{\"@type\":\"ImageObject\",\"inLanguage\":\"en-US\",\"@id\":\"https:\/\/eventsmadeira.com\/en\/venue\/colegio-church\/#primaryimage\",\"url\":\"https:\/\/eventsmadeira.com\/oordypsa\/2020\/12\/igreja-colegio2-1.jpg\",\"contentUrl\":\"https:\/\/eventsmadeira.com\/oordypsa\/2020\/12\/igreja-colegio2-1.jpg\",\"width\":800,\"height\":572},{\"@type\":\"BreadcrumbList\",\"@id\":\"https:\/\/eventsmadeira.com\/en\/venue\/colegio-church\/#breadcrumb\",\"itemListElement\":[{\"@type\":\"ListItem\",\"position\":1,\"name\":\"Home\",\"item\":\"https:\/\/eventsmadeira.com\/en\/\"},{\"@type\":\"ListItem\",\"position\":2,\"name\":\"Venues\",\"item\":\"https:\/\/eventsmadeira.com\/en\/venue\/\"},{\"@type\":\"ListItem\",\"position\":3,\"name\":\"Col\u00e9gio Church\"}]},{\"@type\":\"WebSite\",\"@id\":\"https:\/\/eventsmadeira.com\/en\/#website\",\"url\":\"https:\/\/eventsmadeira.com\/en\/\",\"name\":\"Events Madeira\",\"description\":\"\",\"potentialAction\":[{\"@type\":\"SearchAction\",\"target\":{\"@type\":\"EntryPoint\",\"urlTemplate\":\"https:\/\/eventsmadeira.com\/en\/?s={search_term_string}\"},\"query-input\":{\"@type\":\"PropertyValueSpecification\",\"valueRequired\":true,\"valueName\":\"search_term_string\"}}],\"inLanguage\":\"en-US\"}]}<\/script>\n","yoast_head_json":{"title":"Col\u00e9gio Church - Events Madeira","robots":{"index":"index","follow":"follow","max-snippet":"max-snippet:-1","max-image-preview":"max-image-preview:large","max-video-preview":"max-video-preview:-1"},"canonical":"https:\/\/eventsmadeira.com\/en\/venue\/colegio-church\/","og_locale":"en_US","og_type":"article","og_title":"Col\u00e9gio Church - Events Madeira","og_description":"The church of S\u00e3o Jo\u00e3o Evangelista do Col\u00e9gio do Funchal is one of the most beautiful monuments of the 17th century. Its construction marks the transition from international mannerism to Portuguese Baroque.Located in the parish of S\u00e3o Pedro, it presents...","og_url":"https:\/\/eventsmadeira.com\/en\/venue\/colegio-church\/","og_site_name":"Events Madeira","article_modified_time":"2021-09-27T09:53:34+00:00","og_image":[{"width":800,"height":572,"url":"https:\/\/eventsmadeira.com\/oordypsa\/2020\/12\/igreja-colegio2-1.jpg","type":"image\/jpeg"}],"twitter_card":"summary_large_image","twitter_misc":{"Est. reading time":"1 minute"},"schema":{"@context":"https:\/\/schema.org","@graph":[{"@type":"WebPage","@id":"https:\/\/eventsmadeira.com\/en\/venue\/colegio-church\/","url":"https:\/\/eventsmadeira.com\/en\/venue\/colegio-church\/","name":"Col\u00e9gio Church - Events Madeira","isPartOf":{"@id":"https:\/\/eventsmadeira.com\/en\/#website"},"primaryImageOfPage":{"@id":"https:\/\/eventsmadeira.com\/en\/venue\/colegio-church\/#primaryimage"},"image":{"@id":"https:\/\/eventsmadeira.com\/en\/venue\/colegio-church\/#primaryimage"},"thumbnailUrl":"https:\/\/eventsmadeira.com\/oordypsa\/2020\/12\/igreja-colegio2-1.jpg","datePublished":"2020-12-10T21:09:11+00:00","dateModified":"2021-09-27T09:53:34+00:00","breadcrumb":{"@id":"https:\/\/eventsmadeira.com\/en\/venue\/colegio-church\/#breadcrumb"},"inLanguage":"en-US","potentialAction":[{"@type":"ReadAction","target":["https:\/\/eventsmadeira.com\/en\/venue\/colegio-church\/"]}]},{"@type":"ImageObject","inLanguage":"en-US","@id":"https:\/\/eventsmadeira.com\/en\/venue\/colegio-church\/#primaryimage","url":"https:\/\/eventsmadeira.com\/oordypsa\/2020\/12\/igreja-colegio2-1.jpg","contentUrl":"https:\/\/eventsmadeira.com\/oordypsa\/2020\/12\/igreja-colegio2-1.jpg","width":800,"height":572},{"@type":"BreadcrumbList","@id":"https:\/\/eventsmadeira.com\/en\/venue\/colegio-church\/#breadcrumb","itemListElement":[{"@type":"ListItem","position":1,"name":"Home","item":"https:\/\/eventsmadeira.com\/en\/"},{"@type":"ListItem","position":2,"name":"Venues","item":"https:\/\/eventsmadeira.com\/en\/venue\/"},{"@type":"ListItem","position":3,"name":"Col\u00e9gio Church"}]},{"@type":"WebSite","@id":"https:\/\/eventsmadeira.com\/en\/#website","url":"https:\/\/eventsmadeira.com\/en\/","name":"Events Madeira","description":"","potentialAction":[{"@type":"SearchAction","target":{"@type":"EntryPoint","urlTemplate":"https:\/\/eventsmadeira.com\/en\/?s={search_term_string}"},"query-input":{"@type":"PropertyValueSpecification","valueRequired":true,"valueName":"search_term_string"}}],"inLanguage":"en-US"}]}},"_links":{"self":[{"href":"https:\/\/eventsmadeira.com\/en\/wp-json\/wp\/v2\/venue\/5194","targetHints":{"allow":["GET"]}}],"collection":[{"href":"https:\/\/eventsmadeira.com\/en\/wp-json\/wp\/v2\/venue"}],"about":[{"href":"https:\/\/eventsmadeira.com\/en\/wp-json\/wp\/v2\/types\/venue"}],"author":[{"embeddable":true,"href":"https:\/\/eventsmadeira.com\/en\/wp-json\/wp\/v2\/users\/2"}],"replies":[{"embeddable":true,"href":"https:\/\/eventsmadeira.com\/en\/wp-json\/wp\/v2\/comments?post=5194"}],"version-history":[{"count":0,"href":"https:\/\/eventsmadeira.com\/en\/wp-json\/wp\/v2\/venue\/5194\/revisions"}],"wp:featuredmedia":[{"embeddable":true,"href":"https:\/\/eventsmadeira.com\/en\/wp-json\/wp\/v2\/media\/5192"}],"wp:attachment":[{"href":"https:\/\/eventsmadeira.com\/en\/wp-json\/wp\/v2\/media?parent=5194"}],"wp:term":[{"taxonomy":"venuecat","embeddable":true,"href":"https:\/\/eventsmadeira.com\/en\/wp-json\/wp\/v2\/venuecat?post=5194"},{"taxonomy":"venue_tags","embeddable":true,"href":"https:\/\/eventsmadeira.com\/en\/wp-json\/wp\/v2\/venue_tags?post=5194"},{"taxonomy":"location","embeddable":true,"href":"https:\/\/eventsmadeira.com\/en\/wp-json\/wp\/v2\/location?post=5194"}],"curies":[{"name":"wp","href":"https:\/\/api.w.org\/{rel}","templated":true}]}}

Colégio Church

<p>The church of São João Evangelista do Colégio do Funchal is one of the most beautiful monuments of the 17th century. Its construction marks the transition from international mannerism to Portuguese Baroque.<br/>Located in the parish of São Pedro, it presents itself as one of the most beautiful Portuguese temples of its time and one of the richest churches on the island of Madeira.<br/>This beautiful work by the Jesuits presents a gilded carving from the 17th century, considered as one of the most valuable pieces of 17th century Portuguese carving. It also displays tiles and paintings from the 17th and 18th centuries.</p>

<p>The church of São João Evangelista do Colégio do Funchal is one of the most beautiful monuments of the 17th century. Its construction marks the transition from international mannerism to Portuguese Baroque.Located in the parish of São Pedro, it presents&#8230;</p>

<title>Colégio Church - Events Madeira</title>
<meta name="robots" content="index, follow, max-snippet:-1, max-image-preview:large, max-video-preview:-1" />
<link rel="canonical" href="https://eventsmadeira.com/en/venue/colegio-church/" />
<meta property="og:locale" content="en_US" />
<meta property="og:type" content="article" />
<meta property="og:title" content="Colégio Church - Events Madeira" />
<meta property="og:description" content="The church of São João Evangelista do Colégio do Funchal is one of the most beautiful monuments of the 17th century. Its construction marks the transition from international mannerism to Portuguese Baroque.Located in the parish of São Pedro, it presents..." />
<meta property="og:url" content="https://eventsmadeira.com/en/venue/colegio-church/" />
<meta property="og:site_name" content="Events Madeira" />
<meta property="article:modified_time" content="2021-09-27T09:53:34+00:00" />
<meta property="og:image" content="https://eventsmadeira.com/oordypsa/2020/12/igreja-colegio2-1.jpg" />
	<meta property="og:image:width" content="800" />
	<meta property="og:image:height" content="572" />
	<meta property="og:image:type" content="image/jpeg" />
<meta name="twitter:card" content="summary_large_image" />
<meta name="twitter:label1" content="Est. reading time" />
	<meta name="twitter:data1" content="1 minute" />
<script type="application/ld+json" class="yoast-schema-graph">{"@context":"https://schema.org","@graph":[{"@type":"WebPage","@id":"https://eventsmadeira.com/en/venue/colegio-church/","url":"https://eventsmadeira.com/en/venue/colegio-church/","name":"Colégio Church - Events Madeira","isPartOf":{"@id":"https://eventsmadeira.com/en/#website"},"primaryImageOfPage":{"@id":"https://eventsmadeira.com/en/venue/colegio-church/#primaryimage"},"image":{"@id":"https://eventsmadeira.com/en/venue/colegio-church/#primaryimage"},"thumbnailUrl":"https://eventsmadeira.com/oordypsa/2020/12/igreja-colegio2-1.jpg","datePublished":"2020-12-10T21:09:11+00:00","dateModified":"2021-09-27T09:53:34+00:00","breadcrumb":{"@id":"https://eventsmadeira.com/en/venue/colegio-church/#breadcrumb"},"inLanguage":"en-US","potentialAction":[{"@type":"ReadAction","target":["https://eventsmadeira.com/en/venue/colegio-church/"]}]},{"@type":"ImageObject","inLanguage":"en-US","@id":"https://eventsmadeira.com/en/venue/colegio-church/#primaryimage","url":"https://eventsmadeira.com/oordypsa/2020/12/igreja-colegio2-1.jpg","contentUrl":"https://eventsmadeira.com/oordypsa/2020/12/igreja-colegio2-1.jpg","width":800,"height":572},{"@type":"BreadcrumbList","@id":"https://eventsmadeira.com/en/venue/colegio-church/#breadcrumb","itemListElement":[{"@type":"ListItem","position":1,"name":"Home","item":"https://eventsmadeira.com/en/"},{"@type":"ListItem","position":2,"name":"Venues","item":"https://eventsmadeira.com/en/venue/"},{"@type":"ListItem","position":3,"name":"Colégio Church"}]},{"@type":"WebSite","@id":"https://eventsmadeira.com/en/#website","url":"https://eventsmadeira.com/en/","name":"Events Madeira","description":"","potentialAction":[{"@type":"SearchAction","target":{"@type":"EntryPoint","urlTemplate":"https://eventsmadeira.com/en/?s={search_term_string}"},"query-input":{"@type":"PropertyValueSpecification","valueRequired":true,"valueName":"search_term_string"}}],"inLanguage":"en-US"}]}</script>

Colégio Church - Events Madeira

The church of São João Evangelista do Colégio do Funchal is one of the most beautiful monuments of the 17th century. Its construction marks the transition from international mannerism to Portuguese Baroque.Located in the parish of São Pedro, it presents...
